{"id":1115,"date":"2016-11-21T13:16:40","date_gmt":"2016-11-21T13:16:40","guid":{"rendered":"http:\/\/blogs.udima.es\/psicologia\/?page_id=1115"},"modified":"2016-11-23T12:30:26","modified_gmt":"2016-11-23T12:30:26","slug":"hojas-respuestas-html","status":"publish","type":"page","link":"https:\/\/blogs.udima.es\/psicologia\/hojas-respuestas-html\/","title":{"rendered":"Pruebas Psicot\u00e9cnicas \u2013 Cap\u00edtulo 4. Hojas de respuestas"},"content":{"rendered":"<p><a href=\"https:\/\/blogs.udima.es\/psicologia\/wp-content\/uploads\/hoja-respuestas.png\"><img loading=\"lazy\" decoding=\"async\" class=\" size-full wp-image-1116 alignleft\" src=\"https:\/\/blogs.udima.es\/psicologia\/wp-content\/uploads\/hoja-respuestas.png\" alt=\"Libro Pruebas Psicot\u00e9cnicas\" width=\"203\" height=\"284\" \/><\/a>En este cap\u00edtulo el autor informa de los tipos de hojas de respuestas que utilizan las distintas administraciones p\u00fablicas para que se puedan hacer los simulacros usando los formatos oficiales de cada oposici\u00f3n.<\/p>\n<p><strong>Pruebas Psicot\u00e9cnicas<\/strong> es libro de texto en numerosos centros y academias de <strong>preparaci\u00f3n de oposiciones<\/strong>. Por ello, es l\u00edder en ventas en la preparaci\u00f3n para todas las oposiciones de acceso a las Administraciones P\u00fablicas. Y se hace necesario en las siguientes, entre otras: controladores a\u00e9reos (Ministerio de ), Academias militares (Ministerio de Defensa), Guardia Civil (Ministerio de Interior), Polic\u00eda Nacional (Ministerio de Interior), Polic\u00eda Local (Ayuntamientos o Corporaciones Locales), Cuerpos de Justicia (Ministerio de Justicia), Bomberos (Comunidades Aut\u00f3nomas), Instituciones Penitenciarias (Ministerio de Interior), Administrativos de Comunidades Aut\u00f3nomas, etc.<\/p>\n<p>Concretamente, las BESCAM (Brigadas Especiales de Seguridad Ciudadana de la Comunidad de Madrid) tienen establecido un proceso de selecci\u00f3n con cuatro pruebas. La primera de ellas es una prueba psicot\u00e9cnica elaborada por psic\u00f3logos asesores de la Academia de Polic\u00eda Local de Madrid, que eval\u00faa la inteligencia, la personalidad y la idoneidad para desempe\u00f1ar el puesto de agente. Las otras tres pruebas son la f\u00edsica, la de conocimientos y el reconocimiento m\u00e9dico. Quienes las superan ingresan en el Instituto Superior de Seguridad.<\/p>\n<p>Tambi\u00e9n son muchas las personas particulares que utilizan <strong>Pruebas Psicot\u00e9cnicas<\/strong> para preparar el examen psicot\u00e9cnico que el Departamento de <strong>Selecci\u00f3n de Recursos Humanos<\/strong> de la mayor parte de las empresas aplican en su selecci\u00f3n de personal.<\/p>\n<p>Por eso, es un verdadero best seller. Todos aquellos que quieren superar un proceso de selecci\u00f3n, sin confiar \u00fanicamente en su buena suerte, deben responder a sus 3400 preguntas.<\/p>\n<p>Indudablemente, las capacidades humanas se pueden <strong>desarrollar.<\/strong> Bien lo sab\u00eda el gran Santiago Ram\u00f3n y Cajal cuando afirm\u00f3: \u00abTodo hombre, si se lo propone, puede ser escultor de su propio cerebro\u00bb.<\/p>\n<p style=\"text-align: left;\"><a href=\"https:\/\/blogs.udima.es\/psicologia\/tests-personalidad-html\/\"> Pruebas Psicot\u00e9cnicas \u2013 CAP\u00cdTULO 3. Personalidad<\/a> &laquo;<\/p>\n","protected":false},"excerpt":{"rendered":"<p>En este cap\u00edtulo el autor informa de los tipos de hojas de respuestas que utilizan las distintas administraciones p\u00fablicas para que se puedan hacer los simulacros usando los formatos oficiales de cada oposici\u00f3n. Pruebas Psicot\u00e9cnicas es libro de texto en numerosos centros y academias de preparaci\u00f3n de oposiciones. Por ello, es l\u00edder en ventas en [&hellip;]<\/p>\n","protected":false},"author":25,"featured_media":0,"parent":0,"menu_order":0,"comment_status":"closed","ping_status":"open","template":"","meta":{"footnotes":""},"_links":{"self":[{"href":"https:\/\/blogs.udima.es\/psicologia\/wp-json\/wp\/v2\/pages\/1115"}],"collection":[{"href":"https:\/\/blogs.udima.es\/psicologia\/wp-json\/wp\/v2\/pages"}],"about":[{"href":"https:\/\/blogs.udima.es\/psicologia\/wp-json\/wp\/v2\/types\/page"}],"author":[{"embeddable":true,"href":"https:\/\/blogs.udima.es\/psicologia\/wp-json\/wp\/v2\/users\/25"}],"replies":[{"embeddable":true,"href":"https:\/\/blogs.udima.es\/psicologia\/wp-json\/wp\/v2\/comments?post=1115"}],"version-history":[{"count":2,"href":"https:\/\/blogs.udima.es\/psicologia\/wp-json\/wp\/v2\/pages\/1115\/revisions"}],"predecessor-version":[{"id":1168,"href":"https:\/\/blogs.udima.es\/psicologia\/wp-json\/wp\/v2\/pages\/1115\/revisions\/1168"}],"wp:attachment":[{"href":"https:\/\/blogs.udima.es\/psicologia\/wp-json\/wp\/v2\/media?parent=1115"}],"curies":[{"name":"wp","href":"https:\/\/api.w.org\/{rel}","templated":true}]}}