{"id":433,"date":"2012-11-21T12:06:17","date_gmt":"2012-11-21T12:06:17","guid":{"rendered":"http:\/\/industrial.udima.es\/?page_id=2"},"modified":"2021-04-15T14:14:20","modified_gmt":"2021-04-15T12:14:20","slug":"acerca-de","status":"publish","type":"page","link":"https:\/\/blogs.udima.es\/ingenieria-industrial\/acerca-de\/","title":{"rendered":"Acerca de UDIMA"},"content":{"rendered":"<p>\u00a1Hola! Bienvenido al Blog de Ingenier\u00eda de Organizaci\u00f3n Industrial de la <a href=\"http:\/\/www.udima.es\" target=\"_blank\">Universidad a Distancia de Madrid<\/a> (UDIMA)<\/p>\n<p>Somos una Universidad flexible y cercana a pesar de ser una Universidad a distancia. Y es que gracias a las nuevas tecnolog\u00edas con nosotros puedes compaginar tu vida laboral y personal con el estudio de <a href=\"http:\/\/www.udima.es\/es\/informacion-general.html\" target=\"_blank\">Grados <\/a>oficiales superiores adaptados al Espacio Europeo de Educaci\u00f3n Superior, <a href=\"http:\/\/www.udima.es\/es\/informacion-general-master.html\" target=\"_blank\">M\u00e1sters Oficiales <\/a>y <a href=\"http:\/\/www.udima.es\/es\/informacion-titulos-propios.html\" target=\"_blank\">T\u00edtulos Propios<\/a>. En la Universidad a Distancia de Madrid (UDIMA) contar\u00e1s siempre con <a href=\"http:\/\/www.udima.es\/es\/claustro.html\" target=\"_blank\">profesores <\/a>que te ayudar\u00e1n en el estudio y estar\u00e1n siempre a tu lado para resolver tus dudas. Si, esto es posible, la universidad entra en tu casa porque t\u00fa no vas a la universidad, la universidad viene a ti.<\/p>\n<p><a href=\"http:\/\/www.udima.es\/es\/grado-ingenieria-organizacion-industrial.html\" target=\"_blank\" rel=\"noopener\">M\u00e1s informaci\u00f3n<\/a> sobre el Grado en Ingenier\u00eda de Organizaci\u00f3n Industrial.<\/p>\n<p><a href=\"https:\/\/www.udima.es\/es\/master-energias-renovables-eficiencia-energetica.html\" target=\"_blank\">M\u00e1s informaci\u00f3n<\/a> sobre el M\u00e1ster Universitario en Energ\u00edas Renovables y Eficiencia Energ\u00e9tica.<\/p>\n<p>&nbsp;<\/p>\n","protected":false},"excerpt":{"rendered":"<p>\u00a1Hola! Bienvenido al Blog de Ingenier\u00eda de Organizaci\u00f3n Industrial de la Universidad a Distancia de Madrid (UDIMA) Somos una Universidad flexible y cercana a pesar de ser una Universidad a distancia. Y es que gracias a las nuevas tecnolog\u00edas con nosotros puedes compaginar tu vida laboral y personal con el estudio de Grados oficiales superiores [&hellip;]<\/p>\n","protected":false},"author":2,"featured_media":0,"parent":0,"menu_order":0,"comment_status":"open","ping_status":"open","template":"","meta":{"footnotes":""},"_links":{"self":[{"href":"https:\/\/blogs.udima.es\/ingenieria-industrial\/wp-json\/wp\/v2\/pages\/433"}],"collection":[{"href":"https:\/\/blogs.udima.es\/ingenieria-industrial\/wp-json\/wp\/v2\/pages"}],"about":[{"href":"https:\/\/blogs.udima.es\/ingenieria-industrial\/wp-json\/wp\/v2\/types\/page"}],"author":[{"embeddable":true,"href":"https:\/\/blogs.udima.es\/ingenieria-industrial\/wp-json\/wp\/v2\/users\/2"}],"replies":[{"embeddable":true,"href":"https:\/\/blogs.udima.es\/ingenieria-industrial\/wp-json\/wp\/v2\/comments?post=433"}],"version-history":[{"count":2,"href":"https:\/\/blogs.udima.es\/ingenieria-industrial\/wp-json\/wp\/v2\/pages\/433\/revisions"}],"predecessor-version":[{"id":1437,"href":"https:\/\/blogs.udima.es\/ingenieria-industrial\/wp-json\/wp\/v2\/pages\/433\/revisions\/1437"}],"wp:attachment":[{"href":"https:\/\/blogs.udima.es\/ingenieria-industrial\/wp-json\/wp\/v2\/media?parent=433"}],"curies":[{"name":"wp","href":"https:\/\/api.w.org\/{rel}","templated":true}]}}