{"id":915,"date":"2018-09-06T14:16:37","date_gmt":"2018-09-06T12:16:37","guid":{"rendered":"https:\/\/blogs.udima.es\/ingenieria-industrial\/wp-content\/uploads\/2018\/09\/energia-pasiva.jpg"},"modified":"2018-09-06T14:17:02","modified_gmt":"2018-09-06T12:17:02","slug":"niedrigenergiehaus","status":"inherit","type":"attachment","link":"https:\/\/blogs.udima.es\/ingenieria-industrial\/energia-solar-para-calefaccion-activa-y-pasiva\/niedrigenergiehaus\/","title":{"rendered":"casa pasiva"},"author":18,"featured_media":0,"comment_status":"closed","ping_status":"closed","template":"","meta":[],"description":{"rendered":"<p class=\"attachment\"><a href='https:\/\/blogs.udima.es\/ingenieria-industrial\/wp-content\/uploads\/2018\/09\/energia-pasiva.jpg'><img loading=\"lazy\" decoding=\"async\" width=\"300\" height=\"188\" src=\"https:\/\/blogs.udima.es\/ingenieria-industrial\/wp-content\/uploads\/2018\/09\/energia-pasiva-300x188.jpg\" class=\"attachment-medium size-medium\" alt=\"\" srcset=\"https:\/\/blogs.udima.es\/ingenieria-industrial\/wp-content\/uploads\/2018\/09\/energia-pasiva-300x188.jpg 300w, https:\/\/blogs.udima.es\/ingenieria-industrial\/wp-content\/uploads\/2018\/09\/energia-pasiva-768x480.jpg 768w, https:\/\/blogs.udima.es\/ingenieria-industrial\/wp-content\/uploads\/2018\/09\/energia-pasiva.jpg 876w\" sizes=\"(max-width: 300px) 100vw, 300px\" \/><\/a><\/p>\n"},"caption":{"rendered":""},"alt_text":"","media_type":"image","mime_type":"image\/jpeg","media_details":{"width":876,"height":548,"file":"2018\/09\/energia-pasiva.jpg","sizes":{"thumbnail":{"file":"energia-pasiva-150x150.jpg","width":150,"height":150,"mime_type":"image\/jpeg","source_url":"https:\/\/blogs.udima.es\/ingenieria-industrial\/wp-content\/uploads\/2018\/09\/energia-pasiva-150x150.jpg"},"medium":{"file":"energia-pasiva-300x188.jpg","width":300,"height":188,"mime_type":"image\/jpeg","source_url":"https:\/\/blogs.udima.es\/ingenieria-industrial\/wp-content\/uploads\/2018\/09\/energia-pasiva-300x188.jpg"},"medium_large":{"file":"energia-pasiva-768x480.jpg","width":768,"height":480,"mime_type":"image\/jpeg","source_url":"https:\/\/blogs.udima.es\/ingenieria-industrial\/wp-content\/uploads\/2018\/09\/energia-pasiva-768x480.jpg"},"post-thumbnail":{"file":"energia-pasiva-800x350.jpg","width":800,"height":350,"mime_type":"image\/jpeg","source_url":"https:\/\/blogs.udima.es\/ingenieria-industrial\/wp-content\/uploads\/2018\/09\/energia-pasiva-800x350.jpg"},"gantryThumb":{"file":"energia-pasiva-800x350.jpg","width":800,"height":350,"mime_type":"image\/jpeg","source_url":"https:\/\/blogs.udima.es\/ingenieria-industrial\/wp-content\/uploads\/2018\/09\/energia-pasiva-800x350.jpg"},"full":{"file":"energia-pasiva.jpg","width":876,"height":548,"mime_type":"image\/jpeg","source_url":"https:\/\/blogs.udima.es\/ingenieria-industrial\/wp-content\/uploads\/2018\/09\/energia-pasiva.jpg"}},"image_meta":{"aperture":"0","credit":"arsdigital - stock.adobe.com","camera":"","caption":"","created_timestamp":"1407334437","copyright":"\u00a9arsdigital - stock.adobe.com","focal_length":"0","iso":"0","shutter_speed":"0","title":"Niedrigenergiehaus","orientation":"1","keywords":["Haus","Energie","Energieversorgung","\u00d6kologie","Solar","elektro","W\u00e4rme","Photovoltaik","Landschaft","W\u00e4rmetauscher","Vernetzung","3D","Sonnenenergie","Carport","Elektroauto","Windenergie","Instalation","\u00dcbersicht","Planung","Architektur","Brennstoff","Umwelt","Passivhaus","passiv","Beleuchtung","Versorgung","Versorger","W\u00e4rmepumpe","kreislauf","Wasser","Heizung","Warmwasser","Solarthermie","haus","energie","elektro","w\u00e4rme","photovoltaik","sonnenenergie","carport","elektroauto","energieversorgung","\u00f6kologie","solar","landschaft","w\u00e4rmetauscher","vernetzung","3d","windenergie","instalation","\u00fcbersicht","planung","architektur","brennstoff","umwelt","passivhaus","passiv","beleuchtung","versorgung","versorger","w\u00e4rmepumpe","kreislauf","wasser","heizung","warmwasser","solarthermie"]}},"post":913,"source_url":"https:\/\/blogs.udima.es\/ingenieria-industrial\/wp-content\/uploads\/2018\/09\/energia-pasiva.jpg","_links":{"self":[{"href":"https:\/\/blogs.udima.es\/ingenieria-industrial\/wp-json\/wp\/v2\/media\/915"}],"collection":[{"href":"https:\/\/blogs.udima.es\/ingenieria-industrial\/wp-json\/wp\/v2\/media"}],"about":[{"href":"https:\/\/blogs.udima.es\/ingenieria-industrial\/wp-json\/wp\/v2\/types\/attachment"}],"author":[{"embeddable":true,"href":"https:\/\/blogs.udima.es\/ingenieria-industrial\/wp-json\/wp\/v2\/users\/18"}],"replies":[{"embeddable":true,"href":"https:\/\/blogs.udima.es\/ingenieria-industrial\/wp-json\/wp\/v2\/comments?post=915"}]}}

Ökologie

Wärme

Wärmetauscher

Übersicht

Wärmepumpe

wärme

ökologie

wärmetauscher

übersicht

wärmepumpe
