{"id":1959,"date":"2016-05-06T15:52:19","date_gmt":"2016-05-06T15:52:19","guid":{"rendered":"http:\/\/blogs.udima.es\/historia\/?page_id=1959"},"modified":"2019-02-22T10:19:57","modified_gmt":"2019-02-22T10:19:57","slug":"historia-tv","status":"publish","type":"page","link":"https:\/\/blogs.udima.es\/historia\/historia-tv\/","title":{"rendered":""},"content":{"rendered":"<p>[vc_row][vc_column width=\u00bb1\/3&#8243; css=\u00bb.vc_custom_1476805073213{margin-top: 20px !important;}\u00bb][vc_single_image image=\u00bb1977&#8243; img_size=\u00bbfull\u00bb alignment=\u00bbcenter\u00bb onclick=\u00bbcustom_link\u00bb link=\u00bbhttps:\/\/blogs.udima.es\/historia\/kalahari-vida-en-la-gran-sed\/\u00bb][\/vc_column][vc_column width=\u00bb2\/3&#8243;][vc_column_text css=\u00bb.vc_custom_1476804654222{margin-top: -25px !important;}\u00bb]<\/p>\n<h3><a href=\"https:\/\/blogs.udima.es\/historia\/kalahari-vida-en-la-gran-sed\/\">Aula Prehist\u00f3rica<\/a><\/h3>\n<p>Coordinada por el profesor Jes\u00fas Arenas Esteban, es un espacio acad\u00e9mico que pretende difundir el conocimiento sobre la PREHISTORIA y plantear plataformas de discusi\u00f3n que ayuden a entender el significado de esta fase de la historia humana. Los temas a tratar, unos de car\u00e1cter general y otros sobre casos espec\u00edficos que, por una u otra raz\u00f3n, sean atractivos para todas aquellas personas interesadas en los primeros pasos de la cultura humana. Desde este enfoque, y con el apoyo de especialistas en otras \u00e1reas del conocimiento cient\u00edfico, se espera generar un corpus de material audiovisual con una base rigurosamente cient\u00edfica pero, a la vez, presentado de forma clara y asequible para todos.[\/vc_column_text][\/vc_column][\/vc_row][vc_row][vc_column][vc_separator][\/vc_column][\/vc_row][vc_row][vc_column width=\u00bb1\/3&#8243;][vc_single_image image=\u00bb1735&#8243; img_size=\u00bbfull\u00bb alignment=\u00bbcenter\u00bb onclick=\u00bbcustom_link\u00bb link=\u00bbhttps:\/\/blogs.udima.es\/historia\/arqueoudima\/\u00bb][\/vc_column][vc_column width=\u00bb2\/3&#8243;][vc_column_text]<\/p>\n<h3><a href=\"https:\/\/blogs.udima.es\/historia\/arqueoudima\/\">Arqueoudima<\/a><\/h3>\n<p>Con el objetivo de acercarnos a los yacimientos y piezas arqueol\u00f3gicas m\u00e1s notables de \u00e9poca protohist\u00f3rica y antigua, el profesor de la Universidad a Distancia de Madrid, Daniel Casado Rigalt, Doctor en Historia de la Arqueolog\u00eda, protagoniza una serie de cap\u00edtulos donde entrevistar\u00e1 y debatir\u00e1 con otros profesionales e investigadores del sector.[\/vc_column_text][\/vc_column][\/vc_row][vc_row][vc_column][vc_separator][\/vc_column][\/vc_row][vc_row][vc_column width=\u00bb1\/3&#8243; css=\u00bb.vc_custom_1476805280735{margin-top: 25px !important;}\u00bb][vc_single_image image=\u00bb1957&#8243; img_size=\u00bbfull\u00bb alignment=\u00bbcenter\u00bb onclick=\u00bbcustom_link\u00bb link=\u00bbhttps:\/\/blogs.udima.es\/historia\/aegyptos\/\u00bb][\/vc_column][vc_column width=\u00bb2\/3&#8243;][vc_column_text]<\/p>\n<h3><a href=\"https:\/\/blogs.udima.es\/historia\/aegyptos\/\">Espacio \u201c\u00c6gyptos\u201d<\/a><\/h3>\n<p>Bajo la direcci\u00f3n del profesor Jes\u00fas Arenas Esteban, el \u201cEspacio \u00c6giptos Udima\u201d se presenta como una v\u00eda de conocimiento del Antiguo Egipto. Su objetivo es ofrecer una visi\u00f3n cient\u00edfica y rigurosa de la civilizaci\u00f3n fara\u00f3nica, alejada de la deriva esot\u00e9rica con la que en muchas ocasiones es tratada. La tem\u00e1tica a desarrollar es variada, pues aparte de aspectos generales como pueden ser la lengua, la sociedad, la religi\u00f3n o la arquitectura, se tratar\u00e1n \u00e1reas m\u00e1s espec\u00edficas como la astronom\u00eda, la iconograf\u00eda, la simbolog\u00eda de la imagen real o el papel de la mujer en la sociedad egipcia, etc.[\/vc_column_text][\/vc_column][\/vc_row][vc_row][vc_column][vc_separator][\/vc_column][\/vc_row][vc_row][vc_column width=\u00bb1\/3&#8243; css=\u00bb.vc_custom_1476805280735{margin-top: 25px !important;}\u00bb][vc_single_image image=\u00bb2701&#8243; img_size=\u00bbfull\u00bb alignment=\u00bbcenter\u00bb onclick=\u00bbcustom_link\u00bb link=\u00bbhttps:\/\/blogs.udima.es\/historia\/america\/\u00bb][\/vc_column][vc_column width=\u00bb2\/3&#8243;][vc_column_text]<\/p>\n<h3><a href=\"https:\/\/blogs.udima.es\/historia\/america\/\">Gracias, Am\u00e9rica<\/a><\/h3>\n<p>Te ofrecemos la serie \u00abGracias, Am\u00e9rica\u00bb que las doctoras Mar\u00eda y Laura Lara Mart\u00ednez, profesoras de Historia Moderna y Contempor\u00e1nea de la UDIMA y escritoras, est\u00e1n desarrollando en el programa La aventura del saber.<\/p>\n<p>Hablar de la Historia de Am\u00e9rica supone sumergir al estudiante, al lector, al espectador, al viajero&#8230;, en un apasionante viaje por las dos orillas. 1492 marc\u00f3 un antes y un despu\u00e9s en muchos aspectos: desbanc\u00f3 el \u00abnon plus ultra\u00bb del pensamiento antiguo, introdujo a las llamadas \u00abIndias\u00bb en el reloj de la Historia de Occidente, desencaden\u00f3 la reflexi\u00f3n sobre el fundamento moral de la persona y expandi\u00f3 la lengua espa\u00f1ola en los caminos del Imperio.<\/p>\n<p>Pero ante todo, la llegada al Caribe un 12 de octubre de las naves de Col\u00f3n gener\u00f3 un descubrimiento mutuo. Hubo choque entre los acervos culturales, pero la guerra corri\u00f3 pareja al desarrollo de todo un proceso de di\u00e1logo entre civilizaciones milenarias, con aportaciones tan perennes en la vieja Europa como el chocolate o las profec\u00edas mayas.<\/p>\n<p>Porque para entender la Historia de Espa\u00f1a desde el siglo XV es preciso conocer con detalle el legado del Nuevo Mundo, a continuaci\u00f3n, recogemos los cap\u00edtulos de \u00abGracias, Am\u00e9rica\u00bb, emitidos en La 2 de Televisi\u00f3n Espa\u00f1ola desde octubre de 2017.[\/vc_column_text][\/vc_column][\/vc_row][vc_row][vc_column css=\u00bb.vc_custom_1476805588861{margin-top: 10px !important;margin-bottom: 10px !important;}\u00bb][vc_separator][\/vc_column][\/vc_row][vc_row][vc_column width=\u00bb1\/3&#8243;][vc_single_image image=\u00bb1724&#8243; img_size=\u00bbfull\u00bb alignment=\u00bbcenter\u00bb onclick=\u00bbcustom_link\u00bb link=\u00bbhttps:\/\/blogs.udima.es\/historia\/monarquias\/\u00bb][\/vc_column][vc_column width=\u00bb2\/3&#8243;][vc_column_text]<\/p>\n<h3><a href=\"https:\/\/blogs.udima.es\/historia\/monarquias\/\">Monarqu\u00edas Europeas<\/a><\/h3>\n<p>En esta serie, Mar\u00eda Lara, Doctora Europea en Filosof\u00eda y Laura Lara, Doctora en Filosof\u00eda, ambas profesoras de la UDIMA, pretenden\u00a0exponer los or\u00edgenes de la instituci\u00f3n y los factores que avalan su perdurabilidad en los siglos. Valoraran\u00a0coincidencias entre los diferentes pa\u00edses que ostentan la monarqu\u00eda como jefatura del Estado\u00a0y\u00a0detallar\u00e1n su funci\u00f3n en un contexto globalizado.[\/vc_column_text][\/vc_column][\/vc_row][vc_row][vc_column css=\u00bb.vc_custom_1476805519080{margin-top: 15px !important;margin-bottom: 15px !important;}\u00bb][vc_separator][\/vc_column][\/vc_row][vc_row][vc_column width=\u00bb1\/3&#8243;][vc_single_image image=\u00bb1743&#8243; img_size=\u00bbfull\u00bb alignment=\u00bbcenter\u00bb onclick=\u00bbcustom_link\u00bb link=\u00bbhttps:\/\/blogs.udima.es\/historia\/historia-de-la-educacion\/\u00bb][\/vc_column][vc_column width=\u00bb2\/3&#8243;][vc_column_text]<\/p>\n<h3><a href=\"https:\/\/blogs.udima.es\/historia\/historia-de-la-educacion\/\">Historia de la Educaci\u00f3n<\/a><\/h3>\n<p>El profesor Daniel Casado Rigalt analiza la historia de la educaci\u00f3n por entregas. En este repositorio se detallan los rasgos, los dep\u00f3sitos doctrinales, los roles educativos y las instituciones sobre la que ha descansado la acci\u00f3n pedag\u00f3gica desde el Antiguo Egipto hasta la actualidad[\/vc_column_text][\/vc_column][\/vc_row][vc_row][vc_column css=\u00bb.vc_custom_1476805519080{margin-top: 15px !important;margin-bottom: 15px !important;}\u00bb][vc_separator][\/vc_column][\/vc_row][vc_row][vc_column width=\u00bb1\/3&#8243;][vc_single_image image=\u00bb2737&#8243; img_size=\u00bbfull\u00bb alignment=\u00bbcenter\u00bb onclick=\u00bbcustom_link\u00bb link=\u00bbhttps:\/\/blogs.udima.es\/historia\/historia-de-la-educacion\/\u00bb][\/vc_column][vc_column width=\u00bb2\/3&#8243;][vc_column_text]<\/p>\n<h3><a href=\"https:\/\/blogs.udima.es\/historia\/shalom\">Shalom<\/a><\/h3>\n<p>En esta secci\u00f3n de Historia TV, se recopilan las entrevistas de las Historiadoras Laura Lara y Mar\u00eda Lara, en el programa Shalom, de La 2 de Televisi\u00f3n Espa\u00f1ola. Las Hermanas Lara- Profesoras de la UDIMA, Licenciadas en Historia con Primer Premio Nacional de Fin de Carrera, Doctoras en Filosof\u00eda y escritoras- reflexionan sobre el Juda\u00edsmo, analizando los mitos de Sefarad y su pervivencia en la cultura espa\u00f1ola. Adem\u00e1s, en las conversaciones mantenidas durante el espacio, Laura y Mar\u00eda Lara desvelan los nombres de los personajes hebreos que, a lo largo de los siglos, han quedado ocultos en las costuras de la Historia. El programa se emite los domingos por la ma\u00f1ana y es dirigido por Coty Aser\u00edn.[\/vc_column_text][\/vc_column][\/vc_row][vc_row][vc_column css=\u00bb.vc_custom_1476805519080{margin-top: 15px !important;margin-bottom: 15px !important;}\u00bb][vc_separator][\/vc_column][\/vc_row][vc_row][vc_column width=\u00bb1\/3&#8243;][vc_single_image image=\u00bb2780&#8243; img_size=\u00bbfull\u00bb alignment=\u00bbcenter\u00bb onclick=\u00bbcustom_link\u00bb link=\u00bbhttps:\/\/blogs.udima.es\/historia\/historia-de-la-educacion\/\u00bb][\/vc_column][vc_column width=\u00bb2\/3&#8243;][vc_column_text]<\/p>\n<h3><a href=\"https:\/\/blogs.udima.es\/historia\/espanolas-para-el-recuerdo\/\">Espa\u00f1olas para el recuerdo<\/a><\/h3>\n<p>En esta serie, emitida en la temporada de verano de 2018, en Las ma\u00f1anas de RNE, las historiadoras Laura Lara y Mar\u00eda Lara, Profesoras de la UDIMA, rescatan la biograf\u00eda de mujeres que, a lo largo de los siglos, han desafiado las imposiciones de la sociedad patriarcal. En el espacio dialogan sobre el pasado y la actualidad con el periodista Javier Capit\u00e1n.[\/vc_column_text][\/vc_column][\/vc_row][vc_row][vc_column css=\u00bb.vc_custom_1476805519080{margin-top: 15px !important;margin-bottom: 15px !important;}\u00bb][vc_separator][\/vc_column][\/vc_row][vc_row][vc_column width=\u00bb1\/3&#8243;][vc_single_image image=\u00bb2868&#8243; img_size=\u00bbfull\u00bb alignment=\u00bbcenter\u00bb onclick=\u00bbcustom_link\u00bb link=\u00bbhttps:\/\/blogs.udima.es\/historia\/historia-de-la-educacion\/\u00bb][\/vc_column][vc_column width=\u00bb2\/3&#8243;][vc_column_text]<\/p>\n<h3><a href=\"https:\/\/blogs.udima.es\/historia\/historia-de-la-mujer\">Historia de la mujer<\/a><\/h3>\n<p>En este espacio se recopilan entrevistas a las historiadoras Laura Lara y Mar\u00eda Lara, Profesoras de la UDIMA.[\/vc_column_text][\/vc_column][\/vc_row]<\/p>\n","protected":false},"excerpt":{"rendered":"<p>[vc_row][vc_column width=\u00bb1\/3&#8243; css=\u00bb.vc_custom_1476805073213{margin-top: 20px !important;}\u00bb][vc_single_image image=\u00bb1977&#8243; img_size=\u00bbfull\u00bb alignment=\u00bbcenter\u00bb onclick=\u00bbcustom_link\u00bb link=\u00bbhttps:\/\/blogs.udima.es\/historia\/kalahari-vida-en-la-gran-sed\/\u00bb][\/vc_column][vc_column width=\u00bb2\/3&#8243;][vc_column_text css=\u00bb.vc_custom_1476804654222{margin-top: -25px !important;}\u00bb] Aula Prehist\u00f3rica Coordinada por el profesor Jes\u00fas Arenas Esteban, es un espacio acad\u00e9mico que pretende difundir el conocimiento sobre la PREHISTORIA y plantear plataformas de discusi\u00f3n que ayuden a entender el significado de esta fase de la historia humana. Los temas [&hellip;]<\/p>\n","protected":false},"author":1,"featured_media":0,"parent":0,"menu_order":0,"comment_status":"closed","ping_status":"open","template":"","meta":{"footnotes":""},"_links":{"self":[{"href":"https:\/\/blogs.udima.es\/historia\/wp-json\/wp\/v2\/pages\/1959"}],"collection":[{"href":"https:\/\/blogs.udima.es\/historia\/wp-json\/wp\/v2\/pages"}],"about":[{"href":"https:\/\/blogs.udima.es\/historia\/wp-json\/wp\/v2\/types\/page"}],"author":[{"embeddable":true,"href":"https:\/\/blogs.udima.es\/historia\/wp-json\/wp\/v2\/users\/1"}],"replies":[{"embeddable":true,"href":"https:\/\/blogs.udima.es\/historia\/wp-json\/wp\/v2\/comments?post=1959"}],"version-history":[{"count":70,"href":"https:\/\/blogs.udima.es\/historia\/wp-json\/wp\/v2\/pages\/1959\/revisions"}],"predecessor-version":[{"id":2869,"href":"https:\/\/blogs.udima.es\/historia\/wp-json\/wp\/v2\/pages\/1959\/revisions\/2869"}],"wp:attachment":[{"href":"https:\/\/blogs.udima.es\/historia\/wp-json\/wp\/v2\/media?parent=1959"}],"curies":[{"name":"wp","href":"https:\/\/api.w.org\/{rel}","templated":true}]}}