{"id":977,"date":"2016-05-31T17:44:22","date_gmt":"2016-05-31T15:44:22","guid":{"rendered":"http:\/\/blogs.udima.es\/criminologia\/?page_id=977"},"modified":"2016-06-02T11:13:58","modified_gmt":"2016-06-02T09:13:58","slug":"temporada-1-se-ha-redactado-un-crimen","status":"publish","type":"page","link":"https:\/\/blogs.udima.es\/criminologia\/temporada-1-se-ha-redactado-un-crimen\/","title":{"rendered":"Temporada 1 &#8211; Se ha redactado un crimen"},"content":{"rendered":"<p>[vc_row][vc_column][vc_separator][\/vc_column][\/vc_row][vc_row css=\u00bb.vc_custom_1464857003381{margin-bottom: 10px !important;}\u00bb][vc_column width=\u00bb1\/2&#8243; css=\u00bb.vc_custom_1464857009689{border-right-width: 5px !important;border-left-width: 5px !important;background-color: #dbdbdb !important;border-left-color: #ffffff !important;border-left-style: solid !important;border-right-color: #ffffff !important;border-right-style: solid !important;}\u00bb][vc_column_text css=\u00bb.vc_custom_1464797588299{margin-top: -10px !important;}\u00bb]<\/p>\n<h3 style=\"text-align: center;\">Presentaci\u00f3n<\/h3>\n<p>[\/vc_column_text][vc_video link=\u00bbhttps:\/\/www.youtube.com\/watch?v=BlyBhXTrdY8&#8243; align=\u00bbcenter\u00bb][vc_column_text css=\u00bb.vc_custom_1464797600880{margin-top: -10px !important;}\u00bb]<\/p>\n<p style=\"text-align: left;\">Criminolog\u00eda y periodismo, \u00bfen qu\u00e9 coinciden? En esta\u00a0introducci\u00f3n analizamos el estado de la criminalidad en Espa\u00f1a, c\u00f3mo se presenta la informaci\u00f3n de las v\u00edctimas y de los agresores en los medios de comunicaci\u00f3n.<\/p>\n<p>[\/vc_column_text][\/vc_column][vc_column width=\u00bb1\/2&#8243; css=\u00bb.vc_custom_1464857014774{border-right-width: 5px !important;border-left-width: 5px !important;background-color: #dbdbdb !important;border-left-color: #ffffff !important;border-left-style: solid !important;border-right-color: #ffffff !important;border-right-style: solid !important;}\u00bb][vc_column_text css=\u00bb.vc_custom_1464796151974{margin-top: -10px !important;}\u00bb]<\/p>\n<h3 style=\"text-align: center;\">Cap\u00edtulo 1<\/h3>\n<p>[\/vc_column_text][vc_video link=\u00bbhttps:\/\/www.youtube.com\/watch?v=HJc-kTciLkU\u00bb align=\u00bbcenter\u00bb][vc_column_text css=\u00bb.vc_custom_1464796422477{margin-top: -10px !important;}\u00bb]<\/p>\n<p style=\"text-align: left;\">Analizamos dos casos , en primer lugar el \u00abCaso Ana Orantes\u00bb donde veremos la influencia de los medios en la opini\u00f3n p\u00fablica y en la legislaci\u00f3n, y por otro lado, el \u00abCaso Wanninkhof\u00bb o c\u00f3mo influyen\u00a0los medios en la creaci\u00f3n de juicios paralelos.<\/p>\n<p>[\/vc_column_text][\/vc_column][\/vc_row][vc_row][vc_column width=\u00bb1\/2&#8243; css=\u00bb.vc_custom_1464857331444{border-right-width: 5px !important;border-left-width: 5px !important;background-color: #dbdbdb !important;border-left-color: #ffffff !important;border-left-style: solid !important;border-right-color: #ffffff !important;border-right-style: solid !important;}\u00bb][vc_column_text css=\u00bb.vc_custom_1464796161798{margin-top: -10px !important;}\u00bb]<\/p>\n<h3 style=\"text-align: center;\">Cap\u00edtulo 2<\/h3>\n<p>[\/vc_column_text][vc_video link=\u00bbhttps:\/\/www.youtube.com\/watch?v=xm0CqjqWEOA\u00bb][vc_column_text css=\u00bb.vc_custom_1464857336649{margin-top: -10px !important;}\u00bb]En esta ocasi\u00f3n nos centramos en la cr\u00f3nica de sucesos, ese gran g\u00e9nero period\u00edstico de contenido criminol\u00f3gico y lo haremos ayud\u00e1ndonos de un ejemplo, un crimen policial en Cartagena.[\/vc_column_text][\/vc_column][vc_column width=\u00bb1\/2&#8243; css=\u00bb.vc_custom_1464857024496{border-right-width: 5px !important;border-left-width: 5px !important;background-color: #dbdbdb !important;border-left-color: #ffffff !important;border-left-style: solid !important;border-right-color: #ffffff !important;border-right-style: solid !important;}\u00bb][vc_column_text css=\u00bb.vc_custom_1464796724481{margin-top: -10px !important;}\u00bb]<\/p>\n<h3 style=\"text-align: center;\">Cap\u00edtulo 3<\/h3>\n<p>[\/vc_column_text][vc_video link=\u00bbhttps:\/\/www.youtube.com\/watch?v=zBxzYRhcQbw\u00bb align=\u00bbcenter\u00bb][vc_column_text css=\u00bb.vc_custom_1464857367281{margin-top: -10px !important;}\u00bb]Los \u00abultras\u00bb en el f\u00fatbol, analizamos estos enfrentamientos entre los hinchas de varios\u00a0equipos que a\u00f1o tras a\u00f1o protagonizan m\u00e1s p\u00e1ginas en\u00a0los diarios.[\/vc_column_text][\/vc_column][\/vc_row][vc_row][vc_column width=\u00bb1\/2&#8243;][vc_btn title=\u00bbSumario\u00bb style=\u00bbcustom\u00bb custom_background=\u00bb#d22925&#8243; custom_text=\u00bb#ffffff\u00bb align=\u00bbright\u00bb i_icon_fontawesome=\u00bbfa fa-bars\u00bb add_icon=\u00bbtrue\u00bb link=\u00bburl:http%3A%2F%2Fblogs.udima.es%2Fcriminologia%2Ftemporadas-se-ha-redactado-un-crimen%2F|title:Temporada%202%20-%20Se%20ha%20redactado%20un%20crimen|\u00bb css=\u00bb.vc_custom_1464858816964{margin-top: 15px !important;}\u00bb][\/vc_column][vc_column width=\u00bb1\/2&#8243;][vc_btn title=\u00bbTemporada 2&#8243; style=\u00bbcustom\u00bb custom_background=\u00bb#d22925&#8243; custom_text=\u00bb#ffffff\u00bb align=\u00bbleft\u00bb i_align=\u00bbright\u00bb i_icon_fontawesome=\u00bbfa fa-fast-forward\u00bb add_icon=\u00bbtrue\u00bb link=\u00bburl:http%3A%2F%2Fblogs.udima.es%2Fcriminologia%2Ftemporada-2-se-ha-redactado-un-crimen%2F|title:Temporada%202%20-%20Se%20ha%20redactado%20un%20crimen|\u00bb css=\u00bb.vc_custom_1464856907612{margin-top: 15px !important;}\u00bb][\/vc_column][\/vc_row]<\/p>\n","protected":false},"excerpt":{"rendered":"<p>[vc_row][vc_column][vc_separator][\/vc_column][\/vc_row][vc_row css=\u00bb.vc_custom_1464857003381{margin-bottom: 10px !important;}\u00bb][vc_column width=\u00bb1\/2&#8243; css=\u00bb.vc_custom_1464857009689{border-right-width: 5px !important;border-left-width: 5px !important;background-color: #dbdbdb !important;border-left-color: #ffffff !important;border-left-style: solid !important;border-right-color: #ffffff !important;border-right-style: solid !important;}\u00bb][vc_column_text css=\u00bb.vc_custom_1464797588299{margin-top: -10px !important;}\u00bb] Presentaci\u00f3n [\/vc_column_text][vc_video link=\u00bbhttps:\/\/www.youtube.com\/watch?v=BlyBhXTrdY8&#8243; align=\u00bbcenter\u00bb][vc_column_text css=\u00bb.vc_custom_1464797600880{margin-top: -10px !important;}\u00bb] Criminolog\u00eda y periodismo, \u00bfen qu\u00e9 coinciden? En esta\u00a0introducci\u00f3n analizamos el estado de la criminalidad en Espa\u00f1a, c\u00f3mo se presenta la informaci\u00f3n de las v\u00edctimas y [&hellip;]<\/p>\n","protected":false},"author":1,"featured_media":0,"parent":0,"menu_order":0,"comment_status":"closed","ping_status":"open","template":"","meta":{"footnotes":""},"yoast_head":"<!-- This site is optimized with the Yoast SEO plugin v22.9 - https:\/\/yoast.com\/wordpress\/plugins\/seo\/ -->\n<title>Temporada 1 - Se ha redactado un crimen - Blog Criminolog\u00eda<\/title>\n<meta name=\"description\" content=\"Descubre los cap\u00edtulos de la primera temporada de la serie &quot;Se ha redactado un crimen&quot;\" \/>\n<meta name=\"robots\" content=\"index, follow, max-snippet:-1, max-image-preview:large, max-video-preview:-1\" \/>\n<link rel=\"canonical\" href=\"https:\/\/blogs.udima.es\/criminologia\/temporada-1-se-ha-redactado-un-crimen\/\" \/>\n<meta property=\"og:locale\" content=\"es_ES\" \/>\n<meta property=\"og:type\" content=\"article\" \/>\n<meta property=\"og:title\" content=\"Temporada 1 - Se ha redactado un crimen - Blog Criminolog\u00eda\" \/>\n<meta property=\"og:description\" content=\"Descubre los cap\u00edtulos de la primera temporada de la serie &quot;Se ha redactado un crimen&quot;\" \/>\n<meta property=\"og:url\" content=\"https:\/\/blogs.udima.es\/criminologia\/temporada-1-se-ha-redactado-un-crimen\/\" \/>\n<meta property=\"og:site_name\" content=\"Blog de Criminolog\u00eda - Universidad a Distancia de Madrid | UDIMA\" \/>\n<meta property=\"article:modified_time\" content=\"2016-06-02T09:13:58+00:00\" \/>\n<meta name=\"twitter:card\" content=\"summary_large_image\" \/>\n<meta name=\"twitter:label1\" content=\"Tiempo de lectura\" \/>\n\t<meta name=\"twitter:data1\" content=\"3 minutos\" \/>\n<script type=\"application\/ld+json\" class=\"yoast-schema-graph\">{\"@context\":\"https:\/\/schema.org\",\"@graph\":[{\"@type\":\"WebPage\",\"@id\":\"https:\/\/blogs.udima.es\/criminologia\/temporada-1-se-ha-redactado-un-crimen\/\",\"url\":\"https:\/\/blogs.udima.es\/criminologia\/temporada-1-se-ha-redactado-un-crimen\/\",\"name\":\"Temporada 1 - Se ha redactado un crimen - Blog Criminolog\u00eda\",\"isPartOf\":{\"@id\":\"https:\/\/blogs.udima.es\/criminologia\/#website\"},\"datePublished\":\"2016-05-31T15:44:22+00:00\",\"dateModified\":\"2016-06-02T09:13:58+00:00\",\"description\":\"Descubre los cap\u00edtulos de la primera temporada de la serie \\\"Se ha redactado un crimen\\\"\",\"breadcrumb\":{\"@id\":\"https:\/\/blogs.udima.es\/criminologia\/temporada-1-se-ha-redactado-un-crimen\/#breadcrumb\"},\"inLanguage\":\"es\",\"potentialAction\":[{\"@type\":\"ReadAction\",\"target\":[\"https:\/\/blogs.udima.es\/criminologia\/temporada-1-se-ha-redactado-un-crimen\/\"]}]},{\"@type\":\"BreadcrumbList\",\"@id\":\"https:\/\/blogs.udima.es\/criminologia\/temporada-1-se-ha-redactado-un-crimen\/#breadcrumb\",\"itemListElement\":[{\"@type\":\"ListItem\",\"position\":1,\"name\":\"Portada\",\"item\":\"https:\/\/blogs.udima.es\/criminologia\/\"},{\"@type\":\"ListItem\",\"position\":2,\"name\":\"Temporada 1 &#8211; Se ha redactado un crimen\"}]},{\"@type\":\"WebSite\",\"@id\":\"https:\/\/blogs.udima.es\/criminologia\/#website\",\"url\":\"https:\/\/blogs.udima.es\/criminologia\/\",\"name\":\"Blog de Criminolog\u00eda - Universidad a Distancia de Madrid | UDIMA\",\"description\":\"\",\"potentialAction\":[{\"@type\":\"SearchAction\",\"target\":{\"@type\":\"EntryPoint\",\"urlTemplate\":\"https:\/\/blogs.udima.es\/criminologia\/?s={search_term_string}\"},\"query-input\":\"required name=search_term_string\"}],\"inLanguage\":\"es\"}]}<\/script>\n<!-- \/ Yoast SEO plugin. -->","yoast_head_json":{"title":"Temporada 1 - Se ha redactado un crimen - Blog Criminolog\u00eda","description":"Descubre los cap\u00edtulos de la primera temporada de la serie \"Se ha redactado un crimen\"","robots":{"index":"index","follow":"follow","max-snippet":"max-snippet:-1","max-image-preview":"max-image-preview:large","max-video-preview":"max-video-preview:-1"},"canonical":"https:\/\/blogs.udima.es\/criminologia\/temporada-1-se-ha-redactado-un-crimen\/","og_locale":"es_ES","og_type":"article","og_title":"Temporada 1 - Se ha redactado un crimen - Blog Criminolog\u00eda","og_description":"Descubre los cap\u00edtulos de la primera temporada de la serie \"Se ha redactado un crimen\"","og_url":"https:\/\/blogs.udima.es\/criminologia\/temporada-1-se-ha-redactado-un-crimen\/","og_site_name":"Blog de Criminolog\u00eda - Universidad a Distancia de Madrid | UDIMA","article_modified_time":"2016-06-02T09:13:58+00:00","twitter_card":"summary_large_image","twitter_misc":{"Tiempo de lectura":"3 minutos"},"schema":{"@context":"https:\/\/schema.org","@graph":[{"@type":"WebPage","@id":"https:\/\/blogs.udima.es\/criminologia\/temporada-1-se-ha-redactado-un-crimen\/","url":"https:\/\/blogs.udima.es\/criminologia\/temporada-1-se-ha-redactado-un-crimen\/","name":"Temporada 1 - Se ha redactado un crimen - Blog Criminolog\u00eda","isPartOf":{"@id":"https:\/\/blogs.udima.es\/criminologia\/#website"},"datePublished":"2016-05-31T15:44:22+00:00","dateModified":"2016-06-02T09:13:58+00:00","description":"Descubre los cap\u00edtulos de la primera temporada de la serie \"Se ha redactado un crimen\"","breadcrumb":{"@id":"https:\/\/blogs.udima.es\/criminologia\/temporada-1-se-ha-redactado-un-crimen\/#breadcrumb"},"inLanguage":"es","potentialAction":[{"@type":"ReadAction","target":["https:\/\/blogs.udima.es\/criminologia\/temporada-1-se-ha-redactado-un-crimen\/"]}]},{"@type":"BreadcrumbList","@id":"https:\/\/blogs.udima.es\/criminologia\/temporada-1-se-ha-redactado-un-crimen\/#breadcrumb","itemListElement":[{"@type":"ListItem","position":1,"name":"Portada","item":"https:\/\/blogs.udima.es\/criminologia\/"},{"@type":"ListItem","position":2,"name":"Temporada 1 &#8211; Se ha redactado un crimen"}]},{"@type":"WebSite","@id":"https:\/\/blogs.udima.es\/criminologia\/#website","url":"https:\/\/blogs.udima.es\/criminologia\/","name":"Blog de Criminolog\u00eda - Universidad a Distancia de Madrid | UDIMA","description":"","potentialAction":[{"@type":"SearchAction","target":{"@type":"EntryPoint","urlTemplate":"https:\/\/blogs.udima.es\/criminologia\/?s={search_term_string}"},"query-input":"required name=search_term_string"}],"inLanguage":"es"}]}},"_links":{"self":[{"href":"https:\/\/blogs.udima.es\/criminologia\/wp-json\/wp\/v2\/pages\/977"}],"collection":[{"href":"https:\/\/blogs.udima.es\/criminologia\/wp-json\/wp\/v2\/pages"}],"about":[{"href":"https:\/\/blogs.udima.es\/criminologia\/wp-json\/wp\/v2\/types\/page"}],"author":[{"embeddable":true,"href":"https:\/\/blogs.udima.es\/criminologia\/wp-json\/wp\/v2\/users\/1"}],"replies":[{"embeddable":true,"href":"https:\/\/blogs.udima.es\/criminologia\/wp-json\/wp\/v2\/comments?post=977"}],"version-history":[{"count":60,"href":"https:\/\/blogs.udima.es\/criminologia\/wp-json\/wp\/v2\/pages\/977\/revisions"}],"predecessor-version":[{"id":1071,"href":"https:\/\/blogs.udima.es\/criminologia\/wp-json\/wp\/v2\/pages\/977\/revisions\/1071"}],"wp:attachment":[{"href":"https:\/\/blogs.udima.es\/criminologia\/wp-json\/wp\/v2\/media?parent=977"}],"curies":[{"name":"wp","href":"https:\/\/api.w.org\/{rel}","templated":true}]}}