{"id":646,"date":"2010-12-31T09:47:57","date_gmt":"2010-12-31T09:47:57","guid":{"rendered":"http:\/\/www.adeudima.com\/?page_id=646"},"modified":"2010-12-31T09:47:57","modified_gmt":"2010-12-31T09:47:57","slug":"4-riesgos-e-inconvenientes-asociados-a-la-internacionalizacion-de-la-empresa","status":"publish","type":"page","link":"https:\/\/blogs.udima.es\/administracion-y-direccion-de-empresas\/libros\/introduccion-a-la-organizacion-de-empresas-2\/unidad-didactica-10-internacionalizacion-de-la-empresa\/4-riesgos-e-inconvenientes-asociados-a-la-internacionalizacion-de-la-empresa\/","title":{"rendered":"4. Riesgos e inconvenientes asociados a la internacionalizaci\u00f3n de la empresa"},"content":{"rendered":"<p>El riesgo en los  negocios o la contingencia futura de ganar o perder  es una variable inherente a  toda decisi\u00f3n empresarial. Sin duda es una  de las principales consideraciones  que debe afrontar la direcci\u00f3n al  evaluar su proyecto de inversi\u00f3n, en este  caso de internacionalizaci\u00f3n.<\/p>\n<p>La posibilidad  de que se presenten situaciones adversas que puedan  afectar la viabilidad y la  rentabilidad de la empresa, las cuales son  imposibles de identificar en el  momento de emprender nuevas  actividades, es un factor que todo empresario debe  tener en cuenta al  hacer un estudio objetivo de factibilidad de la empresa que  se propone.<\/p>\n<p>Lo anterior es  especialmente cierto en los proyectos de crecimiento  en las empresas  internacionales, ya que el empresario no siempre est\u00e1  familiarizado con los  aspectos dom\u00e9sticos ni con todos los componentes  del clima de negocios de otro  pa\u00eds, y, por lo tanto, debe realizar un  estudio mucho m\u00e1s complejo y extenso  del que requerir\u00eda la inversi\u00f3n en  su pa\u00eds de origen. La idiosincrasia de un  pa\u00eds, sus problemas  econ\u00f3micos, su sistema monetario, r\u00e9gimen tributario y  cambiario,  actitud y tratamiento hacia los inversionistas extranjeros, sistema   jur\u00eddico, r\u00e9gimen y estabilidad pol\u00edticos, son solo algunos de los  factores que  el empresario debe tener en cuenta para adoptar una  estrategia y tomar una  decisi\u00f3n acertada a la hora de invertir.<\/p>\n<p>Entre los  riesgos m\u00e1s com\u00fanmente considerados y evaluados se  encuentran los de tipo  financiero y los comerciales y de mercado, por  ser de aquellos que las personas  de negocios est\u00e1n normalmente  preparados para afrontar. Sin embargo, existe un  tipo particular de  riesgo que, d\u00eda a d\u00eda, cobra mayor importancia y cuya  incidencia en los  negocios internacionales es cada vez m\u00e1s frecuente: el riesgo   pol\u00edtico.<\/p>\n<p>Una primera  parte del an\u00e1lisis de los mercados internacionales  trata de estimar el riesgo  que representa para la empresa en cuesti\u00f3n  vender o realizar inversiones en  distintos pa\u00edses. Se trata, por tanto,  de precisar el riesgo asociado a las  inversiones o actividades que se  realizan en un mercado.<\/p>\n<p>Se pueden  diferenciar varios tipos de riesgo:<\/p>\n<ul>\n<li><strong>Riesgo pa\u00eds.<\/strong> Con el t\u00e9rmino \u00abriesgo  pa\u00eds\u00bb  normalmente se designa la evaluaci\u00f3n conjunta sobre los peligros que un   determinado pa\u00eds presenta para los negocios internacionales.  Actualmente  algunas empresas utilizan como indicador de riesgo pa\u00eds el  diferencial entre la  rentabilidad de los bonos de un pa\u00eds y los bonos o  letras del tesoro de los  Estados Unidos.<\/li>\n<li><strong>Riesgo econ\u00f3mico.<\/strong> Es el riesgo  asociado a las  variaciones en el ciclo econ\u00f3mico de un cierto pa\u00eds. El peligro  que  supone un cambio econ\u00f3mico desfavorable de la econom\u00eda, as\u00ed como el  impacto  de problemas sociales.<\/li>\n<li><strong>Riesgo de tipo de cambio.<\/strong> Si la  empresa tiene  deudas o debe cobrar en el futuro y esos compromisos financieros  est\u00e1n  en otra moneda, la empresa se puede encontrar expuesta a sufrir p\u00e9rdidas   ocasionadas por la variaci\u00f3n en el tipo de cambio.<\/li>\n<li><strong>Riesgo pol\u00edtico.<\/strong> Es aquel asociado a  las  actuaciones de los organismos gubernamentales de un pa\u00eds que por su   intervencionismo afectan negativamente a las empresas; caso de los  cambios en  las normas, los cambios en la aplicaci\u00f3n de las mismas, en  definitiva las  actuaciones de las administraciones p\u00fablicas que  resultan perjudiciales para el  negocio.<\/li>\n<\/ul>\n<p>Teniendo en  cuenta las anteriores definiciones, se puede afirmar  que el riesgo pol\u00edtico es  la posibilidad de que eventos futuros e  inciertos, originados en la situaci\u00f3n  pol\u00edtica o la adopci\u00f3n de ciertas  pol\u00edticas por parte del estado receptor de la  inversi\u00f3n, modifiquen  las condiciones en que un negocio ha sido establecido y,  por  consiguiente, cambien sus perspectivas sobre ganancias y actividades   futuras. Dada la importancia de esta categor\u00eda de riesgo en el comercio   internacional, hay que insistir indicando que las mencionadas nuevas  condiciones  pueden ser producto de:<\/p>\n<ul>\n<li> Inestabilidad del gobierno o del r\u00e9gimen  pol\u00edtico, causada por  problemas socioecon\u00f3micos (pobreza, desempleo y  conflictos laborales,  bajo nivel de ingreso perc\u00e1pita, recesi\u00f3n industrial o  econ\u00f3mica, altos  niveles de inflaci\u00f3n, etc.); pol\u00edticos (lucha entre facciones  o  partidos pol\u00edticos, subversi\u00f3n armada, violencia o guerras civiles,  intentos  de golpe de estado, etc.).<\/li>\n<li>Adopci\u00f3n de ciertas pol\u00edticas por parte de  Gobiernos constituidos  que afectan directamente la operaci\u00f3n de empresas, como   nacionalizaci\u00f3n de sectores de la econom\u00eda: expropiaci\u00f3n de bienes;  limitaci\u00f3n  o variaci\u00f3n sustancial en los de derechos de remitir  utilidades al exterior o  repatriar capitales; revocaci\u00f3n unilateral,  por parte del Estado, de contratos  celebrados con empresas extranjeras,  entre otras.<\/li>\n<\/ul>\n<p>Por su parte,  Jarillo y Mart\u00ednez (1991) proponen otra clasificaci\u00f3n  de los obst\u00e1culos e  inconvenientes de la internacionalizaci\u00f3n de la  empresa, que se har\u00e1n mayores  conforme aumente el compromiso en el  exterior:<\/p>\n<ul>\n<li><strong>Obst\u00e1culos financieros:<\/strong> relacionados  con aspectos como la fluctuaci\u00f3n monetaria o dificultad de acceso a los  cr\u00e9ditos de exportaci\u00f3n.<\/li>\n<li><strong>Obst\u00e1culos comerciales:<\/strong> desconocimiento de las  oportunidades comerciales, desconocimiento de la  estructura de  distribuci\u00f3n, pr\u00e1cticas comerciales, o falta de contactos.<\/li>\n<li><strong>Obst\u00e1culos log\u00edsticos:<\/strong> viajes para  explorar los mercados, altos fletes, costes de coordinaci\u00f3n y control,  problemas culturales.<\/li>\n<li><strong>Obst\u00e1culos legales:<\/strong> barreras  arancelarias y no arancelarias.<\/li>\n<li><strong>Obst\u00e1culos a la inversi\u00f3n directa:<\/strong> que en muchos casos obligan a la formaci\u00f3n de empresas conjuntas con empresas  locales.<\/li>\n<\/ul>\n","protected":false},"excerpt":{"rendered":"<p>El riesgo en los negocios o la contingencia futura de ganar o perder es una variable inherente a toda decisi\u00f3n empresarial. Sin duda es una de las principales consideraciones que debe afrontar la direcci\u00f3n al evaluar su proyecto de inversi\u00f3n, en este caso de internacionalizaci\u00f3n. La posibilidad de que se presenten situaciones adversas que puedan [&hellip;]<\/p>\n","protected":false},"author":2,"featured_media":0,"parent":626,"menu_order":0,"comment_status":"open","ping_status":"open","template":"","meta":{"footnotes":""},"yoast_head":"<!-- This site is optimized with the Yoast SEO plugin v22.9 - https:\/\/yoast.com\/wordpress\/plugins\/seo\/ -->\n<title>4. Riesgos e inconvenientes asociados a la internacionalizaci\u00f3n de la empresa - Blog de ADE<\/title>\n<meta name=\"robots\" content=\"index, follow, max-snippet:-1, max-image-preview:large, max-video-preview:-1\" \/>\n<link rel=\"canonical\" href=\"https:\/\/blogs.udima.es\/administracion-y-direccion-de-empresas\/libros\/introduccion-a-la-organizacion-de-empresas-2\/unidad-didactica-10-internacionalizacion-de-la-empresa\/4-riesgos-e-inconvenientes-asociados-a-la-internacionalizacion-de-la-empresa\/\" \/>\n<meta property=\"og:locale\" content=\"es_ES\" \/>\n<meta property=\"og:type\" content=\"article\" \/>\n<meta property=\"og:title\" content=\"4. Riesgos e inconvenientes asociados a la internacionalizaci\u00f3n de la empresa - Blog de ADE\" \/>\n<meta property=\"og:description\" content=\"El riesgo en los negocios o la contingencia futura de ganar o perder es una variable inherente a toda decisi\u00f3n empresarial. Sin duda es una de las principales consideraciones que debe afrontar la direcci\u00f3n al evaluar su proyecto de inversi\u00f3n, en este caso de internacionalizaci\u00f3n. La posibilidad de que se presenten situaciones adversas que puedan [&hellip;]\" \/>\n<meta property=\"og:url\" content=\"https:\/\/blogs.udima.es\/administracion-y-direccion-de-empresas\/libros\/introduccion-a-la-organizacion-de-empresas-2\/unidad-didactica-10-internacionalizacion-de-la-empresa\/4-riesgos-e-inconvenientes-asociados-a-la-internacionalizacion-de-la-empresa\/\" \/>\n<meta property=\"og:site_name\" content=\"Blog de ADE - Universidad a Distancia de Madrid | UDIMA\" \/>\n<meta name=\"twitter:card\" content=\"summary_large_image\" \/>\n<meta name=\"twitter:label1\" content=\"Tiempo de lectura\" \/>\n\t<meta name=\"twitter:data1\" content=\"5 minutos\" \/>\n<script type=\"application\/ld+json\" class=\"yoast-schema-graph\">{\"@context\":\"https:\/\/schema.org\",\"@graph\":[{\"@type\":\"WebPage\",\"@id\":\"https:\/\/blogs.udima.es\/administracion-y-direccion-de-empresas\/libros\/introduccion-a-la-organizacion-de-empresas-2\/unidad-didactica-10-internacionalizacion-de-la-empresa\/4-riesgos-e-inconvenientes-asociados-a-la-internacionalizacion-de-la-empresa\/\",\"url\":\"https:\/\/blogs.udima.es\/administracion-y-direccion-de-empresas\/libros\/introduccion-a-la-organizacion-de-empresas-2\/unidad-didactica-10-internacionalizacion-de-la-empresa\/4-riesgos-e-inconvenientes-asociados-a-la-internacionalizacion-de-la-empresa\/\",\"name\":\"4. Riesgos e inconvenientes asociados a la internacionalizaci\u00f3n de la empresa - Blog de ADE\",\"isPartOf\":{\"@id\":\"https:\/\/blogs.udima.es\/administracion-y-direccion-de-empresas\/#website\"},\"datePublished\":\"2010-12-31T09:47:57+00:00\",\"dateModified\":\"2010-12-31T09:47:57+00:00\",\"breadcrumb\":{\"@id\":\"https:\/\/blogs.udima.es\/administracion-y-direccion-de-empresas\/libros\/introduccion-a-la-organizacion-de-empresas-2\/unidad-didactica-10-internacionalizacion-de-la-empresa\/4-riesgos-e-inconvenientes-asociados-a-la-internacionalizacion-de-la-empresa\/#breadcrumb\"},\"inLanguage\":\"es\",\"potentialAction\":[{\"@type\":\"ReadAction\",\"target\":[\"https:\/\/blogs.udima.es\/administracion-y-direccion-de-empresas\/libros\/introduccion-a-la-organizacion-de-empresas-2\/unidad-didactica-10-internacionalizacion-de-la-empresa\/4-riesgos-e-inconvenientes-asociados-a-la-internacionalizacion-de-la-empresa\/\"]}]},{\"@type\":\"BreadcrumbList\",\"@id\":\"https:\/\/blogs.udima.es\/administracion-y-direccion-de-empresas\/libros\/introduccion-a-la-organizacion-de-empresas-2\/unidad-didactica-10-internacionalizacion-de-la-empresa\/4-riesgos-e-inconvenientes-asociados-a-la-internacionalizacion-de-la-empresa\/#breadcrumb\",\"itemListElement\":[{\"@type\":\"ListItem\",\"position\":1,\"name\":\"Portada\",\"item\":\"https:\/\/blogs.udima.es\/administracion-y-direccion-de-empresas\/\"},{\"@type\":\"ListItem\",\"position\":2,\"name\":\"Libros\",\"item\":\"https:\/\/blogs.udima.es\/administracion-y-direccion-de-empresas\/libros\/\"},{\"@type\":\"ListItem\",\"position\":3,\"name\":\"Introducci\u00f3n a la Organizaci\u00f3n de Empresas\",\"item\":\"https:\/\/blogs.udima.es\/administracion-y-direccion-de-empresas\/libros\/introduccion-a-la-organizacion-de-empresas-2\/\"},{\"@type\":\"ListItem\",\"position\":4,\"name\":\"Unidad did\u00e1ctica 10. Internacionalizaci\u00f3n de la empresa\",\"item\":\"https:\/\/blogs.udima.es\/administracion-y-direccion-de-empresas\/libros\/introduccion-a-la-organizacion-de-empresas-2\/unidad-didactica-10-internacionalizacion-de-la-empresa\/\"},{\"@type\":\"ListItem\",\"position\":5,\"name\":\"4. Riesgos e inconvenientes asociados a la internacionalizaci\u00f3n de la empresa\"}]},{\"@type\":\"WebSite\",\"@id\":\"https:\/\/blogs.udima.es\/administracion-y-direccion-de-empresas\/#website\",\"url\":\"https:\/\/blogs.udima.es\/administracion-y-direccion-de-empresas\/\",\"name\":\"Blog de ADE - Universidad a Distancia de Madrid | UDIMA\",\"description\":\"\",\"potentialAction\":[{\"@type\":\"SearchAction\",\"target\":{\"@type\":\"EntryPoint\",\"urlTemplate\":\"https:\/\/blogs.udima.es\/administracion-y-direccion-de-empresas\/?s={search_term_string}\"},\"query-input\":\"required name=search_term_string\"}],\"inLanguage\":\"es\"}]}<\/script>\n<!-- \/ Yoast SEO plugin. -->","yoast_head_json":{"title":"4. Riesgos e inconvenientes asociados a la internacionalizaci\u00f3n de la empresa - Blog de ADE","robots":{"index":"index","follow":"follow","max-snippet":"max-snippet:-1","max-image-preview":"max-image-preview:large","max-video-preview":"max-video-preview:-1"},"canonical":"https:\/\/blogs.udima.es\/administracion-y-direccion-de-empresas\/libros\/introduccion-a-la-organizacion-de-empresas-2\/unidad-didactica-10-internacionalizacion-de-la-empresa\/4-riesgos-e-inconvenientes-asociados-a-la-internacionalizacion-de-la-empresa\/","og_locale":"es_ES","og_type":"article","og_title":"4. Riesgos e inconvenientes asociados a la internacionalizaci\u00f3n de la empresa - Blog de ADE","og_description":"El riesgo en los negocios o la contingencia futura de ganar o perder es una variable inherente a toda decisi\u00f3n empresarial. Sin duda es una de las principales consideraciones que debe afrontar la direcci\u00f3n al evaluar su proyecto de inversi\u00f3n, en este caso de internacionalizaci\u00f3n. La posibilidad de que se presenten situaciones adversas que puedan [&hellip;]","og_url":"https:\/\/blogs.udima.es\/administracion-y-direccion-de-empresas\/libros\/introduccion-a-la-organizacion-de-empresas-2\/unidad-didactica-10-internacionalizacion-de-la-empresa\/4-riesgos-e-inconvenientes-asociados-a-la-internacionalizacion-de-la-empresa\/","og_site_name":"Blog de ADE - Universidad a Distancia de Madrid | UDIMA","twitter_card":"summary_large_image","twitter_misc":{"Tiempo de lectura":"5 minutos"},"schema":{"@context":"https:\/\/schema.org","@graph":[{"@type":"WebPage","@id":"https:\/\/blogs.udima.es\/administracion-y-direccion-de-empresas\/libros\/introduccion-a-la-organizacion-de-empresas-2\/unidad-didactica-10-internacionalizacion-de-la-empresa\/4-riesgos-e-inconvenientes-asociados-a-la-internacionalizacion-de-la-empresa\/","url":"https:\/\/blogs.udima.es\/administracion-y-direccion-de-empresas\/libros\/introduccion-a-la-organizacion-de-empresas-2\/unidad-didactica-10-internacionalizacion-de-la-empresa\/4-riesgos-e-inconvenientes-asociados-a-la-internacionalizacion-de-la-empresa\/","name":"4. Riesgos e inconvenientes asociados a la internacionalizaci\u00f3n de la empresa - Blog de ADE","isPartOf":{"@id":"https:\/\/blogs.udima.es\/administracion-y-direccion-de-empresas\/#website"},"datePublished":"2010-12-31T09:47:57+00:00","dateModified":"2010-12-31T09:47:57+00:00","breadcrumb":{"@id":"https:\/\/blogs.udima.es\/administracion-y-direccion-de-empresas\/libros\/introduccion-a-la-organizacion-de-empresas-2\/unidad-didactica-10-internacionalizacion-de-la-empresa\/4-riesgos-e-inconvenientes-asociados-a-la-internacionalizacion-de-la-empresa\/#breadcrumb"},"inLanguage":"es","potentialAction":[{"@type":"ReadAction","target":["https:\/\/blogs.udima.es\/administracion-y-direccion-de-empresas\/libros\/introduccion-a-la-organizacion-de-empresas-2\/unidad-didactica-10-internacionalizacion-de-la-empresa\/4-riesgos-e-inconvenientes-asociados-a-la-internacionalizacion-de-la-empresa\/"]}]},{"@type":"BreadcrumbList","@id":"https:\/\/blogs.udima.es\/administracion-y-direccion-de-empresas\/libros\/introduccion-a-la-organizacion-de-empresas-2\/unidad-didactica-10-internacionalizacion-de-la-empresa\/4-riesgos-e-inconvenientes-asociados-a-la-internacionalizacion-de-la-empresa\/#breadcrumb","itemListElement":[{"@type":"ListItem","position":1,"name":"Portada","item":"https:\/\/blogs.udima.es\/administracion-y-direccion-de-empresas\/"},{"@type":"ListItem","position":2,"name":"Libros","item":"https:\/\/blogs.udima.es\/administracion-y-direccion-de-empresas\/libros\/"},{"@type":"ListItem","position":3,"name":"Introducci\u00f3n a la Organizaci\u00f3n de Empresas","item":"https:\/\/blogs.udima.es\/administracion-y-direccion-de-empresas\/libros\/introduccion-a-la-organizacion-de-empresas-2\/"},{"@type":"ListItem","position":4,"name":"Unidad did\u00e1ctica 10. Internacionalizaci\u00f3n de la empresa","item":"https:\/\/blogs.udima.es\/administracion-y-direccion-de-empresas\/libros\/introduccion-a-la-organizacion-de-empresas-2\/unidad-didactica-10-internacionalizacion-de-la-empresa\/"},{"@type":"ListItem","position":5,"name":"4. Riesgos e inconvenientes asociados a la internacionalizaci\u00f3n de la empresa"}]},{"@type":"WebSite","@id":"https:\/\/blogs.udima.es\/administracion-y-direccion-de-empresas\/#website","url":"https:\/\/blogs.udima.es\/administracion-y-direccion-de-empresas\/","name":"Blog de ADE - Universidad a Distancia de Madrid | UDIMA","description":"","potentialAction":[{"@type":"SearchAction","target":{"@type":"EntryPoint","urlTemplate":"https:\/\/blogs.udima.es\/administracion-y-direccion-de-empresas\/?s={search_term_string}"},"query-input":"required name=search_term_string"}],"inLanguage":"es"}]}},"_links":{"self":[{"href":"https:\/\/blogs.udima.es\/administracion-y-direccion-de-empresas\/wp-json\/wp\/v2\/pages\/646"}],"collection":[{"href":"https:\/\/blogs.udima.es\/administracion-y-direccion-de-empresas\/wp-json\/wp\/v2\/pages"}],"about":[{"href":"https:\/\/blogs.udima.es\/administracion-y-direccion-de-empresas\/wp-json\/wp\/v2\/types\/page"}],"author":[{"embeddable":true,"href":"https:\/\/blogs.udima.es\/administracion-y-direccion-de-empresas\/wp-json\/wp\/v2\/users\/2"}],"replies":[{"embeddable":true,"href":"https:\/\/blogs.udima.es\/administracion-y-direccion-de-empresas\/wp-json\/wp\/v2\/comments?post=646"}],"version-history":[{"count":1,"href":"https:\/\/blogs.udima.es\/administracion-y-direccion-de-empresas\/wp-json\/wp\/v2\/pages\/646\/revisions"}],"predecessor-version":[{"id":2389,"href":"https:\/\/blogs.udima.es\/administracion-y-direccion-de-empresas\/wp-json\/wp\/v2\/pages\/646\/revisions\/2389"}],"up":[{"embeddable":true,"href":"https:\/\/blogs.udima.es\/administracion-y-direccion-de-empresas\/wp-json\/wp\/v2\/pages\/626"}],"wp:attachment":[{"href":"https:\/\/blogs.udima.es\/administracion-y-direccion-de-empresas\/wp-json\/wp\/v2\/media?parent=646"}],"curies":[{"name":"wp","href":"https:\/\/api.w.org\/{rel}","templated":true}]}}