{"id":405,"date":"2010-12-30T11:43:21","date_gmt":"2010-12-30T11:43:21","guid":{"rendered":"http:\/\/www.adeudima.com\/?page_id=405"},"modified":"2010-12-30T11:43:21","modified_gmt":"2010-12-30T11:43:21","slug":"6-resumen","status":"publish","type":"page","link":"https:\/\/blogs.udima.es\/administracion-y-direccion-de-empresas\/libros\/introduccion-a-la-organizacion-de-empresas-2\/unidad-didactica-5-el-sistema-de-produccion-de-la-empresa\/6-resumen\/","title":{"rendered":"6. Resumen"},"content":{"rendered":"<p>El sistema de producci\u00f3n ha sido normalmente el  aspecto del sistema  t\u00e9cnico que ha justificado el papel de la empresa como  unidad b\u00e1sica de  la econom\u00eda de mercado.<\/p>\n<p>Modernamente se define como direcci\u00f3n de operaciones  el conjunto de  procesos, procedimientos, m\u00e9todos y t\u00e9cnicas que permiten la  obtenci\u00f3n  de los bienes y servicios de la empresa, de forma que la adopci\u00f3n de   unas decisiones incremente el valor de dichos productos para satisfacer  una  demanda.<\/p>\n<p>El sistema de producci\u00f3n presenta una estructura por  la que se  transforma un valor gracias a una tecnolog\u00eda, proceso que se compone  de  un conjunto de actividades vinculadas o cadena en la que el fin \u00faltimo  es  maximizar un margen y lograr un valor para el cliente.<\/p>\n<p>Las decisiones b\u00e1sicas giran en torno a la elecci\u00f3n  del tipo de  proceso y de su capacidad (dise\u00f1o), de los inventarios, de la  fuerza de  trabajo y de la calidad.<\/p>\n<p>Existen diversas clases de  procesos de producci\u00f3n, a tenor de  distintas caracter\u00edsticas, destacando los  que trabajan en serie (o  producci\u00f3n continua) y los intermitentes (o por  pedido); los de  producci\u00f3n simple y m\u00faltiple y los que, seg\u00fan la secuencia de   actividades, act\u00faan de forma monoetapa, bietapa y multietapa.<\/p>\n<p>El dise\u00f1o del sistema de producci\u00f3n representa  normalmente una  decisi\u00f3n a largo plazo, vinculada a los aspectos b\u00e1sicos de  tipos de  productos, clases de procesos, capacidad productiva y otras cuestiones   vinculadas con la localizaci\u00f3n y distribuci\u00f3n en planta y las pol\u00edticas   generales sobre inventarios, tareas y puestos, calidad y mantenimiento.  Frente  a estas decisiones surgen las operativas a corto plazo, que  constituyen las  acciones propias del plan de producci\u00f3n de la empresa.<\/p>\n<p>Los costes de producci\u00f3n representan uno de los  temas de mayor  preocupaci\u00f3n de la direcci\u00f3n de operaciones. El proceso de  c\u00e1lculo del  coste parte del conocimiento de las categor\u00edas b\u00e1sicas: variables y   fijos y directos e indirectos. Con estas distinciones se puede pasar a  la  localizaci\u00f3n del coste por centros de trabajo y, finalmente, a su  imputaci\u00f3n a  los portadores del coste o productos. Como el problema  b\u00e1sico radica en la  distribuci\u00f3n de los costes fijos o de los  indirectos, normalmente asociados al  periodo, se proponen dos modelos: <em>direct costing<\/em> y sistema ABC. El  primero consiste en valorar el producto por los  costes directos, lo que da  lugar a un an\u00e1lisis de m\u00e1rgenes en cadena o  contribuci\u00f3n de los diferentes  productos y grupos a superar los costes  fijos y lograr un beneficio, y el  segundo en valorar el producto por el  coste de los materiales e imputar el resto  de los costes a las  actividades que los elaboran, a trav\u00e9s de las cuales se  podr\u00e1n imputar a  los productos seg\u00fan el uso de aquellas.<\/p>\n<p>Existe un conjunto de modelos y t\u00e9cnicas que  desarrollan la  planificaci\u00f3n de la producci\u00f3n. Primero hay definir la planificaci\u00f3n   agregada y despu\u00e9s concretarla a corto y medio plazo en un plan maestro,  el  cual indicar\u00e1 qu\u00e9, cu\u00e1nto, y cu\u00e1ndo hay que fabricar. Para su  programaci\u00f3n se  pueden emplear m\u00e9todos operativos, caso de la  programaci\u00f3n lineal y otros  m\u00e9todos caracter\u00edsticos de planificaci\u00f3n y  control de inventarios y de  limitaciones de capacidad, como son los  sistemas EOQ, MRP I y MRP II, el CRP o  el JIT. Una vez resuelto el  problema de producci\u00f3n, se pone en pr\u00e1ctica y se  controla tanto en su  proceso temporal, cantidad, como calidad.<\/p>\n<p>La flexibilidad de la producci\u00f3n ha sido la  respuesta necesaria a  los cambios de la demanda y a las nuevas condiciones  competitivas. Los  sistemas flexibles de fabricaci\u00f3n se han desarrollado gracias  a las  tecnolog\u00edas de la informaci\u00f3n y al uso intensivo del ordenador, lo que  ha  permitido producir diversidad de art\u00edculos, con series m\u00e1s cortas,  con m\u00e1s  productividad y calidad y con menos costes. En este enfoque  destaca la  filosof\u00eda JIT o <em>just in time<\/em>, consistente en fabricar y vender lo que se  necesita, cuando y como se necesita. Esto se instrumentaliza con el sistema <em>kan-ban<\/em>, conocido por su gran difusi\u00f3n y \u00e9xito en las empresas japonesas, especialmente  Toyota.<\/p>\n<p>Por \u00faltimo, este nuevo enfoque ha permitido pasar de  un control de  calidad de la producci\u00f3n de tipo tradicional y de base  estad\u00edstica a  una nueva filosof\u00eda orientada a la \u00abcalidad total\u00bb, que globaliza  tanto  la calidad y satisfacci\u00f3n del cliente externo, como la calidad como <em>output<\/em> de cada actividad empresarial u orientada a la satisfacci\u00f3n del cliente   interno, el cual integra la cadena de la calidad de la organizaci\u00f3n.<\/p>\n","protected":false},"excerpt":{"rendered":"<p>El sistema de producci\u00f3n ha sido normalmente el aspecto del sistema t\u00e9cnico que ha justificado el papel de la empresa como unidad b\u00e1sica de la econom\u00eda de mercado. Modernamente se define como direcci\u00f3n de operaciones el conjunto de procesos, procedimientos, m\u00e9todos y t\u00e9cnicas que permiten la obtenci\u00f3n de los bienes y servicios de la empresa, [&hellip;]<\/p>\n","protected":false},"author":2,"featured_media":0,"parent":360,"menu_order":0,"comment_status":"open","ping_status":"open","template":"","meta":{"footnotes":""},"yoast_head":"<!-- This site is optimized with the Yoast SEO plugin v22.9 - https:\/\/yoast.com\/wordpress\/plugins\/seo\/ -->\n<title>6. Resumen - Blog de ADE<\/title>\n<meta name=\"robots\" content=\"index, follow, max-snippet:-1, max-image-preview:large, max-video-preview:-1\" \/>\n<link rel=\"canonical\" href=\"https:\/\/blogs.udima.es\/administracion-y-direccion-de-empresas\/libros\/introduccion-a-la-organizacion-de-empresas-2\/unidad-didactica-5-el-sistema-de-produccion-de-la-empresa\/6-resumen\/\" \/>\n<meta property=\"og:locale\" content=\"es_ES\" \/>\n<meta property=\"og:type\" content=\"article\" \/>\n<meta property=\"og:title\" content=\"6. Resumen - Blog de ADE\" \/>\n<meta property=\"og:description\" content=\"El sistema de producci\u00f3n ha sido normalmente el aspecto del sistema t\u00e9cnico que ha justificado el papel de la empresa como unidad b\u00e1sica de la econom\u00eda de mercado. Modernamente se define como direcci\u00f3n de operaciones el conjunto de procesos, procedimientos, m\u00e9todos y t\u00e9cnicas que permiten la obtenci\u00f3n de los bienes y servicios de la empresa, [&hellip;]\" \/>\n<meta property=\"og:url\" content=\"https:\/\/blogs.udima.es\/administracion-y-direccion-de-empresas\/libros\/introduccion-a-la-organizacion-de-empresas-2\/unidad-didactica-5-el-sistema-de-produccion-de-la-empresa\/6-resumen\/\" \/>\n<meta property=\"og:site_name\" content=\"Blog de ADE - Universidad a Distancia de Madrid | UDIMA\" \/>\n<meta name=\"twitter:card\" content=\"summary_large_image\" \/>\n<meta name=\"twitter:label1\" content=\"Tiempo de lectura\" \/>\n\t<meta name=\"twitter:data1\" content=\"4 minutos\" \/>\n<script type=\"application\/ld+json\" class=\"yoast-schema-graph\">{\"@context\":\"https:\/\/schema.org\",\"@graph\":[{\"@type\":\"WebPage\",\"@id\":\"https:\/\/blogs.udima.es\/administracion-y-direccion-de-empresas\/libros\/introduccion-a-la-organizacion-de-empresas-2\/unidad-didactica-5-el-sistema-de-produccion-de-la-empresa\/6-resumen\/\",\"url\":\"https:\/\/blogs.udima.es\/administracion-y-direccion-de-empresas\/libros\/introduccion-a-la-organizacion-de-empresas-2\/unidad-didactica-5-el-sistema-de-produccion-de-la-empresa\/6-resumen\/\",\"name\":\"6. Resumen - Blog de ADE\",\"isPartOf\":{\"@id\":\"https:\/\/blogs.udima.es\/administracion-y-direccion-de-empresas\/#website\"},\"datePublished\":\"2010-12-30T11:43:21+00:00\",\"dateModified\":\"2010-12-30T11:43:21+00:00\",\"breadcrumb\":{\"@id\":\"https:\/\/blogs.udima.es\/administracion-y-direccion-de-empresas\/libros\/introduccion-a-la-organizacion-de-empresas-2\/unidad-didactica-5-el-sistema-de-produccion-de-la-empresa\/6-resumen\/#breadcrumb\"},\"inLanguage\":\"es\",\"potentialAction\":[{\"@type\":\"ReadAction\",\"target\":[\"https:\/\/blogs.udima.es\/administracion-y-direccion-de-empresas\/libros\/introduccion-a-la-organizacion-de-empresas-2\/unidad-didactica-5-el-sistema-de-produccion-de-la-empresa\/6-resumen\/\"]}]},{\"@type\":\"BreadcrumbList\",\"@id\":\"https:\/\/blogs.udima.es\/administracion-y-direccion-de-empresas\/libros\/introduccion-a-la-organizacion-de-empresas-2\/unidad-didactica-5-el-sistema-de-produccion-de-la-empresa\/6-resumen\/#breadcrumb\",\"itemListElement\":[{\"@type\":\"ListItem\",\"position\":1,\"name\":\"Portada\",\"item\":\"https:\/\/blogs.udima.es\/administracion-y-direccion-de-empresas\/\"},{\"@type\":\"ListItem\",\"position\":2,\"name\":\"Libros\",\"item\":\"https:\/\/blogs.udima.es\/administracion-y-direccion-de-empresas\/libros\/\"},{\"@type\":\"ListItem\",\"position\":3,\"name\":\"Introducci\u00f3n a la Organizaci\u00f3n de Empresas\",\"item\":\"https:\/\/blogs.udima.es\/administracion-y-direccion-de-empresas\/libros\/introduccion-a-la-organizacion-de-empresas-2\/\"},{\"@type\":\"ListItem\",\"position\":4,\"name\":\"Unidad did\u00e1ctica 5. El sistema de producci\u00f3n de la empresa\",\"item\":\"https:\/\/blogs.udima.es\/administracion-y-direccion-de-empresas\/libros\/introduccion-a-la-organizacion-de-empresas-2\/unidad-didactica-5-el-sistema-de-produccion-de-la-empresa\/\"},{\"@type\":\"ListItem\",\"position\":5,\"name\":\"6. Resumen\"}]},{\"@type\":\"WebSite\",\"@id\":\"https:\/\/blogs.udima.es\/administracion-y-direccion-de-empresas\/#website\",\"url\":\"https:\/\/blogs.udima.es\/administracion-y-direccion-de-empresas\/\",\"name\":\"Blog de ADE - Universidad a Distancia de Madrid | UDIMA\",\"description\":\"\",\"potentialAction\":[{\"@type\":\"SearchAction\",\"target\":{\"@type\":\"EntryPoint\",\"urlTemplate\":\"https:\/\/blogs.udima.es\/administracion-y-direccion-de-empresas\/?s={search_term_string}\"},\"query-input\":\"required name=search_term_string\"}],\"inLanguage\":\"es\"}]}<\/script>\n<!-- \/ Yoast SEO plugin. -->","yoast_head_json":{"title":"6. Resumen - Blog de ADE","robots":{"index":"index","follow":"follow","max-snippet":"max-snippet:-1","max-image-preview":"max-image-preview:large","max-video-preview":"max-video-preview:-1"},"canonical":"https:\/\/blogs.udima.es\/administracion-y-direccion-de-empresas\/libros\/introduccion-a-la-organizacion-de-empresas-2\/unidad-didactica-5-el-sistema-de-produccion-de-la-empresa\/6-resumen\/","og_locale":"es_ES","og_type":"article","og_title":"6. Resumen - Blog de ADE","og_description":"El sistema de producci\u00f3n ha sido normalmente el aspecto del sistema t\u00e9cnico que ha justificado el papel de la empresa como unidad b\u00e1sica de la econom\u00eda de mercado. Modernamente se define como direcci\u00f3n de operaciones el conjunto de procesos, procedimientos, m\u00e9todos y t\u00e9cnicas que permiten la obtenci\u00f3n de los bienes y servicios de la empresa, [&hellip;]","og_url":"https:\/\/blogs.udima.es\/administracion-y-direccion-de-empresas\/libros\/introduccion-a-la-organizacion-de-empresas-2\/unidad-didactica-5-el-sistema-de-produccion-de-la-empresa\/6-resumen\/","og_site_name":"Blog de ADE - Universidad a Distancia de Madrid | UDIMA","twitter_card":"summary_large_image","twitter_misc":{"Tiempo de lectura":"4 minutos"},"schema":{"@context":"https:\/\/schema.org","@graph":[{"@type":"WebPage","@id":"https:\/\/blogs.udima.es\/administracion-y-direccion-de-empresas\/libros\/introduccion-a-la-organizacion-de-empresas-2\/unidad-didactica-5-el-sistema-de-produccion-de-la-empresa\/6-resumen\/","url":"https:\/\/blogs.udima.es\/administracion-y-direccion-de-empresas\/libros\/introduccion-a-la-organizacion-de-empresas-2\/unidad-didactica-5-el-sistema-de-produccion-de-la-empresa\/6-resumen\/","name":"6. Resumen - Blog de ADE","isPartOf":{"@id":"https:\/\/blogs.udima.es\/administracion-y-direccion-de-empresas\/#website"},"datePublished":"2010-12-30T11:43:21+00:00","dateModified":"2010-12-30T11:43:21+00:00","breadcrumb":{"@id":"https:\/\/blogs.udima.es\/administracion-y-direccion-de-empresas\/libros\/introduccion-a-la-organizacion-de-empresas-2\/unidad-didactica-5-el-sistema-de-produccion-de-la-empresa\/6-resumen\/#breadcrumb"},"inLanguage":"es","potentialAction":[{"@type":"ReadAction","target":["https:\/\/blogs.udima.es\/administracion-y-direccion-de-empresas\/libros\/introduccion-a-la-organizacion-de-empresas-2\/unidad-didactica-5-el-sistema-de-produccion-de-la-empresa\/6-resumen\/"]}]},{"@type":"BreadcrumbList","@id":"https:\/\/blogs.udima.es\/administracion-y-direccion-de-empresas\/libros\/introduccion-a-la-organizacion-de-empresas-2\/unidad-didactica-5-el-sistema-de-produccion-de-la-empresa\/6-resumen\/#breadcrumb","itemListElement":[{"@type":"ListItem","position":1,"name":"Portada","item":"https:\/\/blogs.udima.es\/administracion-y-direccion-de-empresas\/"},{"@type":"ListItem","position":2,"name":"Libros","item":"https:\/\/blogs.udima.es\/administracion-y-direccion-de-empresas\/libros\/"},{"@type":"ListItem","position":3,"name":"Introducci\u00f3n a la Organizaci\u00f3n de Empresas","item":"https:\/\/blogs.udima.es\/administracion-y-direccion-de-empresas\/libros\/introduccion-a-la-organizacion-de-empresas-2\/"},{"@type":"ListItem","position":4,"name":"Unidad did\u00e1ctica 5. El sistema de producci\u00f3n de la empresa","item":"https:\/\/blogs.udima.es\/administracion-y-direccion-de-empresas\/libros\/introduccion-a-la-organizacion-de-empresas-2\/unidad-didactica-5-el-sistema-de-produccion-de-la-empresa\/"},{"@type":"ListItem","position":5,"name":"6. Resumen"}]},{"@type":"WebSite","@id":"https:\/\/blogs.udima.es\/administracion-y-direccion-de-empresas\/#website","url":"https:\/\/blogs.udima.es\/administracion-y-direccion-de-empresas\/","name":"Blog de ADE - Universidad a Distancia de Madrid | UDIMA","description":"","potentialAction":[{"@type":"SearchAction","target":{"@type":"EntryPoint","urlTemplate":"https:\/\/blogs.udima.es\/administracion-y-direccion-de-empresas\/?s={search_term_string}"},"query-input":"required name=search_term_string"}],"inLanguage":"es"}]}},"_links":{"self":[{"href":"https:\/\/blogs.udima.es\/administracion-y-direccion-de-empresas\/wp-json\/wp\/v2\/pages\/405"}],"collection":[{"href":"https:\/\/blogs.udima.es\/administracion-y-direccion-de-empresas\/wp-json\/wp\/v2\/pages"}],"about":[{"href":"https:\/\/blogs.udima.es\/administracion-y-direccion-de-empresas\/wp-json\/wp\/v2\/types\/page"}],"author":[{"embeddable":true,"href":"https:\/\/blogs.udima.es\/administracion-y-direccion-de-empresas\/wp-json\/wp\/v2\/users\/2"}],"replies":[{"embeddable":true,"href":"https:\/\/blogs.udima.es\/administracion-y-direccion-de-empresas\/wp-json\/wp\/v2\/comments?post=405"}],"version-history":[{"count":0,"href":"https:\/\/blogs.udima.es\/administracion-y-direccion-de-empresas\/wp-json\/wp\/v2\/pages\/405\/revisions"}],"up":[{"embeddable":true,"href":"https:\/\/blogs.udima.es\/administracion-y-direccion-de-empresas\/wp-json\/wp\/v2\/pages\/360"}],"wp:attachment":[{"href":"https:\/\/blogs.udima.es\/administracion-y-direccion-de-empresas\/wp-json\/wp\/v2\/media?parent=405"}],"curies":[{"name":"wp","href":"https:\/\/api.w.org\/{rel}","templated":true}]}}