{"id":336,"date":"2010-12-30T10:47:19","date_gmt":"2010-12-30T10:47:19","guid":{"rendered":"http:\/\/www.adeudima.com\/?page_id=336"},"modified":"2010-12-30T10:47:19","modified_gmt":"2010-12-30T10:47:19","slug":"3-evolucion-historica-de-la-funcion-financiera-de-las-organizaciones","status":"publish","type":"page","link":"https:\/\/blogs.udima.es\/administracion-y-direccion-de-empresas\/libros\/introduccion-a-la-organizacion-de-empresas-2\/unidad-didactica-4-el-sistema-de-financiacion-de-la-empresa\/3-evolucion-historica-de-la-funcion-financiera-de-las-organizaciones\/","title":{"rendered":"3. Evoluci\u00f3n hist\u00f3rica de la funci\u00f3n financiera de las organizaciones"},"content":{"rendered":"<p>En un  principio, tal y como se ha introducido en la Unidad did\u00e1ctica  3 anterior, el \u00e1rea o sistema  funcional que ocup\u00f3 la m\u00e1xima atenci\u00f3n  de la direcci\u00f3n general de las empresas  fue la <strong>producci\u00f3n<\/strong>.  Actividad que hubo de evolucionar desde la manufactura  artesanal,  propia de una econom\u00eda parcelada, hasta los procesos de fabricaci\u00f3n  a  gran escala orientados al consumo en masa. Naturalmente, aunque con  menor experiencia,  las otras \u00e1reas o sistemas funcionales, analizados  en las Unidades did\u00e1cticas 1  y 3, estaban ya en desarrollo y m\u00e1s o  menos evolucionados, pero no  condicionaban tanto ni tan generalmente el  crecimiento o la supervivencia de la  empresa como sistema.<\/p>\n<p>Una vez que  se iba solucionando el problema de producir, la  direcci\u00f3n hubo de dedicarse a  la distribuci\u00f3n y comercializaci\u00f3n de los  productos. La funci\u00f3n comercial dio  un gran salto que fue desde la  venta local y selectiva a la expansi\u00f3n a nuevos  mercados y a la venta  internacional y masiva.<\/p>\n<p>El inter\u00e9s  por la funci\u00f3n financiera se hizo cr\u00edtico cuando fue  crucial el generar,  ordenar, planificar y distribuir los recursos  necesarios para mantener en  movimiento los subsistemas de producci\u00f3n y  venta, y cuando las rutinas  contables de informaci\u00f3n y an\u00e1lisis, en  t\u00e9rminos monetarios, del conjunto de  transacciones y actividades de la  empresa resultaron insuficientes (P\u00e9rez  Carballo <em>et al.<\/em>, 1997).<\/p>\n<p>Es l\u00f3gico  pensar que estas apreciaciones deben ser muy matizadas,  dependiendo de los  sectores de actividad, pues las caracter\u00edsticas  fundamentales de estos pueden  llegar a ser determinantes, hasta el  punto de que en ciertos tipos de empresa  ser\u00e1n los problemas de  producci\u00f3n, o los de marketing o los financieros u otros,  el centro de  atenci\u00f3n de los directivos, orient\u00e1ndose toda la actividad de la   empresa hacia esa funci\u00f3n.<\/p>\n<p>La funci\u00f3n financiera tiene un origen  contable, pues nace asociada  al apunte monetario de las transacciones de la  empresa que se remonta a  finales del siglo XIV. Ahora bien, las finanzas como  disciplina  aut\u00f3noma de la   Econom\u00eda y orientada hacia la empresa se inician a  principios  del siglo XX en los pa\u00edses capitalistas o con econom\u00eda de  mercado.<\/p>\n<p>Para entender la evoluci\u00f3n de la  funci\u00f3n financiera durante su  etapa de desarrollo a lo largo del siglo pasado y  principios del  actual, ella est\u00e1 vinculada al contexto econ\u00f3mico en\u00a0 el que se  desenvuelve. Esto se evidencia si  se observa, como intenta reflejar la  tabla 3, el calendario de temas  financieros que fueron en su momento de  mayor actualidad para Estados Unidos,  en un principio, y para la  pr\u00e1ctica de la gesti\u00f3n financiera para todo el mundo  desde finales del  siglo pasado.<\/p>\n<p><span style=\"text-decoration: underline;\">TABLA 3<\/span><\/p>\n<table style=\"height: 693px;\" border=\"0\" cellspacing=\"0\" cellpadding=\"5\" width=\"746\" align=\"center\">\n<tbody>\n<tr>\n<td colspan=\"2\">\n<div><strong>A.\u00a0    Intereses financieros predominantes en EE UU durante el periodo    1900-1980<\/strong><\/div>\n<\/td>\n<\/tr>\n<tr>\n<td>\n<div><strong>Per\u00edodo<\/strong><\/div>\n<\/td>\n<td>\n<div><strong>Inter\u00e9s centrado en <\/strong><\/div>\n<\/td>\n<\/tr>\n<tr>\n<td>Hasta    1900<\/td>\n<td valign=\"top\">Instituciones,    instrumentos y procedimientos existentes en el mercado de capitales.<br \/>\nRegistro    de operaciones y gesti\u00f3n de la tesorer\u00eda.<\/td>\n<\/tr>\n<tr>\n<td>1901-1920.    Concentraci\u00f3n industrial<\/td>\n<td valign=\"top\">Combinaci\u00f3n    y fusi\u00f3n de empresas.<br \/>\nPublicaci\u00f3n    de informes financieros por exigencias legales.<\/td>\n<\/tr>\n<tr>\n<td>1921-1929.    Innovaci\u00f3n tecnol\u00f3gica\/crecimiento de nuevas empresas<\/td>\n<td valign=\"top\">Financiaci\u00f3n    externa v\u00eda acciones ordinarias y captaci\u00f3n de recursos ajenos.<\/td>\n<\/tr>\n<tr>\n<td>1930-1939.    Crisis econ\u00f3mica<\/td>\n<td valign=\"top\">Mantenimiento    de la liquidez.<br \/>\nQuiebras    y liquidaciones. Reorganizaciones. Garant\u00edas para recursos ajenos    (prestamistas).<br \/>\nReglamentaciones    y controles gubernamentales.<br \/>\nDesarrollo    del an\u00e1lisis y de la informaci\u00f3n financiera.<\/td>\n<\/tr>\n<tr>\n<td valign=\"top\">1940-1950.    Econom\u00eda de guerra<\/td>\n<td valign=\"top\">An\u00e1lisis    de inversiones desde la perspectiva de prestamistas o inversores potenciales.<br \/>\nPlanificaci\u00f3n    y control.<\/td>\n<\/tr>\n<tr>\n<td valign=\"top\">1951-1960.    Fase de expansi\u00f3n econ\u00f3mica (I)<\/td>\n<td valign=\"top\">Evaluaci\u00f3n,    selecci\u00f3n y planificaci\u00f3n de proyectos de inversi\u00f3n.<br \/>\nAdministraci\u00f3n    de activos.<br \/>\nCriterios    de valoraci\u00f3n de empresas.<br \/>\nPol\u00edtica    de dividendos.<\/td>\n<\/tr>\n<tr>\n<td valign=\"top\">1961-1973.    Fase de expansi\u00f3n econ\u00f3mica (II)<\/td>\n<td valign=\"top\">Introducci\u00f3n    de los m\u00e9todos cuantitativos.<br \/>\nAplicaci\u00f3n    de la inform\u00e1tica y la investigaci\u00f3n operativa.<br \/>\nOperaciones    internacionales.<br \/>\nToma de    decisiones financieras.<\/td>\n<\/tr>\n<tr>\n<td valign=\"top\">1973-1980.    Crisis de la energ\u00eda<\/td>\n<td valign=\"top\">Relaciones    con el entorno econ\u00f3mico: inflaci\u00f3n y recesi\u00f3n.<br \/>\nInternacionalizaci\u00f3n    de la econom\u00eda.<\/td>\n<\/tr>\n<tr>\n<td valign=\"top\">D\u00e9cada    de los ochenta<\/td>\n<td valign=\"top\">Reducci\u00f3n    costes financieros.<br \/>\nGesti\u00f3n    del riesgo financiero derivado de la volatilidad de los mercados.<\/td>\n<\/tr>\n<tr>\n<td colspan=\"2\">\n<div><strong>B.\u00a0 Intereses financieros predominantes en el    mundo desde 1990<\/strong><\/div>\n<\/td>\n<\/tr>\n<tr>\n<td valign=\"top\">D\u00e9cada    de los noventa. La burbuja financiera. Globalizaci\u00f3n de la econom\u00eda (I)<br \/>\nCrisis    asi\u00e1tica en 1997<\/td>\n<td valign=\"top\">Captaci\u00f3n    fondos para colocar.<br \/>\nObtenci\u00f3n    f\u00e1cil de pr\u00e9stamos.<br \/>\nGesti\u00f3n    de carteras.<\/td>\n<\/tr>\n<tr>\n<td valign=\"top\">Siglo    XXI. Globalizaci\u00f3n de la econom\u00eda (II) Crisis de las \u00abpunto.com\u00bb<\/td>\n<td valign=\"top\">Burbuja    especulativa donde todo el mundo invierte. Afectaci\u00f3n especial en EE UU.<br \/>\nEvitar    esc\u00e1ndalos y demostrar profesionalidad personal.<\/td>\n<\/tr>\n<tr>\n<td valign=\"top\">Recesi\u00f3n    mundial<\/td>\n<td valign=\"top\">Riesgo    del sistema a nivel global. Crisis de confianza.<br \/>\nFalta de    liquidez.<br \/>\nFalta de    solvencia.<\/td>\n<\/tr>\n<tr>\n<td colspan=\"2\">\n<div><strong>Fuente:<\/strong> <em>Van  Horne (1990) P\u00e9rez Carballo et al. (1997) y elaboraci\u00f3n propia<\/em><\/div>\n<\/td>\n<\/tr>\n<\/tbody>\n<\/table>\n","protected":false},"excerpt":{"rendered":"<p>En un principio, tal y como se ha introducido en la Unidad did\u00e1ctica 3 anterior, el \u00e1rea o sistema funcional que ocup\u00f3 la m\u00e1xima atenci\u00f3n de la direcci\u00f3n general de las empresas fue la producci\u00f3n. Actividad que hubo de evolucionar desde la manufactura artesanal, propia de una econom\u00eda parcelada, hasta los procesos de fabricaci\u00f3n a [&hellip;]<\/p>\n","protected":false},"author":2,"featured_media":0,"parent":319,"menu_order":0,"comment_status":"open","ping_status":"open","template":"","meta":{"footnotes":""},"yoast_head":"<!-- This site is optimized with the Yoast SEO plugin v22.9 - https:\/\/yoast.com\/wordpress\/plugins\/seo\/ -->\n<title>3. Evoluci\u00f3n hist\u00f3rica de la funci\u00f3n financiera de las organizaciones - Blog de ADE<\/title>\n<meta name=\"robots\" content=\"index, follow, max-snippet:-1, max-image-preview:large, max-video-preview:-1\" \/>\n<link rel=\"canonical\" href=\"https:\/\/blogs.udima.es\/administracion-y-direccion-de-empresas\/libros\/introduccion-a-la-organizacion-de-empresas-2\/unidad-didactica-4-el-sistema-de-financiacion-de-la-empresa\/3-evolucion-historica-de-la-funcion-financiera-de-las-organizaciones\/\" \/>\n<meta property=\"og:locale\" content=\"es_ES\" \/>\n<meta property=\"og:type\" content=\"article\" \/>\n<meta property=\"og:title\" content=\"3. Evoluci\u00f3n hist\u00f3rica de la funci\u00f3n financiera de las organizaciones - Blog de ADE\" \/>\n<meta property=\"og:description\" content=\"En un principio, tal y como se ha introducido en la Unidad did\u00e1ctica 3 anterior, el \u00e1rea o sistema funcional que ocup\u00f3 la m\u00e1xima atenci\u00f3n de la direcci\u00f3n general de las empresas fue la producci\u00f3n. Actividad que hubo de evolucionar desde la manufactura artesanal, propia de una econom\u00eda parcelada, hasta los procesos de fabricaci\u00f3n a [&hellip;]\" \/>\n<meta property=\"og:url\" content=\"https:\/\/blogs.udima.es\/administracion-y-direccion-de-empresas\/libros\/introduccion-a-la-organizacion-de-empresas-2\/unidad-didactica-4-el-sistema-de-financiacion-de-la-empresa\/3-evolucion-historica-de-la-funcion-financiera-de-las-organizaciones\/\" \/>\n<meta property=\"og:site_name\" content=\"Blog de ADE - Universidad a Distancia de Madrid | UDIMA\" \/>\n<meta name=\"twitter:card\" content=\"summary_large_image\" \/>\n<meta name=\"twitter:label1\" content=\"Tiempo de lectura\" \/>\n\t<meta name=\"twitter:data1\" content=\"4 minutos\" \/>\n<script type=\"application\/ld+json\" class=\"yoast-schema-graph\">{\"@context\":\"https:\/\/schema.org\",\"@graph\":[{\"@type\":\"WebPage\",\"@id\":\"https:\/\/blogs.udima.es\/administracion-y-direccion-de-empresas\/libros\/introduccion-a-la-organizacion-de-empresas-2\/unidad-didactica-4-el-sistema-de-financiacion-de-la-empresa\/3-evolucion-historica-de-la-funcion-financiera-de-las-organizaciones\/\",\"url\":\"https:\/\/blogs.udima.es\/administracion-y-direccion-de-empresas\/libros\/introduccion-a-la-organizacion-de-empresas-2\/unidad-didactica-4-el-sistema-de-financiacion-de-la-empresa\/3-evolucion-historica-de-la-funcion-financiera-de-las-organizaciones\/\",\"name\":\"3. Evoluci\u00f3n hist\u00f3rica de la funci\u00f3n financiera de las organizaciones - Blog de ADE\",\"isPartOf\":{\"@id\":\"https:\/\/blogs.udima.es\/administracion-y-direccion-de-empresas\/#website\"},\"datePublished\":\"2010-12-30T10:47:19+00:00\",\"dateModified\":\"2010-12-30T10:47:19+00:00\",\"breadcrumb\":{\"@id\":\"https:\/\/blogs.udima.es\/administracion-y-direccion-de-empresas\/libros\/introduccion-a-la-organizacion-de-empresas-2\/unidad-didactica-4-el-sistema-de-financiacion-de-la-empresa\/3-evolucion-historica-de-la-funcion-financiera-de-las-organizaciones\/#breadcrumb\"},\"inLanguage\":\"es\",\"potentialAction\":[{\"@type\":\"ReadAction\",\"target\":[\"https:\/\/blogs.udima.es\/administracion-y-direccion-de-empresas\/libros\/introduccion-a-la-organizacion-de-empresas-2\/unidad-didactica-4-el-sistema-de-financiacion-de-la-empresa\/3-evolucion-historica-de-la-funcion-financiera-de-las-organizaciones\/\"]}]},{\"@type\":\"BreadcrumbList\",\"@id\":\"https:\/\/blogs.udima.es\/administracion-y-direccion-de-empresas\/libros\/introduccion-a-la-organizacion-de-empresas-2\/unidad-didactica-4-el-sistema-de-financiacion-de-la-empresa\/3-evolucion-historica-de-la-funcion-financiera-de-las-organizaciones\/#breadcrumb\",\"itemListElement\":[{\"@type\":\"ListItem\",\"position\":1,\"name\":\"Portada\",\"item\":\"https:\/\/blogs.udima.es\/administracion-y-direccion-de-empresas\/\"},{\"@type\":\"ListItem\",\"position\":2,\"name\":\"Libros\",\"item\":\"https:\/\/blogs.udima.es\/administracion-y-direccion-de-empresas\/libros\/\"},{\"@type\":\"ListItem\",\"position\":3,\"name\":\"Introducci\u00f3n a la Organizaci\u00f3n de Empresas\",\"item\":\"https:\/\/blogs.udima.es\/administracion-y-direccion-de-empresas\/libros\/introduccion-a-la-organizacion-de-empresas-2\/\"},{\"@type\":\"ListItem\",\"position\":4,\"name\":\"Unidad did\u00e1ctica 4. El sistema de financiaci\u00f3n de la empresa\",\"item\":\"https:\/\/blogs.udima.es\/administracion-y-direccion-de-empresas\/libros\/introduccion-a-la-organizacion-de-empresas-2\/unidad-didactica-4-el-sistema-de-financiacion-de-la-empresa\/\"},{\"@type\":\"ListItem\",\"position\":5,\"name\":\"3. Evoluci\u00f3n hist\u00f3rica de la funci\u00f3n financiera de las organizaciones\"}]},{\"@type\":\"WebSite\",\"@id\":\"https:\/\/blogs.udima.es\/administracion-y-direccion-de-empresas\/#website\",\"url\":\"https:\/\/blogs.udima.es\/administracion-y-direccion-de-empresas\/\",\"name\":\"Blog de ADE - Universidad a Distancia de Madrid | UDIMA\",\"description\":\"\",\"potentialAction\":[{\"@type\":\"SearchAction\",\"target\":{\"@type\":\"EntryPoint\",\"urlTemplate\":\"https:\/\/blogs.udima.es\/administracion-y-direccion-de-empresas\/?s={search_term_string}\"},\"query-input\":\"required name=search_term_string\"}],\"inLanguage\":\"es\"}]}<\/script>\n<!-- \/ Yoast SEO plugin. -->","yoast_head_json":{"title":"3. Evoluci\u00f3n hist\u00f3rica de la funci\u00f3n financiera de las organizaciones - Blog de ADE","robots":{"index":"index","follow":"follow","max-snippet":"max-snippet:-1","max-image-preview":"max-image-preview:large","max-video-preview":"max-video-preview:-1"},"canonical":"https:\/\/blogs.udima.es\/administracion-y-direccion-de-empresas\/libros\/introduccion-a-la-organizacion-de-empresas-2\/unidad-didactica-4-el-sistema-de-financiacion-de-la-empresa\/3-evolucion-historica-de-la-funcion-financiera-de-las-organizaciones\/","og_locale":"es_ES","og_type":"article","og_title":"3. Evoluci\u00f3n hist\u00f3rica de la funci\u00f3n financiera de las organizaciones - Blog de ADE","og_description":"En un principio, tal y como se ha introducido en la Unidad did\u00e1ctica 3 anterior, el \u00e1rea o sistema funcional que ocup\u00f3 la m\u00e1xima atenci\u00f3n de la direcci\u00f3n general de las empresas fue la producci\u00f3n. Actividad que hubo de evolucionar desde la manufactura artesanal, propia de una econom\u00eda parcelada, hasta los procesos de fabricaci\u00f3n a [&hellip;]","og_url":"https:\/\/blogs.udima.es\/administracion-y-direccion-de-empresas\/libros\/introduccion-a-la-organizacion-de-empresas-2\/unidad-didactica-4-el-sistema-de-financiacion-de-la-empresa\/3-evolucion-historica-de-la-funcion-financiera-de-las-organizaciones\/","og_site_name":"Blog de ADE - Universidad a Distancia de Madrid | UDIMA","twitter_card":"summary_large_image","twitter_misc":{"Tiempo de lectura":"4 minutos"},"schema":{"@context":"https:\/\/schema.org","@graph":[{"@type":"WebPage","@id":"https:\/\/blogs.udima.es\/administracion-y-direccion-de-empresas\/libros\/introduccion-a-la-organizacion-de-empresas-2\/unidad-didactica-4-el-sistema-de-financiacion-de-la-empresa\/3-evolucion-historica-de-la-funcion-financiera-de-las-organizaciones\/","url":"https:\/\/blogs.udima.es\/administracion-y-direccion-de-empresas\/libros\/introduccion-a-la-organizacion-de-empresas-2\/unidad-didactica-4-el-sistema-de-financiacion-de-la-empresa\/3-evolucion-historica-de-la-funcion-financiera-de-las-organizaciones\/","name":"3. Evoluci\u00f3n hist\u00f3rica de la funci\u00f3n financiera de las organizaciones - Blog de ADE","isPartOf":{"@id":"https:\/\/blogs.udima.es\/administracion-y-direccion-de-empresas\/#website"},"datePublished":"2010-12-30T10:47:19+00:00","dateModified":"2010-12-30T10:47:19+00:00","breadcrumb":{"@id":"https:\/\/blogs.udima.es\/administracion-y-direccion-de-empresas\/libros\/introduccion-a-la-organizacion-de-empresas-2\/unidad-didactica-4-el-sistema-de-financiacion-de-la-empresa\/3-evolucion-historica-de-la-funcion-financiera-de-las-organizaciones\/#breadcrumb"},"inLanguage":"es","potentialAction":[{"@type":"ReadAction","target":["https:\/\/blogs.udima.es\/administracion-y-direccion-de-empresas\/libros\/introduccion-a-la-organizacion-de-empresas-2\/unidad-didactica-4-el-sistema-de-financiacion-de-la-empresa\/3-evolucion-historica-de-la-funcion-financiera-de-las-organizaciones\/"]}]},{"@type":"BreadcrumbList","@id":"https:\/\/blogs.udima.es\/administracion-y-direccion-de-empresas\/libros\/introduccion-a-la-organizacion-de-empresas-2\/unidad-didactica-4-el-sistema-de-financiacion-de-la-empresa\/3-evolucion-historica-de-la-funcion-financiera-de-las-organizaciones\/#breadcrumb","itemListElement":[{"@type":"ListItem","position":1,"name":"Portada","item":"https:\/\/blogs.udima.es\/administracion-y-direccion-de-empresas\/"},{"@type":"ListItem","position":2,"name":"Libros","item":"https:\/\/blogs.udima.es\/administracion-y-direccion-de-empresas\/libros\/"},{"@type":"ListItem","position":3,"name":"Introducci\u00f3n a la Organizaci\u00f3n de Empresas","item":"https:\/\/blogs.udima.es\/administracion-y-direccion-de-empresas\/libros\/introduccion-a-la-organizacion-de-empresas-2\/"},{"@type":"ListItem","position":4,"name":"Unidad did\u00e1ctica 4. El sistema de financiaci\u00f3n de la empresa","item":"https:\/\/blogs.udima.es\/administracion-y-direccion-de-empresas\/libros\/introduccion-a-la-organizacion-de-empresas-2\/unidad-didactica-4-el-sistema-de-financiacion-de-la-empresa\/"},{"@type":"ListItem","position":5,"name":"3. Evoluci\u00f3n hist\u00f3rica de la funci\u00f3n financiera de las organizaciones"}]},{"@type":"WebSite","@id":"https:\/\/blogs.udima.es\/administracion-y-direccion-de-empresas\/#website","url":"https:\/\/blogs.udima.es\/administracion-y-direccion-de-empresas\/","name":"Blog de ADE - Universidad a Distancia de Madrid | UDIMA","description":"","potentialAction":[{"@type":"SearchAction","target":{"@type":"EntryPoint","urlTemplate":"https:\/\/blogs.udima.es\/administracion-y-direccion-de-empresas\/?s={search_term_string}"},"query-input":"required name=search_term_string"}],"inLanguage":"es"}]}},"_links":{"self":[{"href":"https:\/\/blogs.udima.es\/administracion-y-direccion-de-empresas\/wp-json\/wp\/v2\/pages\/336"}],"collection":[{"href":"https:\/\/blogs.udima.es\/administracion-y-direccion-de-empresas\/wp-json\/wp\/v2\/pages"}],"about":[{"href":"https:\/\/blogs.udima.es\/administracion-y-direccion-de-empresas\/wp-json\/wp\/v2\/types\/page"}],"author":[{"embeddable":true,"href":"https:\/\/blogs.udima.es\/administracion-y-direccion-de-empresas\/wp-json\/wp\/v2\/users\/2"}],"replies":[{"embeddable":true,"href":"https:\/\/blogs.udima.es\/administracion-y-direccion-de-empresas\/wp-json\/wp\/v2\/comments?post=336"}],"version-history":[{"count":0,"href":"https:\/\/blogs.udima.es\/administracion-y-direccion-de-empresas\/wp-json\/wp\/v2\/pages\/336\/revisions"}],"up":[{"embeddable":true,"href":"https:\/\/blogs.udima.es\/administracion-y-direccion-de-empresas\/wp-json\/wp\/v2\/pages\/319"}],"wp:attachment":[{"href":"https:\/\/blogs.udima.es\/administracion-y-direccion-de-empresas\/wp-json\/wp\/v2\/media?parent=336"}],"curies":[{"name":"wp","href":"https:\/\/api.w.org\/{rel}","templated":true}]}}