{"id":311,"date":"2010-12-30T09:11:25","date_gmt":"2010-12-30T09:11:25","guid":{"rendered":"http:\/\/www.adeudima.com\/?page_id=311"},"modified":"2010-12-30T09:11:25","modified_gmt":"2010-12-30T09:11:25","slug":"referencias-bibliograficas","status":"publish","type":"page","link":"https:\/\/blogs.udima.es\/administracion-y-direccion-de-empresas\/libros\/introduccion-a-la-organizacion-de-empresas-2\/unidad-didactica-3-analisis-economico-del-sistema-tecnico-de-la-empresa\/referencias-bibliograficas\/","title":{"rendered":"REFERENCIAS BIBLIOGR\u00c1FICAS"},"content":{"rendered":"<p><strong>B\u00e1sica<\/strong><\/p>\n<p>BUENO,  E., CRUZ I. y DUR\u00c1N, J.J.: <em>Econom\u00eda de la empresa<\/em>, 15.\u00aa ed., Madrid:  Pir\u00e1mide, 1992.<\/p>\n<p>BUENO,  E.: <em>Curso b\u00e1sico de econom\u00eda de la empresa: Un enfoque de organizaci\u00f3n<\/em>,  4.\u00aa ed., Madrid: Pir\u00e1mide, 2004.<\/p>\n<p><strong>Avanzada<\/strong><\/p>\n<p>BERANEK,  W.: <em>An\u00e1lisis para la toma de decisiones financieras<\/em>, Barcelona (primera  versi\u00f3n en ingl\u00e9s de 1963): Labor, 1975.<\/p>\n<p>BREALEY,  R., y MYERS, S.: <em>Fundamentos de financiaci\u00f3n empresarial<\/em>, 2.\u00aa ed.,  Madrid (primera versi\u00f3n en ingl\u00e9s de 1984): McGraw-Hill,, 1988.<\/p>\n<p>BUENO,  E., y CA\u00d1IBANO, L.: <em>Autofinanciaci\u00f3n y tesorer\u00eda en la empresa: el cash flow<\/em>,  2. \u00aa ed., Madrid: Pir\u00e1mide, 1983.<\/p>\n<p>DUR\u00c1N,  J.J.: <em>Econom\u00eda y direcci\u00f3n financiera de la empresa<\/em>, 15.\u00aa ed., Madrid:  Pir\u00e1mide, 1992.<\/p>\n<p>MAO,  J.C.T.: <em>An\u00e1lisis financiero<\/em>, Buenos Aires (primera versi\u00f3n en ingl\u00e9s de  1969): El Ateneo, 1974.<\/p>\n<p>P\u00c9REZ  CARBALLO, A. y J., y E. VELA: <em>Gesti\u00f3n financiera de la empresa<\/em>, Madrid:  Alianza, 1981.<\/p>\n<p>SU\u00c1REZ, A.S.: <em>Decisiones \u00f3ptimas de inversi\u00f3n y  financiaci\u00f3n en la empresa<\/em>, 16 \u00aa ed., Madrid: Pir\u00e1mide, 1994<\/p>\n<p>SU\u00c1REZ, A.S.: <em>Curso de  econom\u00eda de la empresa<\/em>, 6.\u00aa ed., Madrid: Pir\u00e1mide, 1994.<\/p>\n<p>VAN HORNE, J.C.: <em>Administraci\u00f3n financiera<\/em>,  Buenos Aires (primera versi\u00f3n en ingl\u00e9s de 1971): edic. Contabilidad Moderna,  1976.<\/p>\n","protected":false},"excerpt":{"rendered":"<p>B\u00e1sica BUENO, E., CRUZ I. y DUR\u00c1N, J.J.: Econom\u00eda de la empresa, 15.\u00aa ed., Madrid: Pir\u00e1mide, 1992. BUENO, E.: Curso b\u00e1sico de econom\u00eda de la empresa: Un enfoque de organizaci\u00f3n, 4.\u00aa ed., Madrid: Pir\u00e1mide, 2004. Avanzada BERANEK, W.: An\u00e1lisis para la toma de decisiones financieras, Barcelona (primera versi\u00f3n en ingl\u00e9s de 1963): Labor, 1975. BREALEY,&#8230;<\/p>\n","protected":false},"author":2,"featured_media":0,"parent":1071,"menu_order":10,"comment_status":"open","ping_status":"open","template":"","meta":{"_kad_post_transparent":"","_kad_post_title":"","_kad_post_layout":"","_kad_post_sidebar_id":"","_kad_post_content_style":"","_kad_post_vertical_padding":"","_kad_post_feature":"","_kad_post_feature_position":"","_kad_post_header":false,"_kad_post_footer":false,"_kad_post_classname":"","footnotes":""},"class_list":["post-311","page","type-page","status-publish","hentry"],"yoast_head":"<!-- This site is optimized with the Yoast SEO plugin v27.5 - https:\/\/yoast.com\/product\/yoast-seo-wordpress\/ -->\n<title>REFERENCIAS BIBLIOGR\u00c1FICAS - Blog de ADE<\/title>\n<meta name=\"robots\" content=\"index, follow, max-snippet:-1, max-image-preview:large, max-video-preview:-1\" \/>\n<link rel=\"canonical\" href=\"https:\/\/blogs.udima.es\/administracion-y-direccion-de-empresas\/libros\/introduccion-a-la-organizacion-de-empresas-2\/unidad-didactica-3-analisis-economico-del-sistema-tecnico-de-la-empresa\/referencias-bibliograficas\/\" \/>\n<meta property=\"og:locale\" content=\"es_ES\" \/>\n<meta property=\"og:type\" content=\"article\" \/>\n<meta property=\"og:title\" content=\"REFERENCIAS BIBLIOGR\u00c1FICAS - Blog de ADE\" \/>\n<meta property=\"og:description\" content=\"B\u00e1sica BUENO, E., CRUZ I. y DUR\u00c1N, J.J.: Econom\u00eda de la empresa, 15.\u00aa ed., Madrid: Pir\u00e1mide, 1992. BUENO, E.: Curso b\u00e1sico de econom\u00eda de la empresa: Un enfoque de organizaci\u00f3n, 4.\u00aa ed., Madrid: Pir\u00e1mide, 2004. Avanzada BERANEK, W.: An\u00e1lisis para la toma de decisiones financieras, Barcelona (primera versi\u00f3n en ingl\u00e9s de 1963): Labor, 1975. BREALEY,...\" \/>\n<meta property=\"og:url\" content=\"https:\/\/blogs.udima.es\/administracion-y-direccion-de-empresas\/libros\/introduccion-a-la-organizacion-de-empresas-2\/unidad-didactica-3-analisis-economico-del-sistema-tecnico-de-la-empresa\/referencias-bibliograficas\/\" \/>\n<meta property=\"og:site_name\" content=\"Blog de ADE - Universidad a Distancia de Madrid | UDIMA\" \/>\n<meta name=\"twitter:card\" content=\"summary_large_image\" \/>\n<meta name=\"twitter:label1\" content=\"Tiempo de lectura\" \/>\n\t<meta name=\"twitter:data1\" content=\"1 minuto\" \/>\n<script type=\"application\/ld+json\" class=\"yoast-schema-graph\">{\"@context\":\"https:\\\/\\\/schema.org\",\"@graph\":[{\"@type\":\"WebPage\",\"@id\":\"https:\\\/\\\/blogs.udima.es\\\/administracion-y-direccion-de-empresas\\\/libros\\\/introduccion-a-la-organizacion-de-empresas-2\\\/unidad-didactica-3-analisis-economico-del-sistema-tecnico-de-la-empresa\\\/referencias-bibliograficas\\\/\",\"url\":\"https:\\\/\\\/blogs.udima.es\\\/administracion-y-direccion-de-empresas\\\/libros\\\/introduccion-a-la-organizacion-de-empresas-2\\\/unidad-didactica-3-analisis-economico-del-sistema-tecnico-de-la-empresa\\\/referencias-bibliograficas\\\/\",\"name\":\"REFERENCIAS BIBLIOGR\u00c1FICAS - Blog de ADE\",\"isPartOf\":{\"@id\":\"https:\\\/\\\/blogs.udima.es\\\/administracion-y-direccion-de-empresas\\\/#website\"},\"datePublished\":\"2010-12-30T09:11:25+00:00\",\"breadcrumb\":{\"@id\":\"https:\\\/\\\/blogs.udima.es\\\/administracion-y-direccion-de-empresas\\\/libros\\\/introduccion-a-la-organizacion-de-empresas-2\\\/unidad-didactica-3-analisis-economico-del-sistema-tecnico-de-la-empresa\\\/referencias-bibliograficas\\\/#breadcrumb\"},\"inLanguage\":\"es\",\"potentialAction\":[{\"@type\":\"ReadAction\",\"target\":[\"https:\\\/\\\/blogs.udima.es\\\/administracion-y-direccion-de-empresas\\\/libros\\\/introduccion-a-la-organizacion-de-empresas-2\\\/unidad-didactica-3-analisis-economico-del-sistema-tecnico-de-la-empresa\\\/referencias-bibliograficas\\\/\"]}]},{\"@type\":\"BreadcrumbList\",\"@id\":\"https:\\\/\\\/blogs.udima.es\\\/administracion-y-direccion-de-empresas\\\/libros\\\/introduccion-a-la-organizacion-de-empresas-2\\\/unidad-didactica-3-analisis-economico-del-sistema-tecnico-de-la-empresa\\\/referencias-bibliograficas\\\/#breadcrumb\",\"itemListElement\":[{\"@type\":\"ListItem\",\"position\":1,\"name\":\"Portada\",\"item\":\"https:\\\/\\\/blogs.udima.es\\\/administracion-y-direccion-de-empresas\\\/\"},{\"@type\":\"ListItem\",\"position\":2,\"name\":\"Libros\",\"item\":\"https:\\\/\\\/blogs.udima.es\\\/administracion-y-direccion-de-empresas\\\/libros\\\/\"},{\"@type\":\"ListItem\",\"position\":3,\"name\":\"Introducci\u00f3n a la Organizaci\u00f3n de Empresas\",\"item\":\"https:\\\/\\\/blogs.udima.es\\\/administracion-y-direccion-de-empresas\\\/libros\\\/introduccion-a-la-organizacion-de-empresas-2\\\/\"},{\"@type\":\"ListItem\",\"position\":4,\"name\":\"Unidad did\u00e1ctica 3. An\u00e1lisis econ\u00f3mico del sistema t\u00e9cnico de la empresa\",\"item\":\"https:\\\/\\\/blogs.udima.es\\\/administracion-y-direccion-de-empresas\\\/libros\\\/introduccion-a-la-organizacion-de-empresas-2\\\/unidad-didactica-3-analisis-economico-del-sistema-tecnico-de-la-empresa\\\/\"},{\"@type\":\"ListItem\",\"position\":5,\"name\":\"REFERENCIAS BIBLIOGR\u00c1FICAS\"}]},{\"@type\":\"WebSite\",\"@id\":\"https:\\\/\\\/blogs.udima.es\\\/administracion-y-direccion-de-empresas\\\/#website\",\"url\":\"https:\\\/\\\/blogs.udima.es\\\/administracion-y-direccion-de-empresas\\\/\",\"name\":\"Blog de ADE - Universidad a Distancia de Madrid | UDIMA\",\"description\":\"\",\"publisher\":{\"@id\":\"https:\\\/\\\/blogs.udima.es\\\/administracion-y-direccion-de-empresas\\\/#organization\"},\"potentialAction\":[{\"@type\":\"SearchAction\",\"target\":{\"@type\":\"EntryPoint\",\"urlTemplate\":\"https:\\\/\\\/blogs.udima.es\\\/administracion-y-direccion-de-empresas\\\/?s={search_term_string}\"},\"query-input\":{\"@type\":\"PropertyValueSpecification\",\"valueRequired\":true,\"valueName\":\"search_term_string\"}}],\"inLanguage\":\"es\"},{\"@type\":\"Organization\",\"@id\":\"https:\\\/\\\/blogs.udima.es\\\/administracion-y-direccion-de-empresas\\\/#organization\",\"name\":\"Blog de ADE - Universidad a Distancia de Madrid | UDIMA\",\"url\":\"https:\\\/\\\/blogs.udima.es\\\/administracion-y-direccion-de-empresas\\\/\",\"logo\":{\"@type\":\"ImageObject\",\"inLanguage\":\"es\",\"@id\":\"https:\\\/\\\/blogs.udima.es\\\/administracion-y-direccion-de-empresas\\\/#\\\/schema\\\/logo\\\/image\\\/\",\"url\":\"https:\\\/\\\/blogs.udima.es\\\/administracion-y-direccion-de-empresas\\\/wp-content\\\/uploads\\\/2019\\\/10\\\/BANNER_ADE_940_V2.jpg\",\"contentUrl\":\"https:\\\/\\\/blogs.udima.es\\\/administracion-y-direccion-de-empresas\\\/wp-content\\\/uploads\\\/2019\\\/10\\\/BANNER_ADE_940_V2.jpg\",\"width\":940,\"height\":106,\"caption\":\"Blog de ADE - Universidad a Distancia de Madrid | UDIMA\"},\"image\":{\"@id\":\"https:\\\/\\\/blogs.udima.es\\\/administracion-y-direccion-de-empresas\\\/#\\\/schema\\\/logo\\\/image\\\/\"}}]}<\/script>\n<!-- \/ Yoast SEO plugin. -->","yoast_head_json":{"title":"REFERENCIAS BIBLIOGR\u00c1FICAS - Blog de ADE","robots":{"index":"index","follow":"follow","max-snippet":"max-snippet:-1","max-image-preview":"max-image-preview:large","max-video-preview":"max-video-preview:-1"},"canonical":"https:\/\/blogs.udima.es\/administracion-y-direccion-de-empresas\/libros\/introduccion-a-la-organizacion-de-empresas-2\/unidad-didactica-3-analisis-economico-del-sistema-tecnico-de-la-empresa\/referencias-bibliograficas\/","og_locale":"es_ES","og_type":"article","og_title":"REFERENCIAS BIBLIOGR\u00c1FICAS - Blog de ADE","og_description":"B\u00e1sica BUENO, E., CRUZ I. y DUR\u00c1N, J.J.: Econom\u00eda de la empresa, 15.\u00aa ed., Madrid: Pir\u00e1mide, 1992. BUENO, E.: Curso b\u00e1sico de econom\u00eda de la empresa: Un enfoque de organizaci\u00f3n, 4.\u00aa ed., Madrid: Pir\u00e1mide, 2004. Avanzada BERANEK, W.: An\u00e1lisis para la toma de decisiones financieras, Barcelona (primera versi\u00f3n en ingl\u00e9s de 1963): Labor, 1975. BREALEY,...","og_url":"https:\/\/blogs.udima.es\/administracion-y-direccion-de-empresas\/libros\/introduccion-a-la-organizacion-de-empresas-2\/unidad-didactica-3-analisis-economico-del-sistema-tecnico-de-la-empresa\/referencias-bibliograficas\/","og_site_name":"Blog de ADE - Universidad a Distancia de Madrid | UDIMA","twitter_card":"summary_large_image","twitter_misc":{"Tiempo de lectura":"1 minuto"},"schema":{"@context":"https:\/\/schema.org","@graph":[{"@type":"WebPage","@id":"https:\/\/blogs.udima.es\/administracion-y-direccion-de-empresas\/libros\/introduccion-a-la-organizacion-de-empresas-2\/unidad-didactica-3-analisis-economico-del-sistema-tecnico-de-la-empresa\/referencias-bibliograficas\/","url":"https:\/\/blogs.udima.es\/administracion-y-direccion-de-empresas\/libros\/introduccion-a-la-organizacion-de-empresas-2\/unidad-didactica-3-analisis-economico-del-sistema-tecnico-de-la-empresa\/referencias-bibliograficas\/","name":"REFERENCIAS BIBLIOGR\u00c1FICAS - Blog de ADE","isPartOf":{"@id":"https:\/\/blogs.udima.es\/administracion-y-direccion-de-empresas\/#website"},"datePublished":"2010-12-30T09:11:25+00:00","breadcrumb":{"@id":"https:\/\/blogs.udima.es\/administracion-y-direccion-de-empresas\/libros\/introduccion-a-la-organizacion-de-empresas-2\/unidad-didactica-3-analisis-economico-del-sistema-tecnico-de-la-empresa\/referencias-bibliograficas\/#breadcrumb"},"inLanguage":"es","potentialAction":[{"@type":"ReadAction","target":["https:\/\/blogs.udima.es\/administracion-y-direccion-de-empresas\/libros\/introduccion-a-la-organizacion-de-empresas-2\/unidad-didactica-3-analisis-economico-del-sistema-tecnico-de-la-empresa\/referencias-bibliograficas\/"]}]},{"@type":"BreadcrumbList","@id":"https:\/\/blogs.udima.es\/administracion-y-direccion-de-empresas\/libros\/introduccion-a-la-organizacion-de-empresas-2\/unidad-didactica-3-analisis-economico-del-sistema-tecnico-de-la-empresa\/referencias-bibliograficas\/#breadcrumb","itemListElement":[{"@type":"ListItem","position":1,"name":"Portada","item":"https:\/\/blogs.udima.es\/administracion-y-direccion-de-empresas\/"},{"@type":"ListItem","position":2,"name":"Libros","item":"https:\/\/blogs.udima.es\/administracion-y-direccion-de-empresas\/libros\/"},{"@type":"ListItem","position":3,"name":"Introducci\u00f3n a la Organizaci\u00f3n de Empresas","item":"https:\/\/blogs.udima.es\/administracion-y-direccion-de-empresas\/libros\/introduccion-a-la-organizacion-de-empresas-2\/"},{"@type":"ListItem","position":4,"name":"Unidad did\u00e1ctica 3. An\u00e1lisis econ\u00f3mico del sistema t\u00e9cnico de la empresa","item":"https:\/\/blogs.udima.es\/administracion-y-direccion-de-empresas\/libros\/introduccion-a-la-organizacion-de-empresas-2\/unidad-didactica-3-analisis-economico-del-sistema-tecnico-de-la-empresa\/"},{"@type":"ListItem","position":5,"name":"REFERENCIAS BIBLIOGR\u00c1FICAS"}]},{"@type":"WebSite","@id":"https:\/\/blogs.udima.es\/administracion-y-direccion-de-empresas\/#website","url":"https:\/\/blogs.udima.es\/administracion-y-direccion-de-empresas\/","name":"Blog de ADE - Universidad a Distancia de Madrid | UDIMA","description":"","publisher":{"@id":"https:\/\/blogs.udima.es\/administracion-y-direccion-de-empresas\/#organization"},"potentialAction":[{"@type":"SearchAction","target":{"@type":"EntryPoint","urlTemplate":"https:\/\/blogs.udima.es\/administracion-y-direccion-de-empresas\/?s={search_term_string}"},"query-input":{"@type":"PropertyValueSpecification","valueRequired":true,"valueName":"search_term_string"}}],"inLanguage":"es"},{"@type":"Organization","@id":"https:\/\/blogs.udima.es\/administracion-y-direccion-de-empresas\/#organization","name":"Blog de ADE - Universidad a Distancia de Madrid | UDIMA","url":"https:\/\/blogs.udima.es\/administracion-y-direccion-de-empresas\/","logo":{"@type":"ImageObject","inLanguage":"es","@id":"https:\/\/blogs.udima.es\/administracion-y-direccion-de-empresas\/#\/schema\/logo\/image\/","url":"https:\/\/blogs.udima.es\/administracion-y-direccion-de-empresas\/wp-content\/uploads\/2019\/10\/BANNER_ADE_940_V2.jpg","contentUrl":"https:\/\/blogs.udima.es\/administracion-y-direccion-de-empresas\/wp-content\/uploads\/2019\/10\/BANNER_ADE_940_V2.jpg","width":940,"height":106,"caption":"Blog de ADE - Universidad a Distancia de Madrid | UDIMA"},"image":{"@id":"https:\/\/blogs.udima.es\/administracion-y-direccion-de-empresas\/#\/schema\/logo\/image\/"}}]}},"_links":{"self":[{"href":"https:\/\/blogs.udima.es\/administracion-y-direccion-de-empresas\/wp-json\/wp\/v2\/pages\/311","targetHints":{"allow":["GET"]}}],"collection":[{"href":"https:\/\/blogs.udima.es\/administracion-y-direccion-de-empresas\/wp-json\/wp\/v2\/pages"}],"about":[{"href":"https:\/\/blogs.udima.es\/administracion-y-direccion-de-empresas\/wp-json\/wp\/v2\/types\/page"}],"author":[{"embeddable":true,"href":"https:\/\/blogs.udima.es\/administracion-y-direccion-de-empresas\/wp-json\/wp\/v2\/users\/2"}],"replies":[{"embeddable":true,"href":"https:\/\/blogs.udima.es\/administracion-y-direccion-de-empresas\/wp-json\/wp\/v2\/comments?post=311"}],"version-history":[{"count":0,"href":"https:\/\/blogs.udima.es\/administracion-y-direccion-de-empresas\/wp-json\/wp\/v2\/pages\/311\/revisions"}],"up":[{"embeddable":true,"href":"https:\/\/blogs.udima.es\/administracion-y-direccion-de-empresas\/wp-json\/wp\/v2\/pages\/1071"}],"wp:attachment":[{"href":"https:\/\/blogs.udima.es\/administracion-y-direccion-de-empresas\/wp-json\/wp\/v2\/media?parent=311"}],"curies":[{"name":"wp","href":"https:\/\/api.w.org\/{rel}","templated":true}]}}