{"id":1926,"date":"2016-07-15T11:30:29","date_gmt":"2016-07-15T11:30:29","guid":{"rendered":"http:\/\/blogs.udima.es\/administracion-y-direccion-de-empresas\/?page_id=1926"},"modified":"2016-07-15T11:37:18","modified_gmt":"2016-07-15T11:37:18","slug":"emprestitos-p7-htm","status":"publish","type":"page","link":"https:\/\/blogs.udima.es\/administracion-y-direccion-de-empresas\/emprestitos-p7-htm\/","title":{"rendered":"CAP\u00cdTULO 5. Empr\u00e9stitos"},"content":{"rendered":"<ul>\n<li><a href=\"https:\/\/blogs.udima.es\/administracion-y-direccion-de-empresas\/Concepto--Generalidades-P7.htm\">1. Concepto. Generalidades<\/a><\/li>\n<li><a href=\"https:\/\/blogs.udima.es\/administracion-y-direccion-de-empresas\/Emprestito-Clase-I--Tipo-I--Puro-I-P59.htm\">2. Empr\u00e9stito clase I. Tipo I. Puro<\/a><\/li>\n<li><a href=\"https:\/\/blogs.udima.es\/administracion-y-direccion-de-empresas\/Emprestito-de-Cupon-Periodico-Prepagable-II-P124.htm\">3. Empr\u00e9stitos clase I. Tipo II<\/a><\/li>\n<li><a href=\"https:\/\/blogs.udima.es\/administracion-y-direccion-de-empresas\/Emprestito-de-Cupon-Periodico-Prepagable-III-P125.htm\">4. Empr\u00e9stitos clase I. Tipo III<\/a><\/li>\n<li><a href=\"https:\/\/blogs.udima.es\/administracion-y-direccion-de-empresas\/Emprestito-de-Cupon-Periodico-Prepagable-I-P62.htm\">5. Empr\u00e9stito de cup\u00f3n peri\u00f3dico prepagable<\/a><\/li>\n<li><a href=\"https:\/\/blogs.udima.es\/administracion-y-direccion-de-empresas\/Emprestitos-Clase-II--Tipo-I--Puro-I-P63.htm\">6. Empr\u00e9stitos clase II. Tipo I. Puro<\/a><\/li>\n<li><a href=\"https:\/\/blogs.udima.es\/administracion-y-direccion-de-empresas\/Emprestito-Clase-II--Tipo-II---I-P64.htm\">7. Empr\u00e9stito clase II. Tipo II<\/a><\/li>\n<li><a href=\"https:\/\/blogs.udima.es\/administracion-y-direccion-de-empresas\/Tantos-Efectivos-P65.htm\">8. Tantos efectivos<\/a><\/li>\n<li><a href=\"https:\/\/blogs.udima.es\/administracion-y-direccion-de-empresas\/Probabilidad-en-los-Emprestitos-I-P66.htm\">9. Probabilidad en los empr\u00e9stitos<\/a><\/li>\n<\/ul>\n","protected":false},"excerpt":{"rendered":"<p>1. Concepto. Generalidades 2. Empr\u00e9stito clase I. Tipo I. Puro 3. Empr\u00e9stitos clase I. Tipo II 4. Empr\u00e9stitos clase I. Tipo III 5. Empr\u00e9stito de cup\u00f3n peri\u00f3dico prepagable 6. Empr\u00e9stitos clase II. Tipo I. Puro 7. Empr\u00e9stito clase II. Tipo II 8. Tantos efectivos 9. Probabilidad en los empr\u00e9stitos<\/p>\n","protected":false},"author":27,"featured_media":0,"parent":0,"menu_order":5000,"comment_status":"closed","ping_status":"closed","template":"","meta":{"footnotes":""},"yoast_head":"<!-- This site is optimized with the Yoast SEO plugin v22.9 - https:\/\/yoast.com\/wordpress\/plugins\/seo\/ -->\n<title>CAP\u00cdTULO 5. Empr\u00e9stitos - Blog de ADE<\/title>\n<meta name=\"robots\" content=\"index, follow, max-snippet:-1, max-image-preview:large, max-video-preview:-1\" \/>\n<link rel=\"canonical\" href=\"https:\/\/blogs.udima.es\/administracion-y-direccion-de-empresas\/emprestitos-p7-htm\/\" \/>\n<meta property=\"og:locale\" content=\"es_ES\" \/>\n<meta property=\"og:type\" content=\"article\" \/>\n<meta property=\"og:title\" content=\"CAP\u00cdTULO 5. Empr\u00e9stitos - Blog de ADE\" \/>\n<meta property=\"og:description\" content=\"1. Concepto. Generalidades 2. Empr\u00e9stito clase I. Tipo I. Puro 3. Empr\u00e9stitos clase I. Tipo II 4. Empr\u00e9stitos clase I. Tipo III 5. Empr\u00e9stito de cup\u00f3n peri\u00f3dico prepagable 6. Empr\u00e9stitos clase II. Tipo I. Puro 7. Empr\u00e9stito clase II. Tipo II 8. Tantos efectivos 9. Probabilidad en los empr\u00e9stitos\" \/>\n<meta property=\"og:url\" content=\"https:\/\/blogs.udima.es\/administracion-y-direccion-de-empresas\/emprestitos-p7-htm\/\" \/>\n<meta property=\"og:site_name\" content=\"Blog de ADE - Universidad a Distancia de Madrid | UDIMA\" \/>\n<meta property=\"article:modified_time\" content=\"2016-07-15T11:37:18+00:00\" \/>\n<meta name=\"twitter:card\" content=\"summary_large_image\" \/>\n<script type=\"application\/ld+json\" class=\"yoast-schema-graph\">{\"@context\":\"https:\/\/schema.org\",\"@graph\":[{\"@type\":\"WebPage\",\"@id\":\"https:\/\/blogs.udima.es\/administracion-y-direccion-de-empresas\/emprestitos-p7-htm\/\",\"url\":\"https:\/\/blogs.udima.es\/administracion-y-direccion-de-empresas\/emprestitos-p7-htm\/\",\"name\":\"CAP\u00cdTULO 5. Empr\u00e9stitos - Blog de ADE\",\"isPartOf\":{\"@id\":\"https:\/\/blogs.udima.es\/administracion-y-direccion-de-empresas\/#website\"},\"datePublished\":\"2016-07-15T11:30:29+00:00\",\"dateModified\":\"2016-07-15T11:37:18+00:00\",\"breadcrumb\":{\"@id\":\"https:\/\/blogs.udima.es\/administracion-y-direccion-de-empresas\/emprestitos-p7-htm\/#breadcrumb\"},\"inLanguage\":\"es\",\"potentialAction\":[{\"@type\":\"ReadAction\",\"target\":[\"https:\/\/blogs.udima.es\/administracion-y-direccion-de-empresas\/emprestitos-p7-htm\/\"]}]},{\"@type\":\"BreadcrumbList\",\"@id\":\"https:\/\/blogs.udima.es\/administracion-y-direccion-de-empresas\/emprestitos-p7-htm\/#breadcrumb\",\"itemListElement\":[{\"@type\":\"ListItem\",\"position\":1,\"name\":\"Portada\",\"item\":\"https:\/\/blogs.udima.es\/administracion-y-direccion-de-empresas\/\"},{\"@type\":\"ListItem\",\"position\":2,\"name\":\"CAP\u00cdTULO 5. Empr\u00e9stitos\"}]},{\"@type\":\"WebSite\",\"@id\":\"https:\/\/blogs.udima.es\/administracion-y-direccion-de-empresas\/#website\",\"url\":\"https:\/\/blogs.udima.es\/administracion-y-direccion-de-empresas\/\",\"name\":\"Blog de ADE - Universidad a Distancia de Madrid | UDIMA\",\"description\":\"\",\"potentialAction\":[{\"@type\":\"SearchAction\",\"target\":{\"@type\":\"EntryPoint\",\"urlTemplate\":\"https:\/\/blogs.udima.es\/administracion-y-direccion-de-empresas\/?s={search_term_string}\"},\"query-input\":\"required name=search_term_string\"}],\"inLanguage\":\"es\"}]}<\/script>\n<!-- \/ Yoast SEO plugin. -->","yoast_head_json":{"title":"CAP\u00cdTULO 5. Empr\u00e9stitos - Blog de ADE","robots":{"index":"index","follow":"follow","max-snippet":"max-snippet:-1","max-image-preview":"max-image-preview:large","max-video-preview":"max-video-preview:-1"},"canonical":"https:\/\/blogs.udima.es\/administracion-y-direccion-de-empresas\/emprestitos-p7-htm\/","og_locale":"es_ES","og_type":"article","og_title":"CAP\u00cdTULO 5. Empr\u00e9stitos - Blog de ADE","og_description":"1. Concepto. Generalidades 2. Empr\u00e9stito clase I. Tipo I. Puro 3. Empr\u00e9stitos clase I. Tipo II 4. Empr\u00e9stitos clase I. Tipo III 5. Empr\u00e9stito de cup\u00f3n peri\u00f3dico prepagable 6. Empr\u00e9stitos clase II. Tipo I. Puro 7. Empr\u00e9stito clase II. Tipo II 8. Tantos efectivos 9. Probabilidad en los empr\u00e9stitos","og_url":"https:\/\/blogs.udima.es\/administracion-y-direccion-de-empresas\/emprestitos-p7-htm\/","og_site_name":"Blog de ADE - Universidad a Distancia de Madrid | UDIMA","article_modified_time":"2016-07-15T11:37:18+00:00","twitter_card":"summary_large_image","schema":{"@context":"https:\/\/schema.org","@graph":[{"@type":"WebPage","@id":"https:\/\/blogs.udima.es\/administracion-y-direccion-de-empresas\/emprestitos-p7-htm\/","url":"https:\/\/blogs.udima.es\/administracion-y-direccion-de-empresas\/emprestitos-p7-htm\/","name":"CAP\u00cdTULO 5. Empr\u00e9stitos - Blog de ADE","isPartOf":{"@id":"https:\/\/blogs.udima.es\/administracion-y-direccion-de-empresas\/#website"},"datePublished":"2016-07-15T11:30:29+00:00","dateModified":"2016-07-15T11:37:18+00:00","breadcrumb":{"@id":"https:\/\/blogs.udima.es\/administracion-y-direccion-de-empresas\/emprestitos-p7-htm\/#breadcrumb"},"inLanguage":"es","potentialAction":[{"@type":"ReadAction","target":["https:\/\/blogs.udima.es\/administracion-y-direccion-de-empresas\/emprestitos-p7-htm\/"]}]},{"@type":"BreadcrumbList","@id":"https:\/\/blogs.udima.es\/administracion-y-direccion-de-empresas\/emprestitos-p7-htm\/#breadcrumb","itemListElement":[{"@type":"ListItem","position":1,"name":"Portada","item":"https:\/\/blogs.udima.es\/administracion-y-direccion-de-empresas\/"},{"@type":"ListItem","position":2,"name":"CAP\u00cdTULO 5. Empr\u00e9stitos"}]},{"@type":"WebSite","@id":"https:\/\/blogs.udima.es\/administracion-y-direccion-de-empresas\/#website","url":"https:\/\/blogs.udima.es\/administracion-y-direccion-de-empresas\/","name":"Blog de ADE - Universidad a Distancia de Madrid | UDIMA","description":"","potentialAction":[{"@type":"SearchAction","target":{"@type":"EntryPoint","urlTemplate":"https:\/\/blogs.udima.es\/administracion-y-direccion-de-empresas\/?s={search_term_string}"},"query-input":"required name=search_term_string"}],"inLanguage":"es"}]}},"_links":{"self":[{"href":"https:\/\/blogs.udima.es\/administracion-y-direccion-de-empresas\/wp-json\/wp\/v2\/pages\/1926"}],"collection":[{"href":"https:\/\/blogs.udima.es\/administracion-y-direccion-de-empresas\/wp-json\/wp\/v2\/pages"}],"about":[{"href":"https:\/\/blogs.udima.es\/administracion-y-direccion-de-empresas\/wp-json\/wp\/v2\/types\/page"}],"author":[{"embeddable":true,"href":"https:\/\/blogs.udima.es\/administracion-y-direccion-de-empresas\/wp-json\/wp\/v2\/users\/27"}],"replies":[{"embeddable":true,"href":"https:\/\/blogs.udima.es\/administracion-y-direccion-de-empresas\/wp-json\/wp\/v2\/comments?post=1926"}],"version-history":[{"count":3,"href":"https:\/\/blogs.udima.es\/administracion-y-direccion-de-empresas\/wp-json\/wp\/v2\/pages\/1926\/revisions"}],"predecessor-version":[{"id":1929,"href":"https:\/\/blogs.udima.es\/administracion-y-direccion-de-empresas\/wp-json\/wp\/v2\/pages\/1926\/revisions\/1929"}],"wp:attachment":[{"href":"https:\/\/blogs.udima.es\/administracion-y-direccion-de-empresas\/wp-json\/wp\/v2\/media?parent=1926"}],"curies":[{"name":"wp","href":"https:\/\/api.w.org\/{rel}","templated":true}]}}