{"id":1840,"date":"2016-07-15T08:32:31","date_gmt":"2016-07-15T08:32:31","guid":{"rendered":"http:\/\/blogs.udima.es\/administracion-y-direccion-de-empresas\/?page_id=1840"},"modified":"2017-02-14T15:00:24","modified_gmt":"2017-02-14T15:00:24","slug":"capitalizacion-compuesta-i-p4-htm","status":"publish","type":"page","link":"https:\/\/blogs.udima.es\/administracion-y-direccion-de-empresas\/capitalizacion-compuesta-i-p4-htm\/","title":{"rendered":"1. Capitalizaci\u00f3n compuesta"},"content":{"rendered":"<h2>1.1. CONCEPTO<\/h2>\n<p>Operaci\u00f3n financiera cuyo objeto es la sustituci\u00f3n de un capital por otro equivalente con vencimiento posterior mediante la aplicaci\u00f3n de la ley financiera de capitalizaci\u00f3n compuesta.<\/p>\n<blockquote><p><strong>Tambi\u00e9n te puede interesar ver las <a href=\"https:\/\/blogs.udima.es\/administracion-y-direccion-de-empresas\/operaciones-en-regimen-de-simple-ii-p68-htm\/\" title=\"operaciones-capitalizacion-simple\">operaciones de capitalizaci\u00f3n simple<\/a><\/strong>.<\/p><\/blockquote>\n<h2>1.2. DESCRIPCI\u00d3N DE LA OPERACI\u00d3N<\/h2>\n<p>El capital final (montante) (C<sub>n<\/sub>) se va formando por la acumulaci\u00f3n al capital inicial (C<sub>0<\/sub>) de los intereses que peri\u00f3dicamente se van generando y que, en este caso, se van acumulando al mismo durante el tiempo que dure la operaci\u00f3n (n), pudi\u00e9ndose disponer de ellos al final junto con el capital inicialmente invertido.<\/p>\n<h2>1.3. CARACTER\u00cdSTICAS DE LA OPERACI\u00d3N<\/h2>\n<p>Los intereses son productivos, lo que significa que:<\/p>\n<ul>\n<li>A medida que se generan se acumulan al capital inicial para producir nuevos intereses en los per\u00edodos siguientes.<\/li>\n<li>Los intereses de cualquier per\u00edodo siempre los genera el capital existente al inicio de dicho per\u00edodo.<\/li>\n<\/ul>\n<p>Gr\u00e1ficamente para una operaci\u00f3n de tres per\u00edodos:<\/p>\n<p>&nbsp;<\/p>\n<p align=\"center\"><img loading=\"lazy\" decoding=\"async\" src=\"https:\/\/blogs.udima.es\/administracion-y-direccion-de-empresas\/images_book\/p084-01.png\" alt=\"\" width=\"577\" height=\"246\" \/><\/p>\n<p>&nbsp;<\/p>\n<h2>1.4. DESARROLLO DE LA OPERACI\u00d3N<\/h2>\n<p>El capital al final de cada per\u00edodo es el resultado de a\u00f1adir al capital existente al inicio del mismo los intereses generados durante dicho per\u00edodo. De esta forma, la evoluci\u00f3n del montante conseguido en cada momento es el siguiente:<\/p>\n<p>&nbsp;<\/p>\n<blockquote>\n<blockquote>\n<blockquote>\n<table border=\"0\" cellspacing=\"0\" cellpadding=\"0\" align=\"center\">\n<tbody>\n<tr>\n<td>Momento 0: C<sub>0<\/sub><br \/>\nMomento 1: C<sub>1<\/sub> = C<sub>0<\/sub> + I<sub>1<\/sub> = C<sub>0<\/sub> + C<sub>0<\/sub> x i = C<sub>0<\/sub> x (1 + i)<br \/>\nMomento 2: C<sub>2<\/sub> = C<sub>1<\/sub> + I<sub>2<\/sub> = C<sub>1<\/sub> + C<sub>1<\/sub> x i = C<sub>1<\/sub> x (1 + i) =<br \/>\n= C<sub>0<\/sub> x (1 + i) x (1 + i) = C<sub>0<\/sub> x (1 + i)<sup>2<\/sup><br \/>\nMomento 3: C<sub>3<\/sub> = C<sub>2<\/sub> + I<sub>3<\/sub> = C<sub>2<\/sub> + C<sub>2<\/sub> x i = C<sub>2<\/sub> x (1 + i) =<br \/>\n= C<sub>0<\/sub> x (1 + i)<sup>2<\/sup> x (1 + i) = C<sub>0<\/sub> x (1 + i)<sup>3<\/sup><br \/>\n\u2026<br \/>\nMomento n:<\/p>\n<table border=\"1\" width=\"0\" cellspacing=\"0\" cellpadding=\"10\" align=\"center\">\n<tbody>\n<tr>\n<td>C<sub>n<\/sub> = C<sub>0<\/sub> x (1 + i)<sup>n<\/sup><\/td>\n<\/tr>\n<\/tbody>\n<\/table>\n<p>&nbsp;<\/td>\n<\/tr>\n<\/tbody>\n<\/table>\n<\/blockquote>\n<\/blockquote>\n<\/blockquote>\n<p>Expresi\u00f3n que permite calcular el capital final o montante (C<sub>n<\/sub>) en r\u00e9gimen de compuesta, conocidos el capital inicial (C<sub>0<\/sub>), el tipo de inter\u00e9s (i) y la duraci\u00f3n (n) de la operaci\u00f3n.<\/p>\n<p>Expresi\u00f3n aplicable cuando el tipo de inter\u00e9s de la operaci\u00f3n no var\u00eda. En caso contrario habr\u00e1 que trabajar con el tipo vigente en cada per\u00edodo.<\/p>\n<p>A partir de la expresi\u00f3n anterior (denominada f\u00f3rmula fundamental de la capitalizaci\u00f3n compuesta) adem\u00e1s de calcular montantes, podremos, conocidos tres datos cualesquiera, despejar el cuarto restante.<\/p>\n<p>&nbsp;<\/p>\n<div class=\"ejemplo\">\n<p><strong>EJEMPLO 1 <\/strong><\/p>\n<p>Calcular el montante obtenido al invertir 200 euros al 5% anual durante 10 a\u00f1os en r\u00e9gimen de capitalizaci\u00f3n compuesta.<\/p>\n<p>&nbsp;<\/p>\n<p align=\"center\"><img loading=\"lazy\" decoding=\"async\" src=\"https:\/\/blogs.udima.es\/administracion-y-direccion-de-empresas\/images_book\/p086-01.png\" alt=\"\" width=\"372\" height=\"175\" \/><\/p>\n<p>&nbsp;<\/p>\n<p>C<sub>10<\/sub> = 200 x (1 + 0,05 )<sup>10<\/sup> = 325,78 \u20ac<\/p>\n<p>Si se hubiese calculado en simple:<\/p>\n<p>C<sub>10<\/sub> = 200 x (1 + 0,05 x 10) = 300 \u20ac<\/p>\n<p>La diferencia entre los dos montantes (25,78 euros) son los intereses producidos por los intereses generados y acumulados hasta el final.<\/p>\n<\/div>\n<p>&nbsp;<\/p>\n<h2>1.5. C\u00c1LCULO DEL CAPITAL INICIAL<\/h2>\n<p>Partiendo de la f\u00f3rmula de c\u00e1lculo del capital final o montante y conocidos \u00e9ste, la duraci\u00f3n de la operaci\u00f3n y el tanto de inter\u00e9s, bastar\u00e1 con despejar de la misma:<\/p>\n<p align=\"center\">C<sub>n<\/sub> = C<sub>0<\/sub> x (1 + i)<sup>n<\/sup><\/p>\n<p>de donde se despeja C<sub>0<\/sub>:<\/p>\n<p>&nbsp;<\/p>\n<p align=\"center\"><img loading=\"lazy\" decoding=\"async\" src=\"https:\/\/blogs.udima.es\/administracion-y-direccion-de-empresas\/images_book\/p086-02.png\" alt=\"\" width=\"213\" height=\"97\" \/><\/p>\n<p>&nbsp;<\/p>\n<div class=\"ejemplo\">\n<p align=\"left\"><strong>EJEMPLO 2 <\/strong><\/p>\n<p>\u00bfCu\u00e1nto deber\u00e9 invertir hoy si quiero disponer dentro de 2 a\u00f1os de 1.500 euros para comprarme un coche, si me aseguran un 6% de inter\u00e9s anual compuesto para ese plazo?<\/p>\n<p>&nbsp;<\/p>\n<p align=\"center\"><img loading=\"lazy\" decoding=\"async\" src=\"https:\/\/blogs.udima.es\/administracion-y-direccion-de-empresas\/images_book\/p087-01.png\" alt=\"\" width=\"333\" height=\"152\" \/><\/p>\n<p>&nbsp;<\/p>\n<table border=\"0\" cellspacing=\"0\" cellpadding=\"5\" align=\"center\">\n<tbody>\n<tr>\n<td>\n<div align=\"right\">C<sub>0<\/sub> =<\/div>\n<\/td>\n<td nowrap=\"nowrap\">\n<div align=\"center\">1.500<br \/>\n&#8212;&#8212;&#8212;&#8212;&#8212;&#8211;<br \/>\n(1 + 0,06)<sup>2<\/sup><\/div>\n<\/td>\n<td nowrap=\"nowrap\">\n<div align=\"left\">= 1.334,99 \u20ac<\/div>\n<\/td>\n<\/tr>\n<\/tbody>\n<\/table>\n<p>&nbsp;<\/p>\n<\/div>\n<h2><\/h2>\n<h2>1.6. C\u00c1LCULO DE LOS INTERESES TOTALES<\/h2>\n<p>Conocidos los capitales inicial y final, se obtendr\u00e1 por diferencia entre ambos:<\/p>\n<p>&nbsp;<\/p>\n<table border=\"1\" width=\"0\" cellspacing=\"0\" cellpadding=\"10\" align=\"center\">\n<tbody>\n<tr>\n<td>I<sub>n<\/sub> = C<sub>n<\/sub> \u2013 C<sub>0<\/sub><\/td>\n<\/tr>\n<\/tbody>\n<\/table>\n<p>&nbsp;<\/p>\n<div class=\"ejemplo\">\n<p align=\"left\"><strong>EJEMPLO 3<\/strong><\/p>\n<p>\u00bfQu\u00e9 intereses producir\u00e1n 300 euros invertidos 4 a\u00f1os al 7% compuesto anual?<br \/>\n300 I4?<\/p>\n<p>&nbsp;<\/p>\n<p align=\"center\"><img loading=\"lazy\" decoding=\"async\" src=\"https:\/\/blogs.udima.es\/administracion-y-direccion-de-empresas\/images_book\/p087-02.png\" alt=\"\" width=\"348\" height=\"169\" \/><\/p>\n<p>&nbsp;<\/p>\n<p align=\"center\">C<sub>4<\/sub> = 300 x (1 + 0,07)<sup>4<\/sup> = 393,24 \u20ac<br \/>\nI<sub>n<\/sub> = 393,24 \u2013 300 = 93,24 \u20ac<\/p>\n<p align=\"center\">\n<\/div>\n<p>&nbsp;<\/p>\n<h2>1.7. C\u00c1LCULO DEL TIPO DE INTER\u00c9S<\/h2>\n<p>Si se conoce el resto de elementos de la operaci\u00f3n: capital inicial, capital final y duraci\u00f3n, basta con tener en cuenta la f\u00f3rmula general de la capitalizaci\u00f3n compuesta y despejar la variable desconocida.<\/p>\n<p align=\"center\">C<sub>n<\/sub> = C<sub>0<\/sub> x (1 + i)<sup>n<\/sup><\/p>\n<p>Los pasos a seguir son los siguientes:<\/p>\n<ul>\n<li>Pasar el C<sub>0<\/sub> al primer miembro:<br \/>\nC<sub>n<\/sub><br \/>\n&#8212;- = (1 + i)<sup>n<\/sup><br \/>\nC<sub>0<\/sub><\/li>\n<li>Quitar la potencia (extrayendo ra\u00edz n a los dos miembros):<br \/>\n<img loading=\"lazy\" decoding=\"async\" src=\"https:\/\/blogs.udima.es\/administracion-y-direccion-de-empresas\/images_book\/p088-01.png\" alt=\"\" width=\"229\" height=\"203\" \/><\/li>\n<li>Despejar el tipo de inter\u00e9s:<br \/>\n<img loading=\"lazy\" decoding=\"async\" src=\"https:\/\/blogs.udima.es\/administracion-y-direccion-de-empresas\/images_book\/p089-01.png\" alt=\"\" width=\"239\" height=\"102\" \/><\/li>\n<\/ul>\n<p>&nbsp;<\/p>\n<div class=\"ejemplo\">\n<p align=\"left\"><strong>EJEMPLO 4 <\/strong><\/p>\n<p>&nbsp;<\/p>\n<p align=\"left\">Determinar el tanto de inter\u00e9s anual a que deben invertirse 1.000 euros para que en 12 a\u00f1os se obtenga un montante de 1.601,03 euros.<\/p>\n<p align=\"left\">\n<p align=\"center\"><img loading=\"lazy\" decoding=\"async\" src=\"https:\/\/blogs.udima.es\/administracion-y-direccion-de-empresas\/images_book\/p089-02.png\" alt=\"\" width=\"333\" height=\"149\" \/><\/p>\n<p align=\"center\">\n<p align=\"center\">1.000 x (1 + i)12 = 1.601,03<\/p>\n<p align=\"center\">\n<p align=\"center\"><img loading=\"lazy\" decoding=\"async\" src=\"https:\/\/blogs.udima.es\/administracion-y-direccion-de-empresas\/images_book\/p089-03.png\" alt=\"\" width=\"282\" height=\"99\" \/><\/p>\n<\/div>\n<p>&nbsp;<\/p>\n<h2>1.8. C\u00c1LCULO DE LA DURACI\u00d3N<\/h2>\n<p>Conocidos los dem\u00e1s componentes de la operaci\u00f3n: capital inicial, capital final y tipo de inter\u00e9s, basta con tener en cuenta la f\u00f3rmula general de la capitalizaci\u00f3n compuesta y despejar la variable desconocida.<\/p>\n<ul>\n<li>Punto de partida:<img loading=\"lazy\" decoding=\"async\" src=\"https:\/\/blogs.udima.es\/administracion-y-direccion-de-empresas\/images_book\/p090-02.png\" alt=\"\" width=\"180\" height=\"39\" \/><sup><br \/>\n<\/sup><\/li>\n<li>Pasar el C0 al primer miembro:<br \/>\n<img loading=\"lazy\" decoding=\"async\" src=\"https:\/\/blogs.udima.es\/administracion-y-direccion-de-empresas\/images_book\/p090-03.png\" alt=\"\" width=\"129\" height=\"65\" \/><\/li>\n<li>Extraemos logaritmos a ambos miembros:<br \/>\n<img loading=\"lazy\" decoding=\"async\" src=\"https:\/\/blogs.udima.es\/administracion-y-direccion-de-empresas\/images_book\/p090-04.png\" alt=\"\" width=\"186\" height=\"61\" \/><\/li>\n<li>Aplicamos propiedades de los logaritmos:<img loading=\"lazy\" decoding=\"async\" src=\"https:\/\/blogs.udima.es\/administracion-y-direccion-de-empresas\/images_book\/p090-05.png\" alt=\"\" width=\"279\" height=\"32\" \/><\/li>\n<li>Despejar la duraci\u00f3n:<\/li>\n<\/ul>\n<p align=\"center\"><img loading=\"lazy\" decoding=\"async\" src=\"https:\/\/blogs.udima.es\/administracion-y-direccion-de-empresas\/images_book\/p090-06.png\" alt=\"\" width=\"262\" height=\"99\" \/><\/p>\n<div class=\"ejemplo\">\n<p align=\"left\"><strong>EJEMPLO 5 <\/strong><\/p>\n<p>Un capital de 2.000 euros colocado a inter\u00e9s compuesto al 4% anual asciende a 3.202 euros. Determinar el tiempo que estuvo impuesto.<\/p>\n<p>&nbsp;<\/p>\n<p align=\"center\"><img loading=\"lazy\" decoding=\"async\" src=\"https:\/\/blogs.udima.es\/administracion-y-direccion-de-empresas\/images_book\/p090-01.png\" alt=\"\" width=\"356\" height=\"152\" \/><\/p>\n<p>&nbsp;<\/p>\n<p align=\"center\">2.000 x (1 + 0,04 )<sup>n<\/sup> = 3.202<\/p>\n<table border=\"0\" cellspacing=\"0\" cellpadding=\"5\" align=\"center\">\n<tbody>\n<tr>\n<td>\n<div align=\"right\">n =<\/div>\n<\/td>\n<td nowrap=\"nowrap\">\n<div align=\"center\">log C<sub>n<\/sub> \u2013 log C<sub>0<\/sub><br \/>\n&#8212;&#8212;&#8212;&#8212;&#8212;&#8212;&#8212;-<br \/>\nlog (1 + i)<\/div>\n<\/td>\n<td nowrap=\"nowrap\">\n<div align=\"center\">log 3.202 \u2013 log 2.000<br \/>\n= &#8212;&#8212;&#8212;&#8212;&#8212;&#8212;&#8212;&#8212;&#8212;&#8212;<br \/>\nlog 1,04<\/div>\n<\/td>\n<td nowrap=\"nowrap\">= 12 a\u00f1os<\/td>\n<\/tr>\n<\/tbody>\n<\/table>\n<p align=\"center\">\n<\/div>\n<p>&nbsp;<\/p>\n<h2>1.9. ESTUDIO COMPARATIVO DE LA CAPITALIZACI\u00d3N SIMPLE Y COMPUESTA<\/h2>\n<p>Si el estudio se realiza con un capital de 1.000 euros colocados a un tipo del 10% efectivo anual, durante 6 a\u00f1os, el siguiente cuadro recoge el montante alcanzado al final de cada per\u00edodo en un caso y otro:<\/p>\n<p>&nbsp;<\/p>\n<table border=\"1\" cellspacing=\"0\" cellpadding=\"5\" align=\"center\">\n<tbody>\n<tr>\n<td>\n<div align=\"center\"><span class=\"progress\">A\u00f1os<\/span><\/div>\n<\/td>\n<td>\n<div align=\"center\"><span class=\"progress\">1<\/span><\/div>\n<\/td>\n<td>\n<div align=\"center\"><span class=\"progress\">2<\/span><\/div>\n<\/td>\n<td>\n<div align=\"center\"><span class=\"progress\">3<\/span><\/div>\n<\/td>\n<td>\n<div align=\"center\"><span class=\"progress\">4<\/span><\/div>\n<\/td>\n<td>\n<div align=\"center\"><span class=\"progress\">5<\/span><\/div>\n<\/td>\n<td>\n<div align=\"center\"><span class=\"progress\">6<\/span><\/div>\n<\/td>\n<\/tr>\n<tr>\n<td>En simple&#8230;&#8230;&#8230;.<\/td>\n<td>1.100,00<\/td>\n<td>1.200,00<\/td>\n<td>1.300,00<\/td>\n<td>1.400,00<\/td>\n<td>1.500,00<\/td>\n<td>1.600,00<\/td>\n<\/tr>\n<tr>\n<td>En compuesta&#8230;<\/td>\n<td>1.100,00<\/td>\n<td>1.210,00<\/td>\n<td>1.331,00<\/td>\n<td>1.464,10<\/td>\n<td>1.610,51<\/td>\n<td>1.771,56<\/td>\n<\/tr>\n<\/tbody>\n<\/table>\n<p>&nbsp;<\/p>\n<p>Donde se observa que el montante obtenido en r\u00e9gimen de simple va aumentando linealmente, cada a\u00f1o aumentan 100 euros (los intereses del a\u00f1o, generados siempre por el capital inicial de 1.000 euros). Por su parte, en la operaci\u00f3n en compuesta, cada a\u00f1o se van generando m\u00e1s intereses que en el per\u00edodo anterior: la evoluci\u00f3n no es lineal sino exponencial, consecuencia de ser el capital productor de los mismos cada a\u00f1o mayor (los intereses generan nuevos intereses en per\u00edodos siguientes).<\/p>\n<p>Gr\u00e1ficamente:<\/p>\n<p>&nbsp;<\/p>\n<p align=\"center\"><img loading=\"lazy\" decoding=\"async\" src=\"https:\/\/blogs.udima.es\/administracion-y-direccion-de-empresas\/images_book\/p092-01.png\" alt=\"\" width=\"445\" height=\"262\" \/><\/p>\n<p>&nbsp;<\/p>\n<p>Transcurrido un per\u00edodo (1 a\u00f1o si se considera tipos anuales) el montante coincide en ambos reg\u00edmenes, para cualquier otro momento ya no existe ninguna coincidencia, siendo las diferencias entre ambos sistemas cada vez mayores.<\/p>\n<p>De la misma forma, se cumple que para per\u00edodos inferiores al a\u00f1o el montante es mayor en r\u00e9gimen de simple y, a partir del a\u00f1o, es mayor en compuesta. \u00c9ste es el motivo de la preferencia de la capitalizaci\u00f3n simple en operaciones a corto plazo y la compuesta para el largo plazo.<\/p>\n","protected":false},"excerpt":{"rendered":"<p>1.1. CONCEPTO Operaci\u00f3n financiera cuyo objeto es la sustituci\u00f3n de un capital por otro equivalente con vencimiento posterior mediante la aplicaci\u00f3n de la ley financiera de capitalizaci\u00f3n compuesta. Tambi\u00e9n te puede interesar ver las operaciones de capitalizaci\u00f3n simple. 1.2. DESCRIPCI\u00d3N DE LA OPERACI\u00d3N El capital final (montante) (Cn) se va formando por la acumulaci\u00f3n al [&hellip;]<\/p>\n","protected":false},"author":27,"featured_media":0,"parent":0,"menu_order":2010,"comment_status":"closed","ping_status":"closed","template":"","meta":{"footnotes":""},"yoast_head":"<!-- This site is optimized with the Yoast SEO plugin v22.9 - https:\/\/yoast.com\/wordpress\/plugins\/seo\/ -->\n<title>1. Capitalizaci\u00f3n compuesta - Blog de ADE<\/title>\n<meta name=\"robots\" content=\"index, follow, max-snippet:-1, max-image-preview:large, max-video-preview:-1\" \/>\n<link rel=\"canonical\" href=\"https:\/\/blogs.udima.es\/administracion-y-direccion-de-empresas\/capitalizacion-compuesta-i-p4-htm\/\" \/>\n<meta property=\"og:locale\" content=\"es_ES\" \/>\n<meta property=\"og:type\" content=\"article\" \/>\n<meta property=\"og:title\" content=\"1. Capitalizaci\u00f3n compuesta - Blog de ADE\" \/>\n<meta property=\"og:description\" content=\"1.1. CONCEPTO Operaci\u00f3n financiera cuyo objeto es la sustituci\u00f3n de un capital por otro equivalente con vencimiento posterior mediante la aplicaci\u00f3n de la ley financiera de capitalizaci\u00f3n compuesta. Tambi\u00e9n te puede interesar ver las operaciones de capitalizaci\u00f3n simple. 1.2. DESCRIPCI\u00d3N DE LA OPERACI\u00d3N El capital final (montante) (Cn) se va formando por la acumulaci\u00f3n al [&hellip;]\" \/>\n<meta property=\"og:url\" content=\"https:\/\/blogs.udima.es\/administracion-y-direccion-de-empresas\/capitalizacion-compuesta-i-p4-htm\/\" \/>\n<meta property=\"og:site_name\" content=\"Blog de ADE - Universidad a Distancia de Madrid | UDIMA\" \/>\n<meta property=\"article:modified_time\" content=\"2017-02-14T15:00:24+00:00\" \/>\n<meta property=\"og:image\" content=\"https:\/\/blogs.udima.es\/administracion-y-direccion-de-empresas\/images_book\/p084-01.png\" \/>\n<meta name=\"twitter:card\" content=\"summary_large_image\" \/>\n<meta name=\"twitter:label1\" content=\"Tiempo de lectura\" \/>\n\t<meta name=\"twitter:data1\" content=\"5 minutos\" \/>\n<script type=\"application\/ld+json\" class=\"yoast-schema-graph\">{\"@context\":\"https:\/\/schema.org\",\"@graph\":[{\"@type\":\"WebPage\",\"@id\":\"https:\/\/blogs.udima.es\/administracion-y-direccion-de-empresas\/capitalizacion-compuesta-i-p4-htm\/\",\"url\":\"https:\/\/blogs.udima.es\/administracion-y-direccion-de-empresas\/capitalizacion-compuesta-i-p4-htm\/\",\"name\":\"1. Capitalizaci\u00f3n compuesta - Blog de ADE\",\"isPartOf\":{\"@id\":\"https:\/\/blogs.udima.es\/administracion-y-direccion-de-empresas\/#website\"},\"primaryImageOfPage\":{\"@id\":\"https:\/\/blogs.udima.es\/administracion-y-direccion-de-empresas\/capitalizacion-compuesta-i-p4-htm\/#primaryimage\"},\"image\":{\"@id\":\"https:\/\/blogs.udima.es\/administracion-y-direccion-de-empresas\/capitalizacion-compuesta-i-p4-htm\/#primaryimage\"},\"thumbnailUrl\":\"https:\/\/blogs.udima.es\/administracion-y-direccion-de-empresas\/images_book\/p084-01.png\",\"datePublished\":\"2016-07-15T08:32:31+00:00\",\"dateModified\":\"2017-02-14T15:00:24+00:00\",\"breadcrumb\":{\"@id\":\"https:\/\/blogs.udima.es\/administracion-y-direccion-de-empresas\/capitalizacion-compuesta-i-p4-htm\/#breadcrumb\"},\"inLanguage\":\"es\",\"potentialAction\":[{\"@type\":\"ReadAction\",\"target\":[\"https:\/\/blogs.udima.es\/administracion-y-direccion-de-empresas\/capitalizacion-compuesta-i-p4-htm\/\"]}]},{\"@type\":\"ImageObject\",\"inLanguage\":\"es\",\"@id\":\"https:\/\/blogs.udima.es\/administracion-y-direccion-de-empresas\/capitalizacion-compuesta-i-p4-htm\/#primaryimage\",\"url\":\"https:\/\/blogs.udima.es\/administracion-y-direccion-de-empresas\/images_book\/p084-01.png\",\"contentUrl\":\"https:\/\/blogs.udima.es\/administracion-y-direccion-de-empresas\/images_book\/p084-01.png\"},{\"@type\":\"BreadcrumbList\",\"@id\":\"https:\/\/blogs.udima.es\/administracion-y-direccion-de-empresas\/capitalizacion-compuesta-i-p4-htm\/#breadcrumb\",\"itemListElement\":[{\"@type\":\"ListItem\",\"position\":1,\"name\":\"Portada\",\"item\":\"https:\/\/blogs.udima.es\/administracion-y-direccion-de-empresas\/\"},{\"@type\":\"ListItem\",\"position\":2,\"name\":\"1. Capitalizaci\u00f3n compuesta\"}]},{\"@type\":\"WebSite\",\"@id\":\"https:\/\/blogs.udima.es\/administracion-y-direccion-de-empresas\/#website\",\"url\":\"https:\/\/blogs.udima.es\/administracion-y-direccion-de-empresas\/\",\"name\":\"Blog de ADE - Universidad a Distancia de Madrid | UDIMA\",\"description\":\"\",\"potentialAction\":[{\"@type\":\"SearchAction\",\"target\":{\"@type\":\"EntryPoint\",\"urlTemplate\":\"https:\/\/blogs.udima.es\/administracion-y-direccion-de-empresas\/?s={search_term_string}\"},\"query-input\":\"required name=search_term_string\"}],\"inLanguage\":\"es\"}]}<\/script>\n<!-- \/ Yoast SEO plugin. -->","yoast_head_json":{"title":"1. Capitalizaci\u00f3n compuesta - Blog de ADE","robots":{"index":"index","follow":"follow","max-snippet":"max-snippet:-1","max-image-preview":"max-image-preview:large","max-video-preview":"max-video-preview:-1"},"canonical":"https:\/\/blogs.udima.es\/administracion-y-direccion-de-empresas\/capitalizacion-compuesta-i-p4-htm\/","og_locale":"es_ES","og_type":"article","og_title":"1. Capitalizaci\u00f3n compuesta - Blog de ADE","og_description":"1.1. CONCEPTO Operaci\u00f3n financiera cuyo objeto es la sustituci\u00f3n de un capital por otro equivalente con vencimiento posterior mediante la aplicaci\u00f3n de la ley financiera de capitalizaci\u00f3n compuesta. Tambi\u00e9n te puede interesar ver las operaciones de capitalizaci\u00f3n simple. 1.2. DESCRIPCI\u00d3N DE LA OPERACI\u00d3N El capital final (montante) (Cn) se va formando por la acumulaci\u00f3n al [&hellip;]","og_url":"https:\/\/blogs.udima.es\/administracion-y-direccion-de-empresas\/capitalizacion-compuesta-i-p4-htm\/","og_site_name":"Blog de ADE - Universidad a Distancia de Madrid | UDIMA","article_modified_time":"2017-02-14T15:00:24+00:00","og_image":[{"url":"https:\/\/blogs.udima.es\/administracion-y-direccion-de-empresas\/images_book\/p084-01.png"}],"twitter_card":"summary_large_image","twitter_misc":{"Tiempo de lectura":"5 minutos"},"schema":{"@context":"https:\/\/schema.org","@graph":[{"@type":"WebPage","@id":"https:\/\/blogs.udima.es\/administracion-y-direccion-de-empresas\/capitalizacion-compuesta-i-p4-htm\/","url":"https:\/\/blogs.udima.es\/administracion-y-direccion-de-empresas\/capitalizacion-compuesta-i-p4-htm\/","name":"1. Capitalizaci\u00f3n compuesta - Blog de ADE","isPartOf":{"@id":"https:\/\/blogs.udima.es\/administracion-y-direccion-de-empresas\/#website"},"primaryImageOfPage":{"@id":"https:\/\/blogs.udima.es\/administracion-y-direccion-de-empresas\/capitalizacion-compuesta-i-p4-htm\/#primaryimage"},"image":{"@id":"https:\/\/blogs.udima.es\/administracion-y-direccion-de-empresas\/capitalizacion-compuesta-i-p4-htm\/#primaryimage"},"thumbnailUrl":"https:\/\/blogs.udima.es\/administracion-y-direccion-de-empresas\/images_book\/p084-01.png","datePublished":"2016-07-15T08:32:31+00:00","dateModified":"2017-02-14T15:00:24+00:00","breadcrumb":{"@id":"https:\/\/blogs.udima.es\/administracion-y-direccion-de-empresas\/capitalizacion-compuesta-i-p4-htm\/#breadcrumb"},"inLanguage":"es","potentialAction":[{"@type":"ReadAction","target":["https:\/\/blogs.udima.es\/administracion-y-direccion-de-empresas\/capitalizacion-compuesta-i-p4-htm\/"]}]},{"@type":"ImageObject","inLanguage":"es","@id":"https:\/\/blogs.udima.es\/administracion-y-direccion-de-empresas\/capitalizacion-compuesta-i-p4-htm\/#primaryimage","url":"https:\/\/blogs.udima.es\/administracion-y-direccion-de-empresas\/images_book\/p084-01.png","contentUrl":"https:\/\/blogs.udima.es\/administracion-y-direccion-de-empresas\/images_book\/p084-01.png"},{"@type":"BreadcrumbList","@id":"https:\/\/blogs.udima.es\/administracion-y-direccion-de-empresas\/capitalizacion-compuesta-i-p4-htm\/#breadcrumb","itemListElement":[{"@type":"ListItem","position":1,"name":"Portada","item":"https:\/\/blogs.udima.es\/administracion-y-direccion-de-empresas\/"},{"@type":"ListItem","position":2,"name":"1. Capitalizaci\u00f3n compuesta"}]},{"@type":"WebSite","@id":"https:\/\/blogs.udima.es\/administracion-y-direccion-de-empresas\/#website","url":"https:\/\/blogs.udima.es\/administracion-y-direccion-de-empresas\/","name":"Blog de ADE - Universidad a Distancia de Madrid | UDIMA","description":"","potentialAction":[{"@type":"SearchAction","target":{"@type":"EntryPoint","urlTemplate":"https:\/\/blogs.udima.es\/administracion-y-direccion-de-empresas\/?s={search_term_string}"},"query-input":"required name=search_term_string"}],"inLanguage":"es"}]}},"_links":{"self":[{"href":"https:\/\/blogs.udima.es\/administracion-y-direccion-de-empresas\/wp-json\/wp\/v2\/pages\/1840"}],"collection":[{"href":"https:\/\/blogs.udima.es\/administracion-y-direccion-de-empresas\/wp-json\/wp\/v2\/pages"}],"about":[{"href":"https:\/\/blogs.udima.es\/administracion-y-direccion-de-empresas\/wp-json\/wp\/v2\/types\/page"}],"author":[{"embeddable":true,"href":"https:\/\/blogs.udima.es\/administracion-y-direccion-de-empresas\/wp-json\/wp\/v2\/users\/27"}],"replies":[{"embeddable":true,"href":"https:\/\/blogs.udima.es\/administracion-y-direccion-de-empresas\/wp-json\/wp\/v2\/comments?post=1840"}],"version-history":[{"count":4,"href":"https:\/\/blogs.udima.es\/administracion-y-direccion-de-empresas\/wp-json\/wp\/v2\/pages\/1840\/revisions"}],"predecessor-version":[{"id":2304,"href":"https:\/\/blogs.udima.es\/administracion-y-direccion-de-empresas\/wp-json\/wp\/v2\/pages\/1840\/revisions\/2304"}],"wp:attachment":[{"href":"https:\/\/blogs.udima.es\/administracion-y-direccion-de-empresas\/wp-json\/wp\/v2\/media?parent=1840"}],"curies":[{"name":"wp","href":"https:\/\/api.w.org\/{rel}","templated":true}]}}