{"id":1806,"date":"2016-07-08T11:34:25","date_gmt":"2016-07-08T11:34:25","guid":{"rendered":"http:\/\/blogs.udima.es\/administracion-y-direccion-de-empresas\/?page_id=1806"},"modified":"2016-07-08T11:48:05","modified_gmt":"2016-07-08T11:48:05","slug":"1-3-descuento-simple-html","status":"publish","type":"page","link":"https:\/\/blogs.udima.es\/administracion-y-direccion-de-empresas\/1-3-descuento-simple-html\/","title":{"rendered":"1.3. Descuento simple"},"content":{"rendered":"<p>Se denomina as\u00ed a la operaci\u00f3n financiera que tiene por objeto la sustituci\u00f3n de un capital futuro por otro equivalente con vencimiento presente, mediante la aplicaci\u00f3n de la ley financiera de descuento simple. Es una operaci\u00f3n inversa a la de capitalizaci\u00f3n.<\/p>\n<h3>1.3.1. Caracter\u00edsticas de la operaci\u00f3n <\/h3>\n<p> Los intereses no son productivos, lo que significa que:<\/p>\n<ul>\n<li> A medida que se generan no se restan del capital de partida para producir (y restar) nuevos intereses en el futuro y, por tanto<\/li>\n<li> Los intereses de cualquier per\u00edodo siempre los genera el mismo capital, al tanto de inter\u00e9s vigente en dicho per\u00edodo.<\/li>\n<\/ul>\n<p>En una operaci\u00f3n de descuento el punto de partida es un capital futuro conocido (C<sub>n<\/sub>) cuyo vencimiento se quiere adelantar. Deberemos conocer las condiciones en las que se quiere hacer esta anticipaci\u00f3n: duraci\u00f3n de la operaci\u00f3n (tiempo que se anticipa el capital futuro) y tanto de inter\u00e9s aplicado. <\/p>\n<p>El capital que resulte de la operaci\u00f3n de descuento (capital actual o presente \u2013C<sub>0<\/sub>\u2013) ser\u00e1 de cuant\u00eda menor, siendo la diferencia entre ambos capitales los intereses que el capital futuro deja de tener por anticipar su vencimiento. En definitiva, si trasladar un capital desde el presente al futuro implica a\u00f1adirle intereses, hacer la operaci\u00f3n inversa, anticipar su vencimiento, supondr\u00e1 la minoraci\u00f3n de esa misma carga financiera. <\/p>\n<p>Gr\u00e1ficamente:<\/p>\n<p>&nbsp;<\/p>\n<p align=\"center\"><img loading=\"lazy\" decoding=\"async\" src=\"https:\/\/blogs.udima.es\/administracion-y-direccion-de-empresas\/images_book\/p026-01.png\" width=\"492\" height=\"307\" \/><\/p>\n<p>&nbsp;<\/p>\n<p><em>Elementos:<\/em><\/p>\n<blockquote>\n<p> D: Descuento o rebaja.<br \/>\n    C<sub>n<\/sub>: Valor final o nominal.<br \/>\n    C<sub>0<\/sub>: Valor actual, inicial o efectivo.<br \/>\n    i \u00f3 d: Tanto de la operaci\u00f3n.<\/p>\n<\/blockquote>\n<p> Por tanto, el capital presente (C<sub>0<\/sub>) es inferior al capital futuro (C<sub>n<\/sub>), y la diferencia entre ambos es lo que se denomina descuento (D). Se cumple la siguiente expresi\u00f3n:<\/p>\n<blockquote>\n<p> D = C<sub>n<\/sub> \u2013 C<sub>0<\/sub><\/p>\n<\/blockquote>\n<p>Adem\u00e1s, el descuento, propiamente dicho, no es m\u00e1s que una <em>disminuci\u00f3n de intereses<\/em> que experimenta un capital futuro como consecuencia de adelantar su vencimiento, por lo tanto se calcula como el inter\u00e9s total de un intervalo de tiempo (el que se anticipe el capital futuro). Se cumple:<\/p>\n<blockquote>\n<p>D = Capital x Tipo x Tiempo<\/p>\n<\/blockquote>\n<p> Y, seg\u00fan cu\u00e1l sea el capital que se considere para el c\u00f3mputo de los intereses, estaremos ante las dos modalidades de descuento que existen en la pr\u00e1ctica:<\/p>\n<ul>\n<li> Descuento racional, matem\u00e1tico o l\u00f3gico, y<\/li>\n<li> Descuento comercial o bancario. <\/li>\n<\/ul>\n<p> En todo caso, y cualquiera que sea la modalidad de descuento que se emplee, en este tipo de operaciones el punto de partida es un capital futuro (C<sub>n<\/sub>) (conocido) que se quiere sustituir por un capital presente (C<sub>0<\/sub>) (que habr\u00e1 de calcular), para lo cual ser\u00e1 necesario el ahorro de intereses (descuento) que la operaci\u00f3n supone.<\/p>\n<h3>1.3.2. Descuento racional <\/h3>\n<p> El ahorro de intereses se calcula sobre el valor efectivo (C<sub>0<\/sub>) empleando un tipo de inter\u00e9s efectivo (i).<\/p>\n<p>Al ser C<sub>0<\/sub> (el capital inicial) aquel que genera los intereses en esta operaci\u00f3n, igual que ocurr\u00eda en la capitalizaci\u00f3n, resulta v\u00e1lida la f\u00f3rmula de la capitalizaci\u00f3n simple, siendo ahora la inc\u00f3gnita el capital inicial (C<sub>0<\/sub>).<\/p>\n<p> As\u00ed pues, a partir de la capitalizaci\u00f3n simple se despeja el capital inicial, para posteriormente por diferencias determinar el descuento racional:<\/p>\n<blockquote>\n<p>C<sub>n<\/sub> = C<sub>0<\/sub> (1 + n x i)<\/p>\n<\/blockquote>\n<p>\u2022 C\u00e1lculo del capital inicial:<\/p>\n<blockquote>\n<p> &nbsp;&nbsp;&nbsp;&nbsp;&nbsp;&nbsp;&nbsp;&nbsp;&nbsp;&nbsp;&nbsp;&nbsp;&nbsp;&nbsp;C<sub>n<\/sub><br \/>\n    C<sub>0<\/sub> = &#8212;&#8212;&#8212;&#8212;- <br \/>\n&nbsp;&nbsp;&nbsp;&nbsp;&nbsp;&nbsp;&nbsp;&nbsp;&nbsp;&nbsp;1 + n x i<\/p>\n<\/blockquote>\n<p> \u2022 C\u00e1lculo del ahorro de intereses (D<sub>r<\/sub>):<\/p>\n<blockquote>\n<p> &nbsp;&nbsp;&nbsp;&nbsp;&nbsp;&nbsp;&nbsp;&nbsp;&nbsp;&nbsp;&nbsp;&nbsp;&nbsp;&nbsp;&nbsp;&nbsp;&nbsp;&nbsp;&nbsp;&nbsp;&nbsp;&nbsp;&nbsp;&nbsp;&nbsp;&nbsp;&nbsp;&nbsp;&nbsp;&nbsp;&nbsp;&nbsp;&nbsp;&nbsp;&nbsp;&nbsp;&nbsp;&nbsp;C<sub>n<\/sub>&nbsp;&nbsp;&nbsp;&nbsp;&nbsp;&nbsp;&nbsp;&nbsp;&nbsp;&nbsp;&nbsp;&nbsp; C<sub>n<\/sub> x n x i<br \/>\n    D<sub>r<\/sub> = C<sub>n<\/sub> \u2013 C<sub>0<\/sub> = C<sub>n<\/sub> \u2013 &#8212;&#8212;&#8212;&#8212;&#8211; = &#8212;&#8212;&#8212;&#8212;&#8211; <br \/>\n&nbsp;&nbsp;&nbsp;&nbsp;&nbsp;&nbsp;&nbsp;&nbsp;&nbsp;&nbsp;&nbsp;&nbsp;&nbsp;&nbsp;&nbsp;&nbsp;&nbsp;&nbsp;&nbsp;&nbsp;&nbsp;&nbsp;&nbsp;&nbsp;&nbsp;&nbsp;&nbsp;&nbsp;&nbsp;&nbsp;&nbsp;&nbsp;&nbsp;1 + n x i &nbsp;&nbsp;&nbsp;&nbsp;&nbsp;&nbsp;&nbsp;&nbsp;&nbsp;1 + n x i<\/p>\n<\/blockquote>\n<p> De otra forma:<\/p>\n<blockquote>\n<p> &nbsp;&nbsp;&nbsp;&nbsp;&nbsp;&nbsp;&nbsp;&nbsp;&nbsp;&nbsp;&nbsp;&nbsp;&nbsp;&nbsp;&nbsp;&nbsp;&nbsp;&nbsp;&nbsp;&nbsp;&nbsp;&nbsp;&nbsp;&nbsp;&nbsp;&nbsp;&nbsp;&nbsp;&nbsp;&nbsp;&nbsp;&nbsp;&nbsp;&nbsp;C<sub>n<\/sub> &nbsp;&nbsp;&nbsp;&nbsp;&nbsp;&nbsp;&nbsp;&nbsp;&nbsp;&nbsp;&nbsp;&nbsp;&nbsp;&nbsp;&nbsp;&nbsp;&nbsp;&nbsp;&nbsp;&nbsp;&nbsp;&nbsp;&nbsp;&nbsp;C<sub>n<\/sub> x n x i<br \/>\n    D<sub>r<\/sub> = C<sub>0<\/sub> x i x n = &#8212;&#8212;&#8212;&#8212;&#8212; x i x n = &#8212;&#8212;&#8212;&#8212;&#8212;&#8211; <br \/>\n&nbsp;&nbsp;&nbsp;&nbsp;&nbsp;&nbsp;&nbsp;&nbsp;&nbsp;&nbsp;&nbsp;&nbsp;&nbsp;&nbsp;&nbsp;&nbsp;&nbsp;&nbsp;&nbsp;&nbsp;&nbsp;&nbsp;&nbsp;&nbsp;&nbsp;&nbsp;&nbsp;&nbsp;&nbsp;1 + n x i&nbsp;&nbsp;&nbsp;&nbsp;&nbsp;&nbsp;&nbsp;&nbsp;&nbsp;&nbsp;&nbsp;&nbsp;&nbsp;&nbsp;&nbsp;&nbsp;&nbsp;&nbsp;&nbsp;&nbsp;&nbsp; 1 + n x i<\/p>\n<\/blockquote>\n<h3> 1.3.3. Descuento comercial <\/h3>\n<p> Los intereses generados en la operaci\u00f3n se calculan sobre el nominal (C<sub>n<\/sub>) empleando un tipo de descuento (d).<\/p>\n<p>En este caso resulta m\u00e1s interesante calcular primero el descuento (D<sub>c<\/sub>) y posteriormente el capital inicial (C<sub>0<\/sub>).<\/p>\n<p> Como el descuento es la suma de los intereses generados en cada uno de los per\u00edodos descontados (n), y en cada per\u00edodo tanto el capital considerado para calcular los intereses como el propio tanto se mantiene constante, resulta:<\/p>\n<p align=\"center\">&nbsp; <\/p>\n<table border=\"0\" align=\"center\" cellpadding=\"5\" cellspacing=\"0\">\n<tr>\n<td>D<sub>c<\/sub> = C<sub>n<\/sub> x d + C<sub>n<\/sub> x d + \u2026 + C<sub>n<\/sub> x d = C<sub>n<\/sub> x n x d<\/td>\n<\/tr>\n<tr>\n<td>\n<div align=\"left\">&nbsp;&nbsp;&nbsp;&nbsp;&nbsp;&nbsp;&nbsp;&nbsp;&lt;&#8212;&#8212;&#8212;&#8212;&#8212;&#8212;&#8212;&#8212;&#8212;&#8212;&#8212;-&gt;<br \/>\n    &nbsp;&nbsp;&nbsp;&nbsp;&nbsp;&nbsp;&nbsp;&nbsp;&nbsp;&nbsp;&nbsp;&nbsp;&nbsp;&nbsp;&nbsp;&nbsp;&nbsp;&nbsp;&nbsp;&nbsp;&nbsp;&nbsp;&nbsp;&nbsp;&nbsp;&nbsp;&nbsp;&nbsp;n veces<\/div>\n<\/td>\n<\/tr>\n<\/table>\n<p align=\"center\">&nbsp;<\/p>\n<p> El capital inicial se obtiene por diferencia entre el capital final (C<sub>n<\/sub>) y el descuento (D<sub>c<\/sub>):<\/p>\n<p align=\"center\">C<sub>0<\/sub> = C<sub>n<\/sub> \u2013 D<sub>c<\/sub> = C<sub>n<\/sub> \u2013 C<sub>n<\/sub> x n x d = C<sub>n<\/sub> x (1 \u2013 n x d)<\/p>\n<p align=\"center\">&nbsp; <\/p>\n<table width=\"0\" height=\"0\"  border=\"1\" align=\"center\" cellpadding=\"10\" cellspacing=\"0\">\n<tr>\n<td>C<sub>0<\/sub> = C<sub>n<\/sub> x (1 \u2013 n x d)<\/td>\n<\/tr>\n<\/table>\n<p align=\"center\">&nbsp;<\/p>\n<div class=\"ejemplo\">\n<p><strong>EJEMPLO 9 <\/strong><\/p>\n<p>Se pretende anticipar al momento actual el vencimiento de un capital de 100 euros con vencimiento dentro de 3 a\u00f1os a un tanto anual del 10%. Calcular el capital inicial y el descuento de la operaci\u00f3n.<\/p>\n<p class=\"progress\"> Caso 1:<\/p>\n<p> Considerando que el capital sobre el que se calculan los intereses es el inicial (descuento racional):<\/p>\n<p>&nbsp;<\/p>\n<p align=\"center\"><img loading=\"lazy\" decoding=\"async\" src=\"https:\/\/blogs.udima.es\/administracion-y-direccion-de-empresas\/images_book\/p029-01.png\" width=\"302\" height=\"126\" \/><\/p>\n<p>&nbsp;<\/p>\n<blockquote>\n<p> &nbsp;&nbsp;&nbsp;&nbsp;&nbsp;&nbsp;&nbsp;&nbsp;&nbsp;&nbsp;&nbsp;&nbsp;&nbsp;&nbsp;100<br \/>\n      C<sub>0<\/sub> = &#8212;&#8212;&#8212;&#8212;&#8212;- = 76,92 \u20ac<br \/>\n&nbsp;&nbsp;&nbsp;&nbsp;&nbsp;&nbsp;&nbsp;&nbsp;&nbsp;&nbsp;1 + 3 x 0,1<\/p>\n<p> D<sub>r<\/sub> = 100 \u2013 76,92 = 23,08 \u20ac<\/p>\n<\/blockquote>\n<p> o bien:<\/p>\n<blockquote>\n<p> D<sub>r<\/sub> = 76,92 x 0,1 x 3 = 23,08 \u20ac<\/p>\n<\/blockquote>\n<p class=\"progress\"> Caso 2:<\/p>\n<p> Considerando que el capital sobre el que se calculan los intereses es el nominal (descuento comercial):<\/p>\n<p>&nbsp;<\/p>\n<p align=\"center\"><img loading=\"lazy\" decoding=\"async\" src=\"https:\/\/blogs.udima.es\/administracion-y-direccion-de-empresas\/images_book\/p030-01.png\" width=\"310\" height=\"113\" \/><\/p>\n<p>&nbsp;<\/p>\n<blockquote>\n<p>    D<sub>c<\/sub> = 100 x 0,1 x 3 = 30 \u20ac<\/p>\n<p> C<sub>0<\/sub> = 100 \u2013 30 = 70 \u20ac<\/p>\n<\/blockquote>\n<p>o bien:<\/p>\n<blockquote>\n<p> C<sub>0<\/sub> = 100 x (1 \u2013 3 x 0,1) = 70 \u20ac<\/p>\n<\/blockquote>\n<\/div>\n<p align=\"left\">&nbsp;<\/p>\n<h3 align=\"left\">1.3.4. Tanto de inter\u00e9s y de descuento equivalentes<\/h3>\n<p align=\"left\"> Si el tipo de inter\u00e9s (i) aplicado en el descuento racional coincide en n\u00famero con el tipo de descuento (d) empleado para el descuento comercial, el resultado no ser\u00eda el mismo porque estamos trabajando sobre capitales diferentes para el c\u00f3mputo del c\u00e1lculo de intereses; de forma que siempre el descuento comercial ser\u00e1 mayor al descuento racional (D<sub>c<\/sub>&gt; D<sub>r<\/sub>) \u2013<em>como ocurre en el ejemplo 9.<\/em><\/p>\n<p align=\"left\">No obstante resulta interesante, para poder hacer comparaciones, buscar una relaci\u00f3n entre tipos de inter\u00e9s y de descuento que haga que resulte indiferente una modalidad u otra. Ser\u00e1 necesario, por tanto, encontrar un tanto de descuento equivalente a uno de inter\u00e9s, para lo cual obligaremos a que se cumpla la igualdad entre ambas modalidades de descuentos: D<sub>r<\/sub> = D<sub>c<\/sub>.<\/p>\n<p align=\"left\">Sustituyendo los dos descuentos por las expresiones obtenidas anteriormente:<\/p>\n<blockquote>\n<p align=\"left\"> &nbsp;C<sub>n<\/sub> x n x i<br \/>\n    &#8212;&#8212;&#8212;&#8212;- = C<sub>n<\/sub> x n x d<br \/>\n  &nbsp;1 + n x i<\/p>\n<\/blockquote>\n<p align=\"left\"> Y simplificando, dividiendo por Cn x n:<\/p>\n<blockquote>\n<p align=\"left\"> &nbsp;&nbsp;&nbsp;&nbsp;&nbsp;&nbsp;&nbsp;i<br \/>\n    &#8212;&#8212;&#8212;&#8212; = d<br \/>\n&nbsp;1 + n x i<\/p>\n<\/blockquote>\n<p align=\"left\"> Obteni\u00e9ndose el tanto de descuento comercial d equivalente al tanto i:<\/p>\n<blockquote>\n<p align=\"left\">&nbsp;<\/p>\n<\/blockquote>\n<table width=\"0\" height=\"0\"  border=\"1\" align=\"left\" cellpadding=\"10\" cellspacing=\"0\">\n<tr>\n<td>\n<div align=\"center\">&nbsp;&nbsp;&nbsp;&nbsp;&nbsp;i<br \/>\n        d = &#8212;&#8212;&#8212;&#8212;-<br \/>\n  &nbsp;&nbsp;&nbsp;&nbsp;&nbsp;&nbsp;1 + n x i<\/div>\n<\/td>\n<\/tr>\n<\/table>\n<p align=\"left\">&nbsp;<\/p>\n<p align=\"left\">&nbsp;<\/p>\n<p align=\"left\">&nbsp; <\/p>\n<p align=\"left\">&nbsp;<\/p>\n<p align=\"left\">An\u00e1logamente, conocido d se podr\u00e1 calcular el tanto i: <\/p>\n<p align=\"left\">&nbsp;<\/p>\n<table width=\"0\" height=\"0\"  border=\"1\" align=\"left\" cellpadding=\"10\" cellspacing=\"0\">\n<tr>\n<td>\n<div align=\"center\">&nbsp;&nbsp;&nbsp;&nbsp;d<br \/>\ni = &#8212;&#8212;&#8212;&#8212;&#8211; <br \/>\n&nbsp;&nbsp;&nbsp;&nbsp;&nbsp;1 \u2013 n x d<\/div>\n<\/td>\n<\/tr>\n<\/table>\n<p align=\"left\">&nbsp;<\/p>\n<p align=\"left\">&nbsp;<\/p>\n<p align=\"left\">&nbsp;<\/p>\n<p align=\"left\">&nbsp;<\/p>\n<p align=\"left\">La relaci\u00f3n de equivalencia entre tipos de inter\u00e9s y descuento, en r\u00e9gimen de simple, es una funci\u00f3n temporal, es decir, que un tanto de descuento es equivalente a tantos tipos de inter\u00e9s como valores tome la duraci\u00f3n (n) de la operaci\u00f3n y al rev\u00e9s (no hay una relaci\u00f3n de equivalencia \u00fanica entre un i y un d).<\/p>\n<p align=\"left\">&nbsp;<\/p>\n<div class=\"ejemplo\">\n<p><strong>EJEMPLO 10 <\/strong><\/p>\n<p align=\"left\">En el ejemplo 9 si consideramos que el tanto de inter\u00e9s es del 10% anual. \u00bfQu\u00e9 tipo de descuento anual deber\u00e1 aplicarse para que ambos tipos de descuento resulten equivalentes?<\/p>\n<blockquote>\n<p align=\"left\">Si i = 10%<\/p>\n<\/blockquote>\n<p align=\"left\">Entonces se ha de cumplir: <\/p>\n<blockquote>\n<p align=\"left\"> &nbsp;&nbsp;&nbsp;&nbsp;&nbsp;&nbsp;&nbsp;&nbsp;&nbsp;&nbsp;&nbsp;&nbsp;&nbsp;0,1<br \/>\n      d = &#8212;&#8212;&#8212;&#8212;&#8212;- = 0,076923 = 7,6923%<br \/>\n&nbsp;&nbsp;&nbsp;&nbsp;&nbsp;&nbsp;&nbsp;&nbsp;1 + 3 x 0,1<\/p>\n<\/blockquote>\n<p align=\"left\" class=\"progress\">Comprobaci\u00f3n:<\/p>\n<p align=\"left\">Calculando el valor actual y el descuento considerando un tipo de inter\u00e9s del 10% (descuento racional):<\/p>\n<blockquote>\n<p align=\"left\"> &nbsp;&nbsp;&nbsp;&nbsp;&nbsp;&nbsp;&nbsp;&nbsp;&nbsp;&nbsp;&nbsp;&nbsp;&nbsp;&nbsp;&nbsp;100<br \/>\n      C<sub>0<\/sub> = &#8212;&#8212;&#8212;&#8212;&#8212;- = 76,92 \u20ac<br \/>\n&nbsp;&nbsp;&nbsp;&nbsp;&nbsp;&nbsp;&nbsp;&nbsp;&nbsp;&nbsp;1 + 3 x 0,1<\/p>\n<p align=\"left\"> D<sub>r<\/sub> = 100 \u2013 76,92 = 23,08 \u20ac<\/p>\n<\/blockquote>\n<p align=\"left\">Calculando el valor actual y el descuento considerando el tipo de descuento antes calculado del 7,6923% (descuento comercial):<\/p>\n<blockquote>\n<p align=\"left\"> D<sub>c<\/sub> = 100 x 0,076923 x 3 = 23,08 \u20ac<\/p>\n<p align=\"left\">C<sub>0<\/sub> = 100 \u2013 23,08 = 76,92 \u20ac<\/p>\n<\/blockquote>\n<p align=\"left\">o bien:<\/p>\n<blockquote>\n<p align=\"left\"> C<sub>0<\/sub> = 100 (1 \u2013 0,076923 x 3) = 76,92 \u20ac<\/p>\n<\/blockquote>\n<\/div>\n<p align=\"left\">&nbsp;<\/p>\n","protected":false},"excerpt":{"rendered":"<p>Se denomina as\u00ed a la operaci\u00f3n financiera que tiene por objeto la sustituci\u00f3n de un capital futuro por otro equivalente con vencimiento presente, mediante la aplicaci\u00f3n de la ley financiera de descuento simple. Es una operaci\u00f3n inversa a la de capitalizaci\u00f3n. 1.3.1. Caracter\u00edsticas de la operaci\u00f3n Los intereses no son productivos, lo que significa que: [&hellip;]<\/p>\n","protected":false},"author":27,"featured_media":0,"parent":0,"menu_order":1113,"comment_status":"closed","ping_status":"closed","template":"","meta":{"footnotes":""},"yoast_head":"<!-- This site is optimized with the Yoast SEO plugin v22.9 - https:\/\/yoast.com\/wordpress\/plugins\/seo\/ -->\n<title>1.3. Descuento simple - Blog de ADE<\/title>\n<meta name=\"robots\" content=\"index, follow, max-snippet:-1, max-image-preview:large, max-video-preview:-1\" \/>\n<link rel=\"canonical\" href=\"https:\/\/blogs.udima.es\/administracion-y-direccion-de-empresas\/1-3-descuento-simple-html\/\" \/>\n<meta property=\"og:locale\" content=\"es_ES\" \/>\n<meta property=\"og:type\" content=\"article\" \/>\n<meta property=\"og:title\" content=\"1.3. Descuento simple - Blog de ADE\" \/>\n<meta property=\"og:description\" content=\"Se denomina as\u00ed a la operaci\u00f3n financiera que tiene por objeto la sustituci\u00f3n de un capital futuro por otro equivalente con vencimiento presente, mediante la aplicaci\u00f3n de la ley financiera de descuento simple. Es una operaci\u00f3n inversa a la de capitalizaci\u00f3n. 1.3.1. Caracter\u00edsticas de la operaci\u00f3n Los intereses no son productivos, lo que significa que: [&hellip;]\" \/>\n<meta property=\"og:url\" content=\"https:\/\/blogs.udima.es\/administracion-y-direccion-de-empresas\/1-3-descuento-simple-html\/\" \/>\n<meta property=\"og:site_name\" content=\"Blog de ADE - Universidad a Distancia de Madrid | UDIMA\" \/>\n<meta property=\"article:modified_time\" content=\"2016-07-08T11:48:05+00:00\" \/>\n<meta property=\"og:image\" content=\"https:\/\/blogs.udima.es\/administracion-y-direccion-de-empresas\/images_book\/p026-01.png\" \/>\n<meta name=\"twitter:card\" content=\"summary_large_image\" \/>\n<meta name=\"twitter:label1\" content=\"Tiempo de lectura\" \/>\n\t<meta name=\"twitter:data1\" content=\"8 minutos\" \/>\n<script type=\"application\/ld+json\" class=\"yoast-schema-graph\">{\"@context\":\"https:\/\/schema.org\",\"@graph\":[{\"@type\":\"WebPage\",\"@id\":\"https:\/\/blogs.udima.es\/administracion-y-direccion-de-empresas\/1-3-descuento-simple-html\/\",\"url\":\"https:\/\/blogs.udima.es\/administracion-y-direccion-de-empresas\/1-3-descuento-simple-html\/\",\"name\":\"1.3. Descuento simple - Blog de ADE\",\"isPartOf\":{\"@id\":\"https:\/\/blogs.udima.es\/administracion-y-direccion-de-empresas\/#website\"},\"primaryImageOfPage\":{\"@id\":\"https:\/\/blogs.udima.es\/administracion-y-direccion-de-empresas\/1-3-descuento-simple-html\/#primaryimage\"},\"image\":{\"@id\":\"https:\/\/blogs.udima.es\/administracion-y-direccion-de-empresas\/1-3-descuento-simple-html\/#primaryimage\"},\"thumbnailUrl\":\"https:\/\/blogs.udima.es\/administracion-y-direccion-de-empresas\/images_book\/p026-01.png\",\"datePublished\":\"2016-07-08T11:34:25+00:00\",\"dateModified\":\"2016-07-08T11:48:05+00:00\",\"breadcrumb\":{\"@id\":\"https:\/\/blogs.udima.es\/administracion-y-direccion-de-empresas\/1-3-descuento-simple-html\/#breadcrumb\"},\"inLanguage\":\"es\",\"potentialAction\":[{\"@type\":\"ReadAction\",\"target\":[\"https:\/\/blogs.udima.es\/administracion-y-direccion-de-empresas\/1-3-descuento-simple-html\/\"]}]},{\"@type\":\"ImageObject\",\"inLanguage\":\"es\",\"@id\":\"https:\/\/blogs.udima.es\/administracion-y-direccion-de-empresas\/1-3-descuento-simple-html\/#primaryimage\",\"url\":\"https:\/\/blogs.udima.es\/administracion-y-direccion-de-empresas\/images_book\/p026-01.png\",\"contentUrl\":\"https:\/\/blogs.udima.es\/administracion-y-direccion-de-empresas\/images_book\/p026-01.png\"},{\"@type\":\"BreadcrumbList\",\"@id\":\"https:\/\/blogs.udima.es\/administracion-y-direccion-de-empresas\/1-3-descuento-simple-html\/#breadcrumb\",\"itemListElement\":[{\"@type\":\"ListItem\",\"position\":1,\"name\":\"Portada\",\"item\":\"https:\/\/blogs.udima.es\/administracion-y-direccion-de-empresas\/\"},{\"@type\":\"ListItem\",\"position\":2,\"name\":\"1.3. Descuento simple\"}]},{\"@type\":\"WebSite\",\"@id\":\"https:\/\/blogs.udima.es\/administracion-y-direccion-de-empresas\/#website\",\"url\":\"https:\/\/blogs.udima.es\/administracion-y-direccion-de-empresas\/\",\"name\":\"Blog de ADE - Universidad a Distancia de Madrid | UDIMA\",\"description\":\"\",\"potentialAction\":[{\"@type\":\"SearchAction\",\"target\":{\"@type\":\"EntryPoint\",\"urlTemplate\":\"https:\/\/blogs.udima.es\/administracion-y-direccion-de-empresas\/?s={search_term_string}\"},\"query-input\":\"required name=search_term_string\"}],\"inLanguage\":\"es\"}]}<\/script>\n<!-- \/ Yoast SEO plugin. -->","yoast_head_json":{"title":"1.3. Descuento simple - Blog de ADE","robots":{"index":"index","follow":"follow","max-snippet":"max-snippet:-1","max-image-preview":"max-image-preview:large","max-video-preview":"max-video-preview:-1"},"canonical":"https:\/\/blogs.udima.es\/administracion-y-direccion-de-empresas\/1-3-descuento-simple-html\/","og_locale":"es_ES","og_type":"article","og_title":"1.3. Descuento simple - Blog de ADE","og_description":"Se denomina as\u00ed a la operaci\u00f3n financiera que tiene por objeto la sustituci\u00f3n de un capital futuro por otro equivalente con vencimiento presente, mediante la aplicaci\u00f3n de la ley financiera de descuento simple. Es una operaci\u00f3n inversa a la de capitalizaci\u00f3n. 1.3.1. Caracter\u00edsticas de la operaci\u00f3n Los intereses no son productivos, lo que significa que: [&hellip;]","og_url":"https:\/\/blogs.udima.es\/administracion-y-direccion-de-empresas\/1-3-descuento-simple-html\/","og_site_name":"Blog de ADE - Universidad a Distancia de Madrid | UDIMA","article_modified_time":"2016-07-08T11:48:05+00:00","og_image":[{"url":"https:\/\/blogs.udima.es\/administracion-y-direccion-de-empresas\/images_book\/p026-01.png"}],"twitter_card":"summary_large_image","twitter_misc":{"Tiempo de lectura":"8 minutos"},"schema":{"@context":"https:\/\/schema.org","@graph":[{"@type":"WebPage","@id":"https:\/\/blogs.udima.es\/administracion-y-direccion-de-empresas\/1-3-descuento-simple-html\/","url":"https:\/\/blogs.udima.es\/administracion-y-direccion-de-empresas\/1-3-descuento-simple-html\/","name":"1.3. Descuento simple - Blog de ADE","isPartOf":{"@id":"https:\/\/blogs.udima.es\/administracion-y-direccion-de-empresas\/#website"},"primaryImageOfPage":{"@id":"https:\/\/blogs.udima.es\/administracion-y-direccion-de-empresas\/1-3-descuento-simple-html\/#primaryimage"},"image":{"@id":"https:\/\/blogs.udima.es\/administracion-y-direccion-de-empresas\/1-3-descuento-simple-html\/#primaryimage"},"thumbnailUrl":"https:\/\/blogs.udima.es\/administracion-y-direccion-de-empresas\/images_book\/p026-01.png","datePublished":"2016-07-08T11:34:25+00:00","dateModified":"2016-07-08T11:48:05+00:00","breadcrumb":{"@id":"https:\/\/blogs.udima.es\/administracion-y-direccion-de-empresas\/1-3-descuento-simple-html\/#breadcrumb"},"inLanguage":"es","potentialAction":[{"@type":"ReadAction","target":["https:\/\/blogs.udima.es\/administracion-y-direccion-de-empresas\/1-3-descuento-simple-html\/"]}]},{"@type":"ImageObject","inLanguage":"es","@id":"https:\/\/blogs.udima.es\/administracion-y-direccion-de-empresas\/1-3-descuento-simple-html\/#primaryimage","url":"https:\/\/blogs.udima.es\/administracion-y-direccion-de-empresas\/images_book\/p026-01.png","contentUrl":"https:\/\/blogs.udima.es\/administracion-y-direccion-de-empresas\/images_book\/p026-01.png"},{"@type":"BreadcrumbList","@id":"https:\/\/blogs.udima.es\/administracion-y-direccion-de-empresas\/1-3-descuento-simple-html\/#breadcrumb","itemListElement":[{"@type":"ListItem","position":1,"name":"Portada","item":"https:\/\/blogs.udima.es\/administracion-y-direccion-de-empresas\/"},{"@type":"ListItem","position":2,"name":"1.3. Descuento simple"}]},{"@type":"WebSite","@id":"https:\/\/blogs.udima.es\/administracion-y-direccion-de-empresas\/#website","url":"https:\/\/blogs.udima.es\/administracion-y-direccion-de-empresas\/","name":"Blog de ADE - Universidad a Distancia de Madrid | UDIMA","description":"","potentialAction":[{"@type":"SearchAction","target":{"@type":"EntryPoint","urlTemplate":"https:\/\/blogs.udima.es\/administracion-y-direccion-de-empresas\/?s={search_term_string}"},"query-input":"required name=search_term_string"}],"inLanguage":"es"}]}},"_links":{"self":[{"href":"https:\/\/blogs.udima.es\/administracion-y-direccion-de-empresas\/wp-json\/wp\/v2\/pages\/1806"}],"collection":[{"href":"https:\/\/blogs.udima.es\/administracion-y-direccion-de-empresas\/wp-json\/wp\/v2\/pages"}],"about":[{"href":"https:\/\/blogs.udima.es\/administracion-y-direccion-de-empresas\/wp-json\/wp\/v2\/types\/page"}],"author":[{"embeddable":true,"href":"https:\/\/blogs.udima.es\/administracion-y-direccion-de-empresas\/wp-json\/wp\/v2\/users\/27"}],"replies":[{"embeddable":true,"href":"https:\/\/blogs.udima.es\/administracion-y-direccion-de-empresas\/wp-json\/wp\/v2\/comments?post=1806"}],"version-history":[{"count":1,"href":"https:\/\/blogs.udima.es\/administracion-y-direccion-de-empresas\/wp-json\/wp\/v2\/pages\/1806\/revisions"}],"predecessor-version":[{"id":1807,"href":"https:\/\/blogs.udima.es\/administracion-y-direccion-de-empresas\/wp-json\/wp\/v2\/pages\/1806\/revisions\/1807"}],"wp:attachment":[{"href":"https:\/\/blogs.udima.es\/administracion-y-direccion-de-empresas\/wp-json\/wp\/v2\/media?parent=1806"}],"curies":[{"name":"wp","href":"https:\/\/api.w.org\/{rel}","templated":true}]}}