{"id":1795,"date":"2016-07-05T09:08:49","date_gmt":"2016-07-05T09:08:49","guid":{"rendered":"http:\/\/blogs.udima.es\/administracion-y-direccion-de-empresas\/?page_id=1795"},"modified":"2016-07-11T10:26:59","modified_gmt":"2016-07-11T10:26:59","slug":"operaciones-en-regimen-de-simple-iii-p69-htm","status":"publish","type":"page","link":"https:\/\/blogs.udima.es\/administracion-y-direccion-de-empresas\/operaciones-en-regimen-de-simple-iii-p69-htm\/","title":{"rendered":"1. Operaciones en r\u00e9gimen de simple"},"content":{"rendered":"<p>Las operaciones en r\u00e9gimen de simple se caracterizan porque los intereses a medida que se van generando no se acumulan y no generan intereses en per\u00edodos siguientes (no son productivos). De esta forma los intereses que se producen en cada per\u00edodo se calculan siempre sobre el mismo capital -el inicial-, al tipo de inter\u00e9s vigente en cada per\u00edodo.<\/p>\n<p>Este r\u00e9gimen financiero es propio de operaciones a corto plazo (menos de un a\u00f1o).<\/p>\n<p><strong>\u00cdndice<\/strong><\/p>\n<ul>\n<li><a href=\"https:\/\/blogs.udima.es\/administracion-y-direccion-de-empresas\/Operaciones-en-regimen-de-simple-II-P68.htm\">1.1. Capitalizaci\u00f3n simple<\/a><\/li>\n<li><a href=\"https:\/\/blogs.udima.es\/administracion-y-direccion-de-empresas\/1-2-tantos-equivalentes.html\">1.2. Tantos equivalentes<\/a><\/li>\n<li><a href=\"https:\/\/blogs.udima.es\/administracion-y-direccion-de-empresas\/1-3-descuento-simple.html\">1.3. Descuento simple<\/a><\/li>\n<\/ul>\n","protected":false},"excerpt":{"rendered":"<p>Las operaciones en r\u00e9gimen de simple se caracterizan porque los intereses a medida que se van generando no se acumulan y no generan intereses en per\u00edodos siguientes (no son productivos). De esta forma los intereses que se producen en cada per\u00edodo se calculan siempre sobre el mismo capital -el inicial-, al tipo de inter\u00e9s vigente [&hellip;]<\/p>\n","protected":false},"author":27,"featured_media":0,"parent":0,"menu_order":1110,"comment_status":"closed","ping_status":"closed","template":"","meta":{"footnotes":""},"yoast_head":"<!-- This site is optimized with the Yoast SEO plugin v22.9 - https:\/\/yoast.com\/wordpress\/plugins\/seo\/ -->\n<title>1. Operaciones en r\u00e9gimen de simple - Blog de ADE<\/title>\n<meta name=\"robots\" content=\"index, follow, max-snippet:-1, max-image-preview:large, max-video-preview:-1\" \/>\n<link rel=\"canonical\" href=\"https:\/\/blogs.udima.es\/administracion-y-direccion-de-empresas\/operaciones-en-regimen-de-simple-iii-p69-htm\/\" \/>\n<meta property=\"og:locale\" content=\"es_ES\" \/>\n<meta property=\"og:type\" content=\"article\" \/>\n<meta property=\"og:title\" content=\"1. Operaciones en r\u00e9gimen de simple - Blog de ADE\" \/>\n<meta property=\"og:description\" content=\"Las operaciones en r\u00e9gimen de simple se caracterizan porque los intereses a medida que se van generando no se acumulan y no generan intereses en per\u00edodos siguientes (no son productivos). De esta forma los intereses que se producen en cada per\u00edodo se calculan siempre sobre el mismo capital -el inicial-, al tipo de inter\u00e9s vigente [&hellip;]\" \/>\n<meta property=\"og:url\" content=\"https:\/\/blogs.udima.es\/administracion-y-direccion-de-empresas\/operaciones-en-regimen-de-simple-iii-p69-htm\/\" \/>\n<meta property=\"og:site_name\" content=\"Blog de ADE - Universidad a Distancia de Madrid | UDIMA\" \/>\n<meta property=\"article:modified_time\" content=\"2016-07-11T10:26:59+00:00\" \/>\n<meta name=\"twitter:card\" content=\"summary_large_image\" \/>\n<script type=\"application\/ld+json\" class=\"yoast-schema-graph\">{\"@context\":\"https:\/\/schema.org\",\"@graph\":[{\"@type\":\"WebPage\",\"@id\":\"https:\/\/blogs.udima.es\/administracion-y-direccion-de-empresas\/operaciones-en-regimen-de-simple-iii-p69-htm\/\",\"url\":\"https:\/\/blogs.udima.es\/administracion-y-direccion-de-empresas\/operaciones-en-regimen-de-simple-iii-p69-htm\/\",\"name\":\"1. Operaciones en r\u00e9gimen de simple - Blog de ADE\",\"isPartOf\":{\"@id\":\"https:\/\/blogs.udima.es\/administracion-y-direccion-de-empresas\/#website\"},\"datePublished\":\"2016-07-05T09:08:49+00:00\",\"dateModified\":\"2016-07-11T10:26:59+00:00\",\"breadcrumb\":{\"@id\":\"https:\/\/blogs.udima.es\/administracion-y-direccion-de-empresas\/operaciones-en-regimen-de-simple-iii-p69-htm\/#breadcrumb\"},\"inLanguage\":\"es\",\"potentialAction\":[{\"@type\":\"ReadAction\",\"target\":[\"https:\/\/blogs.udima.es\/administracion-y-direccion-de-empresas\/operaciones-en-regimen-de-simple-iii-p69-htm\/\"]}]},{\"@type\":\"BreadcrumbList\",\"@id\":\"https:\/\/blogs.udima.es\/administracion-y-direccion-de-empresas\/operaciones-en-regimen-de-simple-iii-p69-htm\/#breadcrumb\",\"itemListElement\":[{\"@type\":\"ListItem\",\"position\":1,\"name\":\"Portada\",\"item\":\"https:\/\/blogs.udima.es\/administracion-y-direccion-de-empresas\/\"},{\"@type\":\"ListItem\",\"position\":2,\"name\":\"1. Operaciones en r\u00e9gimen de simple\"}]},{\"@type\":\"WebSite\",\"@id\":\"https:\/\/blogs.udima.es\/administracion-y-direccion-de-empresas\/#website\",\"url\":\"https:\/\/blogs.udima.es\/administracion-y-direccion-de-empresas\/\",\"name\":\"Blog de ADE - Universidad a Distancia de Madrid | UDIMA\",\"description\":\"\",\"potentialAction\":[{\"@type\":\"SearchAction\",\"target\":{\"@type\":\"EntryPoint\",\"urlTemplate\":\"https:\/\/blogs.udima.es\/administracion-y-direccion-de-empresas\/?s={search_term_string}\"},\"query-input\":\"required name=search_term_string\"}],\"inLanguage\":\"es\"}]}<\/script>\n<!-- \/ Yoast SEO plugin. -->","yoast_head_json":{"title":"1. Operaciones en r\u00e9gimen de simple - Blog de ADE","robots":{"index":"index","follow":"follow","max-snippet":"max-snippet:-1","max-image-preview":"max-image-preview:large","max-video-preview":"max-video-preview:-1"},"canonical":"https:\/\/blogs.udima.es\/administracion-y-direccion-de-empresas\/operaciones-en-regimen-de-simple-iii-p69-htm\/","og_locale":"es_ES","og_type":"article","og_title":"1. Operaciones en r\u00e9gimen de simple - Blog de ADE","og_description":"Las operaciones en r\u00e9gimen de simple se caracterizan porque los intereses a medida que se van generando no se acumulan y no generan intereses en per\u00edodos siguientes (no son productivos). De esta forma los intereses que se producen en cada per\u00edodo se calculan siempre sobre el mismo capital -el inicial-, al tipo de inter\u00e9s vigente [&hellip;]","og_url":"https:\/\/blogs.udima.es\/administracion-y-direccion-de-empresas\/operaciones-en-regimen-de-simple-iii-p69-htm\/","og_site_name":"Blog de ADE - Universidad a Distancia de Madrid | UDIMA","article_modified_time":"2016-07-11T10:26:59+00:00","twitter_card":"summary_large_image","schema":{"@context":"https:\/\/schema.org","@graph":[{"@type":"WebPage","@id":"https:\/\/blogs.udima.es\/administracion-y-direccion-de-empresas\/operaciones-en-regimen-de-simple-iii-p69-htm\/","url":"https:\/\/blogs.udima.es\/administracion-y-direccion-de-empresas\/operaciones-en-regimen-de-simple-iii-p69-htm\/","name":"1. Operaciones en r\u00e9gimen de simple - Blog de ADE","isPartOf":{"@id":"https:\/\/blogs.udima.es\/administracion-y-direccion-de-empresas\/#website"},"datePublished":"2016-07-05T09:08:49+00:00","dateModified":"2016-07-11T10:26:59+00:00","breadcrumb":{"@id":"https:\/\/blogs.udima.es\/administracion-y-direccion-de-empresas\/operaciones-en-regimen-de-simple-iii-p69-htm\/#breadcrumb"},"inLanguage":"es","potentialAction":[{"@type":"ReadAction","target":["https:\/\/blogs.udima.es\/administracion-y-direccion-de-empresas\/operaciones-en-regimen-de-simple-iii-p69-htm\/"]}]},{"@type":"BreadcrumbList","@id":"https:\/\/blogs.udima.es\/administracion-y-direccion-de-empresas\/operaciones-en-regimen-de-simple-iii-p69-htm\/#breadcrumb","itemListElement":[{"@type":"ListItem","position":1,"name":"Portada","item":"https:\/\/blogs.udima.es\/administracion-y-direccion-de-empresas\/"},{"@type":"ListItem","position":2,"name":"1. Operaciones en r\u00e9gimen de simple"}]},{"@type":"WebSite","@id":"https:\/\/blogs.udima.es\/administracion-y-direccion-de-empresas\/#website","url":"https:\/\/blogs.udima.es\/administracion-y-direccion-de-empresas\/","name":"Blog de ADE - Universidad a Distancia de Madrid | UDIMA","description":"","potentialAction":[{"@type":"SearchAction","target":{"@type":"EntryPoint","urlTemplate":"https:\/\/blogs.udima.es\/administracion-y-direccion-de-empresas\/?s={search_term_string}"},"query-input":"required name=search_term_string"}],"inLanguage":"es"}]}},"_links":{"self":[{"href":"https:\/\/blogs.udima.es\/administracion-y-direccion-de-empresas\/wp-json\/wp\/v2\/pages\/1795"}],"collection":[{"href":"https:\/\/blogs.udima.es\/administracion-y-direccion-de-empresas\/wp-json\/wp\/v2\/pages"}],"about":[{"href":"https:\/\/blogs.udima.es\/administracion-y-direccion-de-empresas\/wp-json\/wp\/v2\/types\/page"}],"author":[{"embeddable":true,"href":"https:\/\/blogs.udima.es\/administracion-y-direccion-de-empresas\/wp-json\/wp\/v2\/users\/27"}],"replies":[{"embeddable":true,"href":"https:\/\/blogs.udima.es\/administracion-y-direccion-de-empresas\/wp-json\/wp\/v2\/comments?post=1795"}],"version-history":[{"count":3,"href":"https:\/\/blogs.udima.es\/administracion-y-direccion-de-empresas\/wp-json\/wp\/v2\/pages\/1795\/revisions"}],"predecessor-version":[{"id":1829,"href":"https:\/\/blogs.udima.es\/administracion-y-direccion-de-empresas\/wp-json\/wp\/v2\/pages\/1795\/revisions\/1829"}],"wp:attachment":[{"href":"https:\/\/blogs.udima.es\/administracion-y-direccion-de-empresas\/wp-json\/wp\/v2\/media?parent=1795"}],"curies":[{"name":"wp","href":"https:\/\/api.w.org\/{rel}","templated":true}]}}