{"id":1047,"date":"2010-12-28T16:49:02","date_gmt":"2010-12-28T16:49:02","guid":{"rendered":"http:\/\/www.adeudima.com\/?page_id=130"},"modified":"2010-12-28T16:49:02","modified_gmt":"2010-12-28T16:49:02","slug":"5-analisis-organizativo-de-los-sistemas-funcionales-de-la-empresa","status":"publish","type":"page","link":"https:\/\/blogs.udima.es\/administracion-y-direccion-de-empresas\/libros\/introduccion-a-la-organizacion-de-empresas-2\/unidad-didactica-1-la-empresa-como-organizacion-los-sistemas-funcionales\/5-analisis-organizativo-de-los-sistemas-funcionales-de-la-empresa\/","title":{"rendered":"5. An\u00e1lisis organizativo de los sistemas funcionales de la empresa"},"content":{"rendered":"<p>Una vez analizada la realidad econ\u00f3mica-social de la  empresa como  organizaci\u00f3n, a la vez que introducida su justificaci\u00f3n como  sistema  socio-t\u00e9cnico abierto y presentada sus aspectos, subsistemas y sus   dimensiones conceptuales b\u00e1sicas, es el momento de enunciar los sistemas   funcionales de la empresa a manera de introducci\u00f3n y cu\u00e1les son los  enfoques  te\u00f3ricos principales que desarrollar\u00e1n. Introducci\u00f3n que  reitera los  comentarios y exposiciones concretas llevadas a cabo en  ep\u00edgrafes anteriores.<\/p>\n<p>Sobre este orden de ideas se examinan los aspectos  que explican los  procesos u operaciones que transforman el valor de la empresa,  es  decir, su actividad econ\u00f3mica o productiva en sentido amplio, que  incluye  tanto circulaci\u00f3n en t\u00e9rminos f\u00edsicos o reales, como en  t\u00e9rminos monetarios o  financieros. Aspectos calificados como el sistema  f\u00edsico-econ\u00f3mico y el sistema  financiero-econ\u00f3mico de la circulaci\u00f3n  de valor. En definitiva, se van a  mencionar cuatro subsistemas o \u00e1reas  funcionales que integran el sistema  t\u00e9cnico de la empresa, el cual ser\u00e1  considerado en la Unidad did\u00e1ctica 3.<\/p>\n<table border=\"0\" cellspacing=\"0\" cellpadding=\"5\" align=\"center\">\n<tbody>\n<tr>\n<td>\n<div style=\"text-align: center;\">Figura 4. Las \u00e1reas funcionales de la empresa<\/div>\n<\/td>\n<\/tr>\n<tr>\n<td>\n<div><a href=\"https:\/\/blogs.udima.es\/administracion-y-direccion-de-empresas\/wp-content\/uploads\/01_05_01.jpg\"><img loading=\"lazy\" decoding=\"async\" class=\"aligncenter size-full wp-image-131\" title=\"01_05_01\" src=\"https:\/\/blogs.udima.es\/administracion-y-direccion-de-empresas\/wp-content\/uploads\/01_05_01.jpg\" alt=\"\" width=\"537\" height=\"364\" \/><\/a><\/div>\n<\/td>\n<\/tr>\n<\/tbody>\n<\/table>\n<p>En la figura 4 se pueden observar los sistemas o \u00e1reas funcionales  que  integran el sistema t\u00e9cnico de la organizaci\u00f3n: sistema financiero,  tanto desde  la perspectiva del subsistema de inversi\u00f3n, como del  subsistema de  financiaci\u00f3n; sistema de producci\u00f3n, o relativo a las  operaciones de transformaci\u00f3n t\u00e9cnico-econ\u00f3mica, y sistema de  comercializaci\u00f3n (marketing).<\/p>\n<p>En las Unidades did\u00e1cticas que componen la segunda  parte de esta  obra, se abordar\u00e1 el concepto y estructura del sistema t\u00e9cnico de  la  empresa a trav\u00e9s de los cuatro sistemas funcionales comentados, al que  se  incorporar\u00e1 por la importancia actual el de distribuci\u00f3n o de  log\u00edstica. Concepci\u00f3n general que permitir\u00e1 introducir las \u00e1reas o  sistemas funcionales  m\u00e1s caracter\u00edsticos y conocidos de la teor\u00eda  actual de la organizaci\u00f3n de  empresas. Adem\u00e1s, en dichas unidades se  har\u00e1 una concreta y pr\u00e1ctica exposici\u00f3n  de cada uno de los subsistemas o  \u00e1reas funcionales que caracterizan a toda  organizaci\u00f3n.<\/p>\n","protected":false},"excerpt":{"rendered":"<p>Una vez analizada la realidad econ\u00f3mica-social de la empresa como organizaci\u00f3n, a la vez que introducida su justificaci\u00f3n como sistema socio-t\u00e9cnico abierto y presentada sus aspectos, subsistemas y sus dimensiones conceptuales b\u00e1sicas, es el momento de enunciar los sistemas funcionales de la empresa a manera de introducci\u00f3n y cu\u00e1les son los enfoques te\u00f3ricos principales que [&hellip;]<\/p>\n","protected":false},"author":2,"featured_media":0,"parent":1042,"menu_order":0,"comment_status":"open","ping_status":"open","template":"","meta":{"footnotes":""},"yoast_head":"<!-- This site is optimized with the Yoast SEO plugin v22.9 - https:\/\/yoast.com\/wordpress\/plugins\/seo\/ -->\n<title>5. An\u00e1lisis organizativo de los sistemas funcionales de la empresa - Blog de ADE<\/title>\n<meta name=\"robots\" content=\"index, follow, max-snippet:-1, max-image-preview:large, max-video-preview:-1\" \/>\n<link rel=\"canonical\" href=\"https:\/\/blogs.udima.es\/administracion-y-direccion-de-empresas\/libros\/introduccion-a-la-organizacion-de-empresas-2\/unidad-didactica-1-la-empresa-como-organizacion-los-sistemas-funcionales\/5-analisis-organizativo-de-los-sistemas-funcionales-de-la-empresa\/\" \/>\n<meta property=\"og:locale\" content=\"es_ES\" \/>\n<meta property=\"og:type\" content=\"article\" \/>\n<meta property=\"og:title\" content=\"5. An\u00e1lisis organizativo de los sistemas funcionales de la empresa - Blog de ADE\" \/>\n<meta property=\"og:description\" content=\"Una vez analizada la realidad econ\u00f3mica-social de la empresa como organizaci\u00f3n, a la vez que introducida su justificaci\u00f3n como sistema socio-t\u00e9cnico abierto y presentada sus aspectos, subsistemas y sus dimensiones conceptuales b\u00e1sicas, es el momento de enunciar los sistemas funcionales de la empresa a manera de introducci\u00f3n y cu\u00e1les son los enfoques te\u00f3ricos principales que [&hellip;]\" \/>\n<meta property=\"og:url\" content=\"https:\/\/blogs.udima.es\/administracion-y-direccion-de-empresas\/libros\/introduccion-a-la-organizacion-de-empresas-2\/unidad-didactica-1-la-empresa-como-organizacion-los-sistemas-funcionales\/5-analisis-organizativo-de-los-sistemas-funcionales-de-la-empresa\/\" \/>\n<meta property=\"og:site_name\" content=\"Blog de ADE - Universidad a Distancia de Madrid | UDIMA\" \/>\n<meta property=\"og:image\" content=\"https:\/\/blogs.udima.es\/administracion-y-direccion-de-empresas\/wp-content\/uploads\/01_05_01.jpg\" \/>\n<meta name=\"twitter:card\" content=\"summary_large_image\" \/>\n<meta name=\"twitter:label1\" content=\"Tiempo de lectura\" \/>\n\t<meta name=\"twitter:data1\" content=\"2 minutos\" \/>\n<script type=\"application\/ld+json\" class=\"yoast-schema-graph\">{\"@context\":\"https:\/\/schema.org\",\"@graph\":[{\"@type\":\"WebPage\",\"@id\":\"https:\/\/blogs.udima.es\/administracion-y-direccion-de-empresas\/libros\/introduccion-a-la-organizacion-de-empresas-2\/unidad-didactica-1-la-empresa-como-organizacion-los-sistemas-funcionales\/5-analisis-organizativo-de-los-sistemas-funcionales-de-la-empresa\/\",\"url\":\"https:\/\/blogs.udima.es\/administracion-y-direccion-de-empresas\/libros\/introduccion-a-la-organizacion-de-empresas-2\/unidad-didactica-1-la-empresa-como-organizacion-los-sistemas-funcionales\/5-analisis-organizativo-de-los-sistemas-funcionales-de-la-empresa\/\",\"name\":\"5. An\u00e1lisis organizativo de los sistemas funcionales de la empresa - Blog de ADE\",\"isPartOf\":{\"@id\":\"https:\/\/blogs.udima.es\/administracion-y-direccion-de-empresas\/#website\"},\"primaryImageOfPage\":{\"@id\":\"https:\/\/blogs.udima.es\/administracion-y-direccion-de-empresas\/libros\/introduccion-a-la-organizacion-de-empresas-2\/unidad-didactica-1-la-empresa-como-organizacion-los-sistemas-funcionales\/5-analisis-organizativo-de-los-sistemas-funcionales-de-la-empresa\/#primaryimage\"},\"image\":{\"@id\":\"https:\/\/blogs.udima.es\/administracion-y-direccion-de-empresas\/libros\/introduccion-a-la-organizacion-de-empresas-2\/unidad-didactica-1-la-empresa-como-organizacion-los-sistemas-funcionales\/5-analisis-organizativo-de-los-sistemas-funcionales-de-la-empresa\/#primaryimage\"},\"thumbnailUrl\":\"https:\/\/blogs.udima.es\/administracion-y-direccion-de-empresas\/wp-content\/uploads\/01_05_01.jpg\",\"datePublished\":\"2010-12-28T16:49:02+00:00\",\"dateModified\":\"2010-12-28T16:49:02+00:00\",\"breadcrumb\":{\"@id\":\"https:\/\/blogs.udima.es\/administracion-y-direccion-de-empresas\/libros\/introduccion-a-la-organizacion-de-empresas-2\/unidad-didactica-1-la-empresa-como-organizacion-los-sistemas-funcionales\/5-analisis-organizativo-de-los-sistemas-funcionales-de-la-empresa\/#breadcrumb\"},\"inLanguage\":\"es\",\"potentialAction\":[{\"@type\":\"ReadAction\",\"target\":[\"https:\/\/blogs.udima.es\/administracion-y-direccion-de-empresas\/libros\/introduccion-a-la-organizacion-de-empresas-2\/unidad-didactica-1-la-empresa-como-organizacion-los-sistemas-funcionales\/5-analisis-organizativo-de-los-sistemas-funcionales-de-la-empresa\/\"]}]},{\"@type\":\"ImageObject\",\"inLanguage\":\"es\",\"@id\":\"https:\/\/blogs.udima.es\/administracion-y-direccion-de-empresas\/libros\/introduccion-a-la-organizacion-de-empresas-2\/unidad-didactica-1-la-empresa-como-organizacion-los-sistemas-funcionales\/5-analisis-organizativo-de-los-sistemas-funcionales-de-la-empresa\/#primaryimage\",\"url\":\"https:\/\/blogs.udima.es\/administracion-y-direccion-de-empresas\/wp-content\/uploads\/01_05_01.jpg\",\"contentUrl\":\"https:\/\/blogs.udima.es\/administracion-y-direccion-de-empresas\/wp-content\/uploads\/01_05_01.jpg\",\"width\":537,\"height\":364},{\"@type\":\"BreadcrumbList\",\"@id\":\"https:\/\/blogs.udima.es\/administracion-y-direccion-de-empresas\/libros\/introduccion-a-la-organizacion-de-empresas-2\/unidad-didactica-1-la-empresa-como-organizacion-los-sistemas-funcionales\/5-analisis-organizativo-de-los-sistemas-funcionales-de-la-empresa\/#breadcrumb\",\"itemListElement\":[{\"@type\":\"ListItem\",\"position\":1,\"name\":\"Portada\",\"item\":\"https:\/\/blogs.udima.es\/administracion-y-direccion-de-empresas\/\"},{\"@type\":\"ListItem\",\"position\":2,\"name\":\"Libros\",\"item\":\"https:\/\/blogs.udima.es\/administracion-y-direccion-de-empresas\/libros\/\"},{\"@type\":\"ListItem\",\"position\":3,\"name\":\"Introducci\u00f3n a la Organizaci\u00f3n de Empresas\",\"item\":\"https:\/\/blogs.udima.es\/administracion-y-direccion-de-empresas\/libros\/introduccion-a-la-organizacion-de-empresas-2\/\"},{\"@type\":\"ListItem\",\"position\":4,\"name\":\"Unidad did\u00e1ctica 1. La empresa como organizaci\u00f3n: los sistemas funcionales\",\"item\":\"https:\/\/blogs.udima.es\/administracion-y-direccion-de-empresas\/libros\/introduccion-a-la-organizacion-de-empresas-2\/unidad-didactica-1-la-empresa-como-organizacion-los-sistemas-funcionales\/\"},{\"@type\":\"ListItem\",\"position\":5,\"name\":\"5. An\u00e1lisis organizativo de los sistemas funcionales de la empresa\"}]},{\"@type\":\"WebSite\",\"@id\":\"https:\/\/blogs.udima.es\/administracion-y-direccion-de-empresas\/#website\",\"url\":\"https:\/\/blogs.udima.es\/administracion-y-direccion-de-empresas\/\",\"name\":\"Blog de ADE - Universidad a Distancia de Madrid | UDIMA\",\"description\":\"\",\"potentialAction\":[{\"@type\":\"SearchAction\",\"target\":{\"@type\":\"EntryPoint\",\"urlTemplate\":\"https:\/\/blogs.udima.es\/administracion-y-direccion-de-empresas\/?s={search_term_string}\"},\"query-input\":\"required name=search_term_string\"}],\"inLanguage\":\"es\"}]}<\/script>\n<!-- \/ Yoast SEO plugin. -->","yoast_head_json":{"title":"5. An\u00e1lisis organizativo de los sistemas funcionales de la empresa - Blog de ADE","robots":{"index":"index","follow":"follow","max-snippet":"max-snippet:-1","max-image-preview":"max-image-preview:large","max-video-preview":"max-video-preview:-1"},"canonical":"https:\/\/blogs.udima.es\/administracion-y-direccion-de-empresas\/libros\/introduccion-a-la-organizacion-de-empresas-2\/unidad-didactica-1-la-empresa-como-organizacion-los-sistemas-funcionales\/5-analisis-organizativo-de-los-sistemas-funcionales-de-la-empresa\/","og_locale":"es_ES","og_type":"article","og_title":"5. An\u00e1lisis organizativo de los sistemas funcionales de la empresa - Blog de ADE","og_description":"Una vez analizada la realidad econ\u00f3mica-social de la empresa como organizaci\u00f3n, a la vez que introducida su justificaci\u00f3n como sistema socio-t\u00e9cnico abierto y presentada sus aspectos, subsistemas y sus dimensiones conceptuales b\u00e1sicas, es el momento de enunciar los sistemas funcionales de la empresa a manera de introducci\u00f3n y cu\u00e1les son los enfoques te\u00f3ricos principales que [&hellip;]","og_url":"https:\/\/blogs.udima.es\/administracion-y-direccion-de-empresas\/libros\/introduccion-a-la-organizacion-de-empresas-2\/unidad-didactica-1-la-empresa-como-organizacion-los-sistemas-funcionales\/5-analisis-organizativo-de-los-sistemas-funcionales-de-la-empresa\/","og_site_name":"Blog de ADE - Universidad a Distancia de Madrid | UDIMA","og_image":[{"url":"https:\/\/blogs.udima.es\/administracion-y-direccion-de-empresas\/wp-content\/uploads\/01_05_01.jpg"}],"twitter_card":"summary_large_image","twitter_misc":{"Tiempo de lectura":"2 minutos"},"schema":{"@context":"https:\/\/schema.org","@graph":[{"@type":"WebPage","@id":"https:\/\/blogs.udima.es\/administracion-y-direccion-de-empresas\/libros\/introduccion-a-la-organizacion-de-empresas-2\/unidad-didactica-1-la-empresa-como-organizacion-los-sistemas-funcionales\/5-analisis-organizativo-de-los-sistemas-funcionales-de-la-empresa\/","url":"https:\/\/blogs.udima.es\/administracion-y-direccion-de-empresas\/libros\/introduccion-a-la-organizacion-de-empresas-2\/unidad-didactica-1-la-empresa-como-organizacion-los-sistemas-funcionales\/5-analisis-organizativo-de-los-sistemas-funcionales-de-la-empresa\/","name":"5. An\u00e1lisis organizativo de los sistemas funcionales de la empresa - Blog de ADE","isPartOf":{"@id":"https:\/\/blogs.udima.es\/administracion-y-direccion-de-empresas\/#website"},"primaryImageOfPage":{"@id":"https:\/\/blogs.udima.es\/administracion-y-direccion-de-empresas\/libros\/introduccion-a-la-organizacion-de-empresas-2\/unidad-didactica-1-la-empresa-como-organizacion-los-sistemas-funcionales\/5-analisis-organizativo-de-los-sistemas-funcionales-de-la-empresa\/#primaryimage"},"image":{"@id":"https:\/\/blogs.udima.es\/administracion-y-direccion-de-empresas\/libros\/introduccion-a-la-organizacion-de-empresas-2\/unidad-didactica-1-la-empresa-como-organizacion-los-sistemas-funcionales\/5-analisis-organizativo-de-los-sistemas-funcionales-de-la-empresa\/#primaryimage"},"thumbnailUrl":"https:\/\/blogs.udima.es\/administracion-y-direccion-de-empresas\/wp-content\/uploads\/01_05_01.jpg","datePublished":"2010-12-28T16:49:02+00:00","dateModified":"2010-12-28T16:49:02+00:00","breadcrumb":{"@id":"https:\/\/blogs.udima.es\/administracion-y-direccion-de-empresas\/libros\/introduccion-a-la-organizacion-de-empresas-2\/unidad-didactica-1-la-empresa-como-organizacion-los-sistemas-funcionales\/5-analisis-organizativo-de-los-sistemas-funcionales-de-la-empresa\/#breadcrumb"},"inLanguage":"es","potentialAction":[{"@type":"ReadAction","target":["https:\/\/blogs.udima.es\/administracion-y-direccion-de-empresas\/libros\/introduccion-a-la-organizacion-de-empresas-2\/unidad-didactica-1-la-empresa-como-organizacion-los-sistemas-funcionales\/5-analisis-organizativo-de-los-sistemas-funcionales-de-la-empresa\/"]}]},{"@type":"ImageObject","inLanguage":"es","@id":"https:\/\/blogs.udima.es\/administracion-y-direccion-de-empresas\/libros\/introduccion-a-la-organizacion-de-empresas-2\/unidad-didactica-1-la-empresa-como-organizacion-los-sistemas-funcionales\/5-analisis-organizativo-de-los-sistemas-funcionales-de-la-empresa\/#primaryimage","url":"https:\/\/blogs.udima.es\/administracion-y-direccion-de-empresas\/wp-content\/uploads\/01_05_01.jpg","contentUrl":"https:\/\/blogs.udima.es\/administracion-y-direccion-de-empresas\/wp-content\/uploads\/01_05_01.jpg","width":537,"height":364},{"@type":"BreadcrumbList","@id":"https:\/\/blogs.udima.es\/administracion-y-direccion-de-empresas\/libros\/introduccion-a-la-organizacion-de-empresas-2\/unidad-didactica-1-la-empresa-como-organizacion-los-sistemas-funcionales\/5-analisis-organizativo-de-los-sistemas-funcionales-de-la-empresa\/#breadcrumb","itemListElement":[{"@type":"ListItem","position":1,"name":"Portada","item":"https:\/\/blogs.udima.es\/administracion-y-direccion-de-empresas\/"},{"@type":"ListItem","position":2,"name":"Libros","item":"https:\/\/blogs.udima.es\/administracion-y-direccion-de-empresas\/libros\/"},{"@type":"ListItem","position":3,"name":"Introducci\u00f3n a la Organizaci\u00f3n de Empresas","item":"https:\/\/blogs.udima.es\/administracion-y-direccion-de-empresas\/libros\/introduccion-a-la-organizacion-de-empresas-2\/"},{"@type":"ListItem","position":4,"name":"Unidad did\u00e1ctica 1. La empresa como organizaci\u00f3n: los sistemas funcionales","item":"https:\/\/blogs.udima.es\/administracion-y-direccion-de-empresas\/libros\/introduccion-a-la-organizacion-de-empresas-2\/unidad-didactica-1-la-empresa-como-organizacion-los-sistemas-funcionales\/"},{"@type":"ListItem","position":5,"name":"5. An\u00e1lisis organizativo de los sistemas funcionales de la empresa"}]},{"@type":"WebSite","@id":"https:\/\/blogs.udima.es\/administracion-y-direccion-de-empresas\/#website","url":"https:\/\/blogs.udima.es\/administracion-y-direccion-de-empresas\/","name":"Blog de ADE - Universidad a Distancia de Madrid | UDIMA","description":"","potentialAction":[{"@type":"SearchAction","target":{"@type":"EntryPoint","urlTemplate":"https:\/\/blogs.udima.es\/administracion-y-direccion-de-empresas\/?s={search_term_string}"},"query-input":"required name=search_term_string"}],"inLanguage":"es"}]}},"_links":{"self":[{"href":"https:\/\/blogs.udima.es\/administracion-y-direccion-de-empresas\/wp-json\/wp\/v2\/pages\/1047"}],"collection":[{"href":"https:\/\/blogs.udima.es\/administracion-y-direccion-de-empresas\/wp-json\/wp\/v2\/pages"}],"about":[{"href":"https:\/\/blogs.udima.es\/administracion-y-direccion-de-empresas\/wp-json\/wp\/v2\/types\/page"}],"author":[{"embeddable":true,"href":"https:\/\/blogs.udima.es\/administracion-y-direccion-de-empresas\/wp-json\/wp\/v2\/users\/2"}],"replies":[{"embeddable":true,"href":"https:\/\/blogs.udima.es\/administracion-y-direccion-de-empresas\/wp-json\/wp\/v2\/comments?post=1047"}],"version-history":[{"count":0,"href":"https:\/\/blogs.udima.es\/administracion-y-direccion-de-empresas\/wp-json\/wp\/v2\/pages\/1047\/revisions"}],"up":[{"embeddable":true,"href":"https:\/\/blogs.udima.es\/administracion-y-direccion-de-empresas\/wp-json\/wp\/v2\/pages\/1042"}],"wp:attachment":[{"href":"https:\/\/blogs.udima.es\/administracion-y-direccion-de-empresas\/wp-json\/wp\/v2\/media?parent=1047"}],"curies":[{"name":"wp","href":"https:\/\/api.w.org\/{rel}","templated":true}]}}